{"id":11511,"date":"2019-04-17T09:22:52","date_gmt":"2019-04-17T06:22:52","guid":{"rendered":"http:\/\/aluksne.lv\/?page_id=11511"},"modified":"2019-04-17T09:25:39","modified_gmt":"2019-04-17T06:25:39","slug":"lokalplanojums-kas-groza-aluksnes-novada-teritorijas-planojumu-2015-2027-gadam-poligona-lacusils-aluksnes-novada","status":"publish","type":"page","link":"https:\/\/aluksne.lv\/index.php\/sabiedriba\/sabiedribas-lidzdaliba\/aktualas-sabiedriskas-apspriesanas\/lokalplanojums-kas-groza-aluksnes-novada-teritorijas-planojumu-2015-2027-gadam-poligona-lacusils-aluksnes-novada\/","title":{"rendered":"Lok\u0101lpl\u0101nojums, kas groza Al\u016bksnes novada teritorijas pl\u0101nojumu 2015.-2027.gadam, poligon\u0101 \u201cL\u0101\u010dusils\u201d, Al\u016bksnes novad\u0101"},"content":{"rendered":"<h4>\u00a0<\/h4>\n<h4><a href=\"http:\/\/aluksne.lv\/index.php\/2019\/02\/06\/pazinojums-par-publisko-apspriesanu\/\" target=\"new\" rel=\"noopener noreferrer\">Pazi\u0146ojums par lok\u0101lpl\u0101nojuma, kas groza Al\u016bksnes novada teritorijas pl\u0101nojumu 2015.-2027.\u00a0gadam, poligon\u0101 \u201cL\u0101\u010dusils\u201d, Al\u016bksnes novad\u0101, pirm\u0101s redakcijas nodo\u0161anu publiskai apsprie\u0161anai un instit\u016bciju atzinumu sa\u0146em\u0161anai<\/a><\/h4>\n<hr \/>\n<h4><a href=\"http:\/\/aluksne.lv\/wp-content\/uploads\/2019\/02\/TIAN.pdf\">Lok\u0101lpl\u0101nojuma, kas groza Al\u016bksnes novada teritorijas pl\u0101nojumu 2015.-2027.gadam, poligon\u0101 &#8220;L\u0101\u010dusils&#8221;, Al\u016bksnes novad\u0101 Teritorijas izmanto\u0161anas un apb\u016bves noteikumi<\/a><\/h4>\n<hr \/>\n<h4><a href=\"http:\/\/aluksne.lv\/wp-content\/uploads\/2019\/02\/Paskaidrojuma_raksts.pdf\">Lok\u0101lpl\u0101nojuma, kas groza Al\u016bksnes novada teritorijas pl\u0101nojumu 2015.-2027.gadam, poligon\u0101 &#8220;L\u0101\u010dusils&#8221;, Al\u016bksnes novad\u0101 PASKAIDROJUMA RAKSTS<\/a><\/h4>\n<hr \/>\n<h4><a href=\"http:\/\/aluksne.lv\/wp-content\/uploads\/2019\/02\/Saistosaa_karte.pdf\">Funkcion\u0101lais zon\u0113jums un aizsargjoslas<\/a><\/h4>\n<hr \/>\n<h4><a href=\"http:\/\/aluksne.lv\/wp-content\/uploads\/2019\/02\/Zinojums_par_redakciju.pdf\">Zi\u0146ojums par lok\u0101lpl\u0101nojuma, kas groza Al\u016bksnes novada teritorijas pl\u0101nojumu 2015.-2027.gadam, poligon\u0101 &#8220;L\u0101\u010dusils&#8221;, Al\u016bksnes novad\u0101, izstr\u0101di<\/a><\/h4>\n<hr \/>\n","protected":false},"excerpt":{"rendered":"<p>\u00a0 Pazi\u0146ojums par lok\u0101lpl\u0101nojuma, kas groza Al\u016bksnes novada teritorijas pl\u0101nojumu 2015.-2027.\u00a0gadam, poligon\u0101 \u201cL\u0101\u010dusils\u201d, Al\u016bksnes novad\u0101, pirm\u0101s redakcijas nodo\u0161anu publiskai apsprie\u0161anai un instit\u016bciju atzinumu sa\u0146em\u0161anai Lok\u0101lpl\u0101nojuma, kas groza Al\u016bksnes novada teritorijas pl\u0101nojumu 2015.-2027.gadam, poligon\u0101 &#8220;L\u0101\u010dusils&#8221;, Al\u016bksnes novad\u0101 Teritorijas izmanto\u0161anas un apb\u016bves&#8230;<br \/><a class=\"read-more-button\" href=\"https:\/\/aluksne.lv\/index.php\/sabiedriba\/sabiedribas-lidzdaliba\/aktualas-sabiedriskas-apspriesanas\/lokalplanojums-kas-groza-aluksnes-novada-teritorijas-planojumu-2015-2027-gadam-poligona-lacusils-aluksnes-novada\/\">Las\u012bt visu<\/a><\/p>\n","protected":false},"author":1,"featured_media":0,"parent":10497,"menu_order":0,"comment_status":"closed","ping_status":"closed","template":"","meta":{"_crdt_document":"","_monsterinsights_skip_tracking":false,"_monsterinsights_sitenote_active":false,"_monsterinsights_sitenote_note":"","_monsterinsights_sitenote_category":0,"footnotes":"","_links_to":"","_links_to_target":""},"class_list":["post-11511","page","type-page","status-publish","hentry"],"_links":{"self":[{"href":"https:\/\/aluksne.lv\/index.php\/wp-json\/wp\/v2\/pages\/11511","targetHints":{"allow":["GET"]}}],"collection":[{"href":"https:\/\/aluksne.lv\/index.php\/wp-json\/wp\/v2\/pages"}],"about":[{"href":"https:\/\/aluksne.lv\/index.php\/wp-json\/wp\/v2\/types\/page"}],"author":[{"embeddable":true,"href":"https:\/\/aluksne.lv\/index.php\/wp-json\/wp\/v2\/users\/1"}],"replies":[{"embeddable":true,"href":"https:\/\/aluksne.lv\/index.php\/wp-json\/wp\/v2\/comments?post=11511"}],"version-history":[{"count":0,"href":"https:\/\/aluksne.lv\/index.php\/wp-json\/wp\/v2\/pages\/11511\/revisions"}],"up":[{"embeddable":true,"href":"https:\/\/aluksne.lv\/index.php\/wp-json\/wp\/v2\/pages\/10497"}],"wp:attachment":[{"href":"https:\/\/aluksne.lv\/index.php\/wp-json\/wp\/v2\/media?parent=11511"}],"curies":[{"name":"wp","href":"https:\/\/api.w.org\/{rel}","templated":true}]}}