{"id":14729,"date":"2019-09-27T11:06:54","date_gmt":"2019-09-27T08:06:54","guid":{"rendered":"http:\/\/aluksne.lv\/?page_id=14729"},"modified":"2024-02-05T08:21:13","modified_gmt":"2024-02-05T06:21:13","slug":"veidlapas","status":"publish","type":"page","link":"https:\/\/aluksne.lv\/index.php\/pasvaldiba\/pakalpojumi\/veidlapas\/","title":{"rendered":"VEIDLAPAS"},"content":{"rendered":"<div id=\"pl-14729\"  class=\"panel-layout\" ><div id=\"pg-14729-0\"  class=\"panel-grid panel-no-style\" ><div id=\"pgc-14729-0-0\"  class=\"panel-grid-cell\" ><div id=\"panel-14729-0-0-0\" class=\"so-panel widget widget_sow-editor panel-first-child panel-last-child\" data-index=\"0\" ><div\n\t\t\t\n\t\t\tclass=\"so-widget-sow-editor so-widget-sow-editor-base\"\n\t\t\t\n\t\t>\n<div class=\"siteorigin-widget-tinymce textwidget\">\n\t<table class=\"hoverTable\" width=\"100%\">\n<tbody>\n<tr>\n<td style=\"width: 33%;\" width=\"33%\"><a href=\"https:\/\/aluksne.lv\/index.php\/pasvaldiba\/pakalpojumi\/buvnieciba\/\" target=\"_blank\" rel=\"noopener\">B\u016aVNIEC\u012aBA<\/a><\/td>\n<td style=\"width: 33%;\" width=\"33%\"><a href=\"http:\/\/aluksne.lv\/index.php\/pasvaldiba\/pakalpojumi\/veidlapas\/dzivesvietas-deklaresana\/\" target=\"_blank\" rel=\"noopener\">DZ\u012aVESVIETAS DEKLAR\u0112\u0160ANA<\/a><\/td>\n<td style=\"width: 33%;\" width=\"33%\"><a href=\"http:\/\/aluksne.lv\/index.php\/pasvaldiba\/pakalpojumi\/dzivesvieta-2\/\" target=\"_blank\" rel=\"noopener\">DZ\u012aVESVIETA<\/a><\/td>\n<\/tr>\n<tr>\n<td style=\"width: 33%;\" width=\"33%\"><a href=\"http:\/\/aluksne.lv\/index.php\/pasvaldiba\/pakalpojumi\/veidlapas\/izglitiba\/\" target=\"_blank\" rel=\"noopener\">IZGL\u012aT\u012aBA<\/a><\/td>\n<td style=\"text-align: center; width: 33%;\" width=\"33%\"><a href=\"http:\/\/aluksne.lv\/index.php\/pasvaldiba\/pakalpojumi\/veidlapas\/nekustamais-ipasums\/\" target=\"_blank\" rel=\"noopener\">NEKUSTAMAIS \u012aPA\u0160UMS<\/a><\/td>\n<td style=\"width: 33%;\" width=\"33%\"><a href=\"http:\/\/aluksne.lv\/index.php\/pasvaldiba\/pakalpojumi\/veidlapas\/pasvaldibas-atlaujas\/\" target=\"_blank\" rel=\"noopener\">PA\u0160VALD\u012aBAS AT\u013bAUJAS<\/a><\/td>\n<\/tr>\n<tr>\n<td style=\"width: 33%;\" width=\"33%\"><a href=\"http:\/\/aluksne.lv\/index.php\/pasvaldiba\/pakalpojumi\/veidlapas\/citas-veidlapas\/\" target=\"_blank\" rel=\"noopener\">CITAS VEIDLAPAS<\/a><\/td>\n<\/tr>\n<\/tbody>\n<\/table>\n<p>&nbsp;<\/p>\n<\/div>\n<\/div><\/div><\/div><\/div><\/div>","protected":false},"excerpt":{"rendered":"<p>B\u016aVNIEC\u012aBA DZ\u012aVESVIETAS DEKLAR\u0112\u0160ANA DZ\u012aVESVIETA IZGL\u012aT\u012aBA NEKUSTAMAIS \u012aPA\u0160UMS PA\u0160VALD\u012aBAS AT\u013bAUJAS CITAS VEIDLAPAS &nbsp;<\/p>\n","protected":false},"author":1,"featured_media":0,"parent":383,"menu_order":0,"comment_status":"closed","ping_status":"closed","template":"","meta":{"_crdt_document":"","_monsterinsights_skip_tracking":false,"_monsterinsights_sitenote_active":false,"_monsterinsights_sitenote_note":"","_monsterinsights_sitenote_category":0,"footnotes":"","_links_to":"","_links_to_target":""},"class_list":["post-14729","page","type-page","status-publish","hentry"],"_links":{"self":[{"href":"https:\/\/aluksne.lv\/index.php\/wp-json\/wp\/v2\/pages\/14729","targetHints":{"allow":["GET"]}}],"collection":[{"href":"https:\/\/aluksne.lv\/index.php\/wp-json\/wp\/v2\/pages"}],"about":[{"href":"https:\/\/aluksne.lv\/index.php\/wp-json\/wp\/v2\/types\/page"}],"author":[{"embeddable":true,"href":"https:\/\/aluksne.lv\/index.php\/wp-json\/wp\/v2\/users\/1"}],"replies":[{"embeddable":true,"href":"https:\/\/aluksne.lv\/index.php\/wp-json\/wp\/v2\/comments?post=14729"}],"version-history":[{"count":0,"href":"https:\/\/aluksne.lv\/index.php\/wp-json\/wp\/v2\/pages\/14729\/revisions"}],"up":[{"embeddable":true,"href":"https:\/\/aluksne.lv\/index.php\/wp-json\/wp\/v2\/pages\/383"}],"wp:attachment":[{"href":"https:\/\/aluksne.lv\/index.php\/wp-json\/wp\/v2\/media?parent=14729"}],"curies":[{"name":"wp","href":"https:\/\/api.w.org\/{rel}","templated":true}]}}