{"id":14882,"date":"2019-10-02T10:01:18","date_gmt":"2019-10-02T07:01:18","guid":{"rendered":"http:\/\/aluksne.lv\/?page_id=14882"},"modified":"2019-10-10T16:14:27","modified_gmt":"2019-10-10T13:14:27","slug":"starpinstitucionala-sadarbibas-grupa","status":"publish","type":"page","link":"https:\/\/aluksne.lv\/index.php\/pasvaldiba\/starpinstitucionala-sadarbibas-grupa\/","title":{"rendered":"Starpinstitucion\u0101la sadarb\u012bbas grupa"},"content":{"rendered":"<p>&nbsp;<\/p>\n<p>Ludmila Logina \u2013 Al\u016bksnes novada Soci\u0101lo lietu p\u0101rvaldes Soci\u0101lo pakalpojumu noda\u013cas vad\u012bt\u0101ja<\/p>\n<p>Gunta Vanaga \u2013 Al\u016bksnes novada b\u0101ri\u0146tiesas priek\u0161s\u0113d\u0113t\u0101ja<\/p>\n<p>Gints Teterovskis \u2013 Al\u016bksnes novada pa\u0161vald\u012bbas policijas vec\u0101kais inspektors<\/p>\n<p>Silva Zari\u0146a \u2013 Al\u016bksnes novada Izgl\u012bt\u012bbas p\u0101rvaldes metodi\u0137e<\/p>\n<p><a href=\"https:\/\/aluksne.lv\/zpp_dlemumi\/2019\/02.10\/Nolikums_starpinstitucionala_darba_grupa.docx\">Al\u016bksnes novada pa\u0161vald\u012bbas starpinstitucion\u0101l\u0101s sadarb\u012bbas grupas b\u0113rnu ties\u012bbu aizsardz\u012bbas jom\u0101 nolikums uz 3 lap\u0101m<\/a><\/p>\n","protected":false},"excerpt":{"rendered":"<p>&nbsp; Ludmila Logina \u2013 Al\u016bksnes novada Soci\u0101lo lietu p\u0101rvaldes Soci\u0101lo pakalpojumu noda\u013cas vad\u012bt\u0101ja Gunta Vanaga \u2013 Al\u016bksnes novada b\u0101ri\u0146tiesas priek\u0161s\u0113d\u0113t\u0101ja Gints Teterovskis \u2013 Al\u016bksnes novada pa\u0161vald\u012bbas policijas vec\u0101kais inspektors Silva Zari\u0146a \u2013 Al\u016bksnes novada Izgl\u012bt\u012bbas p\u0101rvaldes metodi\u0137e Al\u016bksnes novada pa\u0161vald\u012bbas&#8230;<br \/><a class=\"read-more-button\" href=\"https:\/\/aluksne.lv\/index.php\/pasvaldiba\/starpinstitucionala-sadarbibas-grupa\/\">Las\u012bt visu<\/a><\/p>\n","protected":false},"author":1,"featured_media":0,"parent":6,"menu_order":0,"comment_status":"closed","ping_status":"closed","template":"","meta":{"_crdt_document":"","_monsterinsights_skip_tracking":false,"_monsterinsights_sitenote_active":false,"_monsterinsights_sitenote_note":"","_monsterinsights_sitenote_category":0,"footnotes":"","_links_to":"","_links_to_target":""},"class_list":["post-14882","page","type-page","status-publish","hentry"],"_links":{"self":[{"href":"https:\/\/aluksne.lv\/index.php\/wp-json\/wp\/v2\/pages\/14882","targetHints":{"allow":["GET"]}}],"collection":[{"href":"https:\/\/aluksne.lv\/index.php\/wp-json\/wp\/v2\/pages"}],"about":[{"href":"https:\/\/aluksne.lv\/index.php\/wp-json\/wp\/v2\/types\/page"}],"author":[{"embeddable":true,"href":"https:\/\/aluksne.lv\/index.php\/wp-json\/wp\/v2\/users\/1"}],"replies":[{"embeddable":true,"href":"https:\/\/aluksne.lv\/index.php\/wp-json\/wp\/v2\/comments?post=14882"}],"version-history":[{"count":0,"href":"https:\/\/aluksne.lv\/index.php\/wp-json\/wp\/v2\/pages\/14882\/revisions"}],"up":[{"embeddable":true,"href":"https:\/\/aluksne.lv\/index.php\/wp-json\/wp\/v2\/pages\/6"}],"wp:attachment":[{"href":"https:\/\/aluksne.lv\/index.php\/wp-json\/wp\/v2\/media?parent=14882"}],"curies":[{"name":"wp","href":"https:\/\/api.w.org\/{rel}","templated":true}]}}