{"id":15829,"date":"2019-10-31T16:31:58","date_gmt":"2019-10-31T14:31:58","guid":{"rendered":"http:\/\/aluksne.lv\/?page_id=15829"},"modified":"2023-05-16T09:08:20","modified_gmt":"2023-05-16T06:08:20","slug":"asenizatoru-registrs","status":"publish","type":"page","link":"https:\/\/aluksne.lv\/index.php\/pasvaldiba\/asenizatoru-registrs\/","title":{"rendered":"Asenizatoru re\u0123istrs"},"content":{"rendered":"<div id=\"pl-15829\"  class=\"panel-layout\" ><div id=\"pg-15829-0\"  class=\"panel-grid panel-no-style\" ><div id=\"pgc-15829-0-0\"  class=\"panel-grid-cell\" ><div id=\"panel-15829-0-0-0\" class=\"so-panel widget widget_sow-editor panel-first-child panel-last-child\" data-index=\"0\" ><div\n\t\t\t\n\t\t\tclass=\"so-widget-sow-editor so-widget-sow-editor-base\"\n\t\t\t\n\t\t>\n<div class=\"siteorigin-widget-tinymce textwidget\">\n\t<p>&nbsp;<\/p>\n<p><strong>Saska\u0146\u0101 ar Al\u016bksnes novada pa\u0161vald\u012bbas 2019. gada 28. marta saisto\u0161ajiem noteikumiem Nr. 5\/2019 \u201cPar decentraliz\u0113to kanaliz\u0101cijas pakalpojumu snieg\u0161anas un uzskaites k\u0101rt\u012bbu Al\u016bksnes novad\u0101\u201d, Al\u016bksnes novada pa\u0161vald\u012bba public\u0113 pa\u0161vald\u012bb\u0101 re\u0123istr\u0113tos asenizatorus, kas sniedz pakalpojumu Al\u016bksnes novada teritorij\u0101.<\/strong><\/p>\n<p>&nbsp;<\/p>\n<table style=\"width: 100%; height: 96px;\">\n<tbody>\n<tr style=\"height: 48px;\">\n<td style=\"width: 14.7541%; height: 48px;\" width=\"106\"><strong>Asenizatora nosaukums<\/strong><\/td>\n<td style=\"width: 15.0956%; height: 48px;\" width=\"110\"><strong>Re\u0123istr\u0101cijas numurs<\/strong><\/td>\n<td style=\"width: 17.7596%; height: 48px;\" width=\"108\"><strong>Juridisk\u0101 adrese<\/strong><\/td>\n<td style=\"width: 20.8333%; height: 48px;\" width=\"151\"><strong>Kontaktinform\u0101cija<\/strong><\/td>\n<td style=\"width: 15.7787%; height: 48px;\" width=\"117\"><strong>Sav\u0101kto notek\u016bde\u0146u un nos\u0113dumu pie\u0146em\u0161anas vieta<\/strong><\/td>\n<td style=\"width: 15.7787%; height: 48px;\" width=\"117\"><strong>Re\u0123istr\u0101cijas anul\u0113\u0161anas datums<\/strong><\/td>\n<\/tr>\n<tr>\n<td style=\"width: 14.7541%;\" width=\"136\">SIA \u201cR\u016aPE\u201d<\/td>\n<td style=\"width: 15.0956%;\" width=\"152\">53203000201<\/td>\n<td style=\"width: 17.7596%;\" width=\"216\">Br\u016b\u017ea iela 6-1, Al\u016bksne, Al\u016bksnes novads, LV-4301<\/td>\n<td style=\"width: 20.8333%;\" width=\"273\">64381089,\u00a0<strong>27844233,<\/strong><\/p>\n<p><a href=\"mailto:kanalizacija@rupe.lv\">kanalizacija@rupe.lv<\/a>,<\/p>\n<p><u><a href=\"mailto:info@rupe.lv\">info@rupe.lv<\/a><\/u>,<\/p>\n<p><a href=\"http:\/\/www.rupe.lv\" target=\"_blank\" rel=\"noopener\">www.rupe.lv<\/a><\/p>\n<\/td>\n<td style=\"width: 15.7787%;\" width=\"205\">SIA \u201cR\u016aPE\u201d<\/td>\n<td style=\"width: 15.7787%; height: 24px;\" width=\"117\"><\/td>\n<\/tr>\n<tr>\n<td style=\"width: 14.7541%;\" width=\"136\">SIA \u201cRankas Rori\u201d<\/td>\n<td style=\"width: 15.0956%;\" width=\"152\">44103105997<\/td>\n<td style=\"width: 17.7596%;\" width=\"216\">\u201cM\u012blma\u0146i\u201d, Gaujasr\u0113ve\u013ci, Rankas pagasts, Gulbenes novads, LV-4416<\/td>\n<td style=\"width: 20.8333%;\" width=\"273\">20017001, 29335921,<\/p>\n<p><u><a href=\"mailto:info@rankasrori.lv\">info@rankasrori.lv<\/a><\/u>,<\/p>\n<p><u><a href=\"http:\/\/www.rankasrori.lv\/\" target=\"_blank\" rel=\"noopener\">www.rankasrori.lv<\/a><\/u><\/p>\n<p>&nbsp;<\/p>\n<\/td>\n<td style=\"width: 15.7787%;\" width=\"205\">SIA \u201cR\u016aPE\u201d<\/td>\n<td style=\"width: 15.7787%; height: 24px;\" width=\"99\"><\/td>\n<\/tr>\n<tr>\n<td style=\"width: 14.7541%;\" width=\"136\">SIA \u201cBioVide\u201d<\/td>\n<td style=\"width: 15.0956%;\" width=\"152\">54103126191<\/td>\n<td style=\"width: 17.7596%;\" width=\"216\">Ter\u0113zes iela 8-3, R\u012bga, LV-1012<\/td>\n<td style=\"width: 20.8333%;\" width=\"273\">24555511<\/p>\n<p><a href=\"mailto:info@bio-vide.lv\">info@bio-vide.lv<\/a>,<\/p>\n<p><a href=\"mailto:liga@bio-vide.lv\">liga@bio-vide.lv<\/a><\/p>\n<\/td>\n<td style=\"width: 15.7787%;\" width=\"205\">SIA \u201cR\u016aPE\u201d<\/td>\n<td style=\"width: 15.7787%;\"><\/td>\n<\/tr>\n<\/tbody>\n<\/table>\n<\/div>\n<\/div><\/div><\/div><div id=\"pgc-15829-0-1\"  class=\"panel-grid-cell\" >\t\t<style type=\"text\/css\">\n\t\t\t#accordeconck1 { margin:0;padding:0; }\n#accordeconck1 .accordeonck_desc { display:block; }\n#accordeconck1 li.accordeonck { list-style: none;overflow: hidden; margin: 0;}\n#accordeconck1 ul[class^=\"content\"] { margin:0;padding:0;width:auto; }\n#accordeconck1 li.accordeonck > span { position: relative; display: block; }\n#accordeconck1 li.accordeonck.parent > span { padding-right: 20px;}\n#accordeconck1 li.parent > span span.toggler_icon { position: absolute; cursor: pointer; display: block; height: 100%; z-index: 10;right:0; background: url(https:\/\/aluksne.lv\/wp-content\/plugins\/accordeon-menu-ck\/images\/plus.png) center center no-repeat !important;width: 20px;}\n#accordeconck1 li.parent.open > span span.toggler_icon { right:0; background: url(https:\/\/aluksne.lv\/wp-content\/plugins\/accordeon-menu-ck\/images\/minus.png) center center no-repeat !important;}\n#accordeconck1 li.accordeonck.level2 > span { }\n#accordeconck1 li.level3 li.accordeonck > span { }\n#accordeconck1 a.accordeonck { display: block;text-decoration: none; }\n#accordeconck1 a.accordeonck:hover { text-decoration: none; }\n#accordeconck1 li.parent > span a { display: block;outline: none; }\n#accordeconck1 li.parent.open > span a {  }\n#accordeconck1 li.level2.parent > span span.toggler_icon { right:0;display: block;outline: none;background: url(https:\/\/aluksne.lv\/wp-content\/plugins\/accordeon-menu-ck\/images\/plus.png) center center no-repeat !important; }\n#accordeconck1 li.level2.parent.open > span span.toggler_icon { background: url(https:\/\/aluksne.lv\/wp-content\/plugins\/accordeon-menu-ck\/images\/minus.png) center center no-repeat !important; }\n#accordeconck1 li.level2 li.accordeonck.parent > span span.toggler_icon { right:0;display: block;outline: none;background: url(https:\/\/aluksne.lv\/wp-content\/plugins\/accordeon-menu-ck\/images\/plus.png) center center no-repeat !important; }\n#accordeconck1 li.level2 li.accordeonck.open.parent > span span.toggler_icon { background: url(https:\/\/aluksne.lv\/wp-content\/plugins\/accordeon-menu-ck\/images\/minus.png) center center no-repeat !important; }\n#accordeconck1  {\n\tbackground: #86C2DB;\n\tbackground-size: auto;\tbackground-image: -o-linear-gradient(center top,#86C2DB, #86C2DB 100%);\n\tbackground-image: -webkit-gradient(linear, left top, left bottom,from(#86C2DB), color-stop(100%, #86C2DB));\n\tbackground-image: -moz-linear-gradient(center top,#86C2DB, #86C2DB 100%);\n\tbackground-image: linear-gradient(to bottom,#86C2DB, #86C2DB 100%);\n\tborder-top: none;\n\tborder-bottom: none;\n\tborder-left: none;\n\tborder-right: none;\n\tpadding-top: 5px;\n\tpadding-right: 5px;\n\tpadding-bottom: 5px;\n\tpadding-left: 5px;\n\tfont-family: ;\n}\n\n#accordeconck1  a {\n\tfont-family: ;\n}\n\n#accordeconck1 li.level1 > span a {\n\tcolor: #FFFFFF;\n\tpadding-top: 5px;\n\tpadding-right: 5px;\n\tpadding-bottom: 5px;\n\tpadding-left: 5px;\n\tfont-size: 15px;\n}\n\n#accordeconck1 li.level1 > span a a {\n\tcolor: #FFFFFF;\n\tfont-size: 15px;\n}\n\n#accordeconck1 li.level1 > span .accordeonck_desc {\n\tfont-size: 10px;\n}\n\n#accordeconck1 li.level1 > span .accordeonck_desc a {\n\tfont-size: 10px;\n}\n\n#accordeconck1 li.level1:hover > span a {\n\tcolor: #000000;\n}\n\n#accordeconck1 li.level1:hover > span a a {\n\tcolor: #000000;\n}\n\n#accordeconck1 li.level1 > ul {\n\tbackground-size: auto;\tfont-family: ;\n}\n\n#accordeconck1 li.level1 > ul a {\n\tfont-family: ;\n}\n\n#accordeconck1 li.level2 > span a {\n\tcolor: #636363;\n\tpadding-top: 5px;\n\tpadding-bottom: 5px;\n\tpadding-left: 15px;\n}\n\n#accordeconck1 li.level2 > span a a {\n\tcolor: #636363;\n}\n\n#accordeconck1 li.level2:hover > span a {\n\tcolor: #000000;\n}\n\n#accordeconck1 li.level2:hover > span a a {\n\tcolor: #000000;\n}\n\n#accordeconck1 li.level2 ul[class^=\"content\"] {\n\tbackground-size: auto;\tfont-family: ;\n}\n\n#accordeconck1 li.level2 ul[class^=\"content\"] a {\n\tfont-family: ;\n}\n\n#accordeconck1 li.level2 li.accordeonck > span a {\n\tcolor: #636363;\n\tpadding-top: 2px;\n\tpadding-bottom: 2px;\n\tpadding-left: 20px;\n}\n\n#accordeconck1 li.level2 li.accordeonck > span a a {\n\tcolor: #636363;\n}\n\n#accordeconck1 li.level2 li.accordeonck:hover > span a {\n\tcolor: #000000;\n}\n\n#accordeconck1 li.level2 li.accordeonck:hover > span a a {\n\tcolor: #000000;\n}\t\t<\/style>\n\t\t<div id=\"panel-15829-0-1-0\" class=\"so-panel widget widget_accordeon-menu-ck panel-first-child panel-last-child\" data-index=\"1\" ><ul id=\"accordeconck1\" class=\"menu\"><li id=\"menu-item-2360\" class=\"menu-item menu-item-type-post_type menu-item-object-page accordeonck menu-item-2360 level1\"><span class=\"accordeonck_outer \"><a href=\"https:\/\/aluksne.lv\/index.php\/pasvaldiba\/par-aluksnes-novada-domes-darbu\/\" class=\"accordeonck\">Par Al\u016bksnes novada domes darbu<\/a><\/span><\/li>\n<li id=\"menu-item-2361\" class=\"menu-item menu-item-type-post_type menu-item-object-page accordeonck menu-item-2361 level1\"><span class=\"accordeonck_outer \"><a href=\"https:\/\/aluksne.lv\/index.php\/pasvaldiba\/dokumenti\/\" class=\"accordeonck\">Dokumenti<\/a><\/span><\/li>\n<li id=\"menu-item-2362\" class=\"menu-item menu-item-type-post_type menu-item-object-page accordeonck menu-item-2362 level1\"><span class=\"accordeonck_outer \"><a href=\"https:\/\/aluksne.lv\/index.php\/pasvaldiba\/ipasumi\/\" class=\"accordeonck\">\u012apa\u0161umi<\/a><\/span><\/li>\n<li id=\"menu-item-2363\" class=\"menu-item menu-item-type-post_type menu-item-object-page accordeonck menu-item-2363 level1\"><span class=\"accordeonck_outer \"><a href=\"https:\/\/aluksne.lv\/index.php\/pasvaldiba\/iepirkumi\/\" class=\"accordeonck\">Iepirkumi<\/a><\/span><\/li>\n<li id=\"menu-item-2364\" class=\"menu-item menu-item-type-post_type menu-item-object-page accordeonck menu-item-2364 level1\"><span class=\"accordeonck_outer \"><a href=\"https:\/\/aluksne.lv\/index.php\/pasvaldiba\/kontakti\/\" class=\"accordeonck\">Kontakti<\/a><\/span><\/li>\n<li id=\"menu-item-2365\" class=\"menu-item menu-item-type-post_type menu-item-object-page accordeonck menu-item-2365 level1\"><span class=\"accordeonck_outer \"><a href=\"https:\/\/aluksne.lv\/index.php\/pasvaldiba\/budzets\/\" class=\"accordeonck\">Bud\u017eets<\/a><\/span><\/li>\n<li id=\"menu-item-2367\" class=\"menu-item menu-item-type-post_type menu-item-object-page accordeonck menu-item-2367 level1\"><span class=\"accordeonck_outer \"><a href=\"https:\/\/aluksne.lv\/index.php\/pasvaldiba\/pakalpojumi\/\" class=\"accordeonck\">Pakalpojumi<\/a><\/span><\/li>\n<li id=\"menu-item-2368\" class=\"menu-item menu-item-type-post_type menu-item-object-page accordeonck menu-item-2368 level1\"><span class=\"accordeonck_outer \"><a href=\"https:\/\/aluksne.lv\/index.php\/pasvaldiba\/izsoles\/\" class=\"accordeonck\">Izsoles<\/a><\/span><\/li>\n<li id=\"menu-item-2369\" class=\"menu-item menu-item-type-post_type menu-item-object-page accordeonck menu-item-2369 level1\"><span class=\"accordeonck_outer \"><a href=\"https:\/\/aluksne.lv\/index.php\/pasvaldiba\/kapitalsabiedribas\/\" class=\"accordeonck\">Kapit\u0101l sabiedr\u012bbas<\/a><\/span><\/li>\n<li id=\"menu-item-2370\" class=\"menu-item menu-item-type-post_type menu-item-object-page accordeonck menu-item-2370 level1\"><span class=\"accordeonck_outer \"><a href=\"https:\/\/aluksne.lv\/index.php\/pasvaldiba\/komisijas\/\" class=\"accordeonck\">Komisijas<\/a><\/span><\/li>\n<li id=\"menu-item-2372\" class=\"menu-item menu-item-type-post_type menu-item-object-page accordeonck menu-item-2372 level1\"><span class=\"accordeonck_outer \"><a href=\"https:\/\/aluksne.lv\/index.php\/pasvaldiba\/socialas-un-citas-iestades\/\" class=\"accordeonck\">Soci\u0101l\u0101s un citas iest\u0101des<\/a><\/span><\/li>\n<li id=\"menu-item-2373\" class=\"menu-item menu-item-type-post_type menu-item-object-page accordeonck menu-item-2373 level1\"><span class=\"accordeonck_outer \"><a href=\"https:\/\/aluksne.lv\/index.php\/pasvaldiba\/buvvalde\/\" class=\"accordeonck\">B\u016bvvalde<\/a><\/span><\/li>\n<li id=\"menu-item-2374\" class=\"menu-item menu-item-type-post_type menu-item-object-page accordeonck menu-item-2374 level1\"><span class=\"accordeonck_outer \"><a href=\"https:\/\/aluksne.lv\/index.php\/pasvaldiba\/kontakti\/pagastu-parvaldes\/\" class=\"accordeonck\">Al\u016bksnes novada pagastu apvien\u012bbas p\u0101rvalde<\/a><\/span><\/li>\n<li id=\"menu-item-2375\" class=\"menu-item menu-item-type-post_type menu-item-object-page accordeonck menu-item-2375 level1\"><span class=\"accordeonck_outer \"><a href=\"https:\/\/aluksne.lv\/index.php\/pasvaldiba\/pasvaldibas-struktura\/\" class=\"accordeonck\">Pa\u0161vald\u012bbas strukt\u016bra<\/a><\/span><\/li>\n<li id=\"menu-item-2376\" class=\"menu-item menu-item-type-post_type menu-item-object-page accordeonck menu-item-2376 level1\"><span class=\"accordeonck_outer \"><a href=\"https:\/\/aluksne.lv\/index.php\/3461-2\/vakances-novada\/\" class=\"accordeonck\">Vakances pa\u0161vald\u012bb\u0101<\/a><\/span><\/li>\n<li id=\"menu-item-2377\" class=\"menu-item menu-item-type-post_type menu-item-object-page accordeonck menu-item-2377 level1\"><span class=\"accordeonck_outer \"><a href=\"https:\/\/aluksne.lv\/index.php\/pasvaldiba\/aluksnes-novada-vestis\/\" class=\"accordeonck\">Al\u016bksnes Novada V\u0113stis<\/a><\/span><\/li>\n<li id=\"menu-item-15833\" class=\"menu-item menu-item-type-post_type menu-item-object-page accordeonck menu-item-15833 level1\"><span class=\"accordeonck_outer \"><a href=\"https:\/\/aluksne.lv\/index.php\/pasvaldiba\/asenizatoru-registrs\/\" class=\"accordeonck\">Asenizatoru re\u0123istrs<\/a><\/span><\/li>\n<\/ul>\t\t<script type=\"text\/javascript\"> <!--\n\t\t\n\t\t\tjQuery(document).ready(function(){\n\t\t\t\tjQuery('#accordeconck1').accordeonmenuck({eventtype : 'click',transition : 'linear',showactive : '1',showactivesubmenu : '0',duree : 500});\n\t\t\t}); \t\t\/\/--> <\/script>\n\t\t<\/div><\/div><\/div><\/div>","protected":false},"excerpt":{"rendered":"<p>&nbsp; Saska\u0146\u0101 ar Al\u016bksnes novada pa\u0161vald\u012bbas 2019. gada 28. marta saisto\u0161ajiem noteikumiem Nr. 5\/2019 \u201cPar decentraliz\u0113to kanaliz\u0101cijas pakalpojumu snieg\u0161anas un uzskaites k\u0101rt\u012bbu Al\u016bksnes novad\u0101\u201d, Al\u016bksnes novada pa\u0161vald\u012bba public\u0113 pa\u0161vald\u012bb\u0101 re\u0123istr\u0113tos asenizatorus, kas sniedz pakalpojumu Al\u016bksnes novada teritorij\u0101. &nbsp; Asenizatora nosaukums&#8230;<br \/><a class=\"read-more-button\" href=\"https:\/\/aluksne.lv\/index.php\/pasvaldiba\/asenizatoru-registrs\/\">Las\u012bt visu<\/a><\/p>\n","protected":false},"author":1,"featured_media":0,"parent":6,"menu_order":0,"comment_status":"closed","ping_status":"closed","template":"","meta":{"_crdt_document":"","_monsterinsights_skip_tracking":false,"_monsterinsights_sitenote_active":false,"_monsterinsights_sitenote_note":"","_monsterinsights_sitenote_category":0,"footnotes":"","_links_to":"","_links_to_target":""},"class_list":["post-15829","page","type-page","status-publish","hentry"],"_links":{"self":[{"href":"https:\/\/aluksne.lv\/index.php\/wp-json\/wp\/v2\/pages\/15829","targetHints":{"allow":["GET"]}}],"collection":[{"href":"https:\/\/aluksne.lv\/index.php\/wp-json\/wp\/v2\/pages"}],"about":[{"href":"https:\/\/aluksne.lv\/index.php\/wp-json\/wp\/v2\/types\/page"}],"author":[{"embeddable":true,"href":"https:\/\/aluksne.lv\/index.php\/wp-json\/wp\/v2\/users\/1"}],"replies":[{"embeddable":true,"href":"https:\/\/aluksne.lv\/index.php\/wp-json\/wp\/v2\/comments?post=15829"}],"version-history":[{"count":0,"href":"https:\/\/aluksne.lv\/index.php\/wp-json\/wp\/v2\/pages\/15829\/revisions"}],"up":[{"embeddable":true,"href":"https:\/\/aluksne.lv\/index.php\/wp-json\/wp\/v2\/pages\/6"}],"wp:attachment":[{"href":"https:\/\/aluksne.lv\/index.php\/wp-json\/wp\/v2\/media?parent=15829"}],"curies":[{"name":"wp","href":"https:\/\/api.w.org\/{rel}","templated":true}]}}