{"id":17699,"date":"2020-02-12T16:22:46","date_gmt":"2020-02-12T14:22:46","guid":{"rendered":"http:\/\/aluksne.lv\/?page_id=17699"},"modified":"2026-01-30T21:07:05","modified_gmt":"2026-01-30T19:07:05","slug":"izglitiba","status":"publish","type":"page","link":"https:\/\/aluksne.lv\/index.php\/pasvaldiba\/pakalpojumi\/veidlapas\/izglitiba\/","title":{"rendered":"IZGL\u012aT\u012aBA"},"content":{"rendered":"<p>&nbsp;<\/p>\n<table class=\"pienem\" style=\"border-collapse: collapse; width: 100%; height: 48px;\">\n<tbody>\n<tr style=\"height: 24px;\">\n<td style=\"width: 50%; height: 24px;\"><strong>Iesniegums re\u0123istr\u0101cijai rind\u0101 pirmsskolas izgl\u012bt\u012bbas iest\u0101d\u0113<\/strong><\/td>\n<td style=\"width: 50%; height: 24px;\"><a href=\"https:\/\/aluksne.lv\/wp-content\/uploads\/2020\/06\/uznemsana_PII_rinda.docx\">Veidlapa<\/a><\/td>\n<\/tr>\n<tr style=\"height: 24px;\">\n<td style=\"width: 50%; height: 24px;\"><strong>Iesniegums uz\u0146em\u0161anai izgl\u012bt\u012bbas iest\u0101d\u0113\u00a0\u00a0<\/strong><\/td>\n<td style=\"width: 50%; height: 24px;\"><a href=\"https:\/\/aluksne.lv\/wp-content\/uploads\/2020\/06\/uznemsana_PII.docx\">Veidlapa<\/a><\/td>\n<\/tr>\n<tr>\n<td style=\"width: 50%;\"><strong>Iesniegums brauk\u0161anas izdevumu atl\u012bdzin\u0101\u0161anai, ja skol\u0113na p\u0101rvad\u0101\u0161anai tiek izmantots sabiedriskais transports, un nedarbojas elektronisk\u0101 bi\u013ce\u0161u sist\u0113ma<\/strong><\/td>\n<td style=\"width: 50%;\"><a href=\"https:\/\/aluksne.lv\/wp-content\/uploads\/2023\/01\/Iesniegums-brauksanas-izdevumu-atlidzinasanai_ja-nedarbojas-etalons.docx\">Veidlapa<\/a><\/td>\n<\/tr>\n<tr>\n<td style=\"width: 50%;\"><strong>Iesniegums brauk\u0161anas izdevumu atl\u012bdzin\u0101\u0161anai, ja skol\u0113na p\u0101rvad\u0101\u0161anai tiek izmantots person\u012bgais transports<\/strong><\/td>\n<td style=\"width: 50%;\"><a href=\"https:\/\/aluksne.lv\/wp-content\/uploads\/2023\/01\/Iesniegums-brauksanas-izdevumu-atlidzinasanai_ja-izmanto-personigo-transportu.docx\">Veidlapa<\/a><\/td>\n<\/tr>\n<\/tbody>\n<\/table>\n","protected":false},"excerpt":{"rendered":"<p>&nbsp; Iesniegums re\u0123istr\u0101cijai rind\u0101 pirmsskolas izgl\u012bt\u012bbas iest\u0101d\u0113 Veidlapa Iesniegums uz\u0146em\u0161anai izgl\u012bt\u012bbas iest\u0101d\u0113\u00a0\u00a0 Veidlapa Iesniegums brauk\u0161anas izdevumu atl\u012bdzin\u0101\u0161anai, ja skol\u0113na p\u0101rvad\u0101\u0161anai tiek izmantots sabiedriskais transports, un nedarbojas elektronisk\u0101 bi\u013ce\u0161u sist\u0113ma Veidlapa Iesniegums brauk\u0161anas izdevumu atl\u012bdzin\u0101\u0161anai, ja skol\u0113na p\u0101rvad\u0101\u0161anai tiek izmantots person\u012bgais&#8230;<br \/><a class=\"read-more-button\" href=\"https:\/\/aluksne.lv\/index.php\/pasvaldiba\/pakalpojumi\/veidlapas\/izglitiba\/\">Las\u012bt visu<\/a><\/p>\n","protected":false},"author":1,"featured_media":0,"parent":14729,"menu_order":0,"comment_status":"closed","ping_status":"closed","template":"","meta":{"_crdt_document":"","_monsterinsights_skip_tracking":false,"_monsterinsights_sitenote_active":false,"_monsterinsights_sitenote_note":"","_monsterinsights_sitenote_category":0,"footnotes":"","_links_to":"","_links_to_target":""},"class_list":["post-17699","page","type-page","status-publish","hentry"],"_links":{"self":[{"href":"https:\/\/aluksne.lv\/index.php\/wp-json\/wp\/v2\/pages\/17699","targetHints":{"allow":["GET"]}}],"collection":[{"href":"https:\/\/aluksne.lv\/index.php\/wp-json\/wp\/v2\/pages"}],"about":[{"href":"https:\/\/aluksne.lv\/index.php\/wp-json\/wp\/v2\/types\/page"}],"author":[{"embeddable":true,"href":"https:\/\/aluksne.lv\/index.php\/wp-json\/wp\/v2\/users\/1"}],"replies":[{"embeddable":true,"href":"https:\/\/aluksne.lv\/index.php\/wp-json\/wp\/v2\/comments?post=17699"}],"version-history":[{"count":1,"href":"https:\/\/aluksne.lv\/index.php\/wp-json\/wp\/v2\/pages\/17699\/revisions"}],"predecessor-version":[{"id":60329,"href":"https:\/\/aluksne.lv\/index.php\/wp-json\/wp\/v2\/pages\/17699\/revisions\/60329"}],"up":[{"embeddable":true,"href":"https:\/\/aluksne.lv\/index.php\/wp-json\/wp\/v2\/pages\/14729"}],"wp:attachment":[{"href":"https:\/\/aluksne.lv\/index.php\/wp-json\/wp\/v2\/media?parent=17699"}],"curies":[{"name":"wp","href":"https:\/\/api.w.org\/{rel}","templated":true}]}}