{"id":17701,"date":"2020-02-12T16:23:24","date_gmt":"2020-02-12T14:23:24","guid":{"rendered":"http:\/\/aluksne.lv\/?page_id=17701"},"modified":"2026-02-18T16:28:38","modified_gmt":"2026-02-18T14:28:38","slug":"nekustamais-ipasums","status":"publish","type":"page","link":"https:\/\/aluksne.lv\/index.php\/pasvaldiba\/pakalpojumi\/veidlapas\/nekustamais-ipasums\/","title":{"rendered":"NEKUSTAMAIS \u012aPA\u0160UMS"},"content":{"rendered":"<p>&nbsp;<\/p>\n<table class=\"pienem\" style=\"border-collapse: collapse; width: 100%; height: 641px;\">\n<tbody>\n<tr style=\"height: 48px;\">\n<td style=\"width: 50%; height: 48px;\"><strong> Augstas detaliz\u0101cijas topogr\u0101fisk\u0101s inform\u0101cijas sagatavo\u0161ana un izsnieg\u0161ana no topogr\u0101fisk\u0101s inform\u0101cijas datub\u0101zes<br \/>\n<\/strong><\/td>\n<td style=\"width: 50%; height: 48px;\">\n<p><a href=\"https:\/\/aluksne.lv\/wp-content\/uploads\/2025\/11\/Iesniegums_ADTI.docx\">Veidlapa<\/a><\/p>\n<\/td>\n<\/tr>\n<tr style=\"height: 39px;\">\n<td style=\"width: 50%; height: 39px;\"><strong>Atvieglojumu sa\u0146em\u0161ana par nekustam\u0101 \u012bpa\u0161uma nodokli<\/strong><\/td>\n<td style=\"width: 50%; height: 39px;\">\n<p><a href=\"https:\/\/aluksne.lv\/wp-content\/uploads\/2021\/01\/pieteikums-atvieglojumiem.doc\">Veidlapa<\/a><\/p>\n<\/td>\n<\/tr>\n<tr style=\"height: 78px;\">\n<td style=\"width: 50%; height: 78px;\"><strong>Dar\u012bjumi ar lauksaimniec\u012bbas zemi\u00a0<br \/>\n<\/strong><\/td>\n<td style=\"width: 50%; height: 78px;\">\n<p><a href=\"https:\/\/aluksne.lv\/wp-content\/uploads\/2019\/10\/N748_P1_27.10.2017_FIZISKAS_PERSONAS.docx\">Veidlapa fizisk\u0101m person\u0101m<\/a><\/p>\n<p><a href=\"https:\/\/aluksne.lv\/wp-content\/uploads\/2019\/10\/N748_P2_27.10.2017_JURIDISKAS_PERSONAS.docx\">Veidlapa juridisk\u0101m person\u0101m<\/a><\/p>\n<\/td>\n<\/tr>\n<tr style=\"height: 48px;\">\n<td style=\"width: 50%; height: 48px;\"><strong>Izzi\u0146as sa\u0146em\u0161ana par zemes vien\u012bbas at\u013cauto izmanto\u0161anu atbilsto\u0161i Al\u016bksnes novada teritorijas pl\u0101nojumam<br \/>\n<\/strong><\/td>\n<td style=\"width: 50%; height: 48px;\"><a href=\"https:\/\/aluksne.lv\/wp-content\/uploads\/2026\/01\/iesniegums_izzina_par_atlauto_izmantosanu_atbilstosi_teritorijas_planojumam-1.doc\">Veidlapa<\/a><\/td>\n<\/tr>\n<tr style=\"height: 24px;\">\n<td style=\"width: 50%; height: 24px;\"><strong>Izzi\u0146a par zemes vien\u012bb\u0101 <u>pl\u0101not\u0101s darb\u012bbas<\/u> atbilst\u012bbu Al\u016bksnes novada teritorijas pl\u0101nojumam<br \/>\n<\/strong><\/td>\n<td style=\"width: 50%; height: 24px;\"><a href=\"https:\/\/aluksne.lv\/wp-content\/uploads\/2026\/01\/PLANOTA_DARBIBA_iesnieguma_veidlapa.doc\">Veidlapa<\/a><\/td>\n<\/tr>\n<tr style=\"height: 24px;\">\n<td style=\"width: 50%; height: 24px;\"><strong>Izzi\u0146a par <span style=\"text-decoration: underline;\">apme\u017eo\u0161anas atbilst\u012bbu<\/span> Al\u016bksnes novada teritorijas pl\u0101nojumam<\/strong><\/td>\n<td style=\"width: 50%; height: 24px;\"><a href=\"https:\/\/aluksne.lv\/wp-content\/uploads\/2026\/01\/APMEZOSANAI_iesnieguma_veidlapa.doc\">Veidlapa<\/a><\/td>\n<\/tr>\n<tr style=\"height: 22px;\">\n<td style=\"width: 50%; height: 22px;\"><strong>Nekustam\u0101 \u012bpa\u0161uma nosaukuma mai\u0146a<\/strong><\/td>\n<td style=\"width: 50%; height: 22px;\"><a href=\"https:\/\/aluksne.lv\/wp-content\/uploads\/2023\/07\/Iesniegums_nosaukuma_maina_2023.docx\">Veidlapa<\/a><\/td>\n<\/tr>\n<tr style=\"height: 22px;\">\n<td style=\"width: 50%; height: 22px;\"><strong>Nekustam\u0101 \u012bpa\u0161uma sadal\u012b\u0161ana<br \/>\n<\/strong><\/td>\n<td style=\"width: 50%; height: 22px;\"><a href=\"https:\/\/aluksne.lv\/wp-content\/uploads\/2025\/11\/Iesniegums_sadalisana.docx\">Veidlapa<\/a><\/td>\n<\/tr>\n<tr style=\"height: 24px;\">\n<td style=\"width: 50%; height: 24px;\"><strong>Nekustam\u0101 \u012bpa\u0161uma apvieno\u0161ana<\/strong><\/td>\n<td style=\"width: 50%; height: 24px;\"><a href=\"https:\/\/aluksne.lv\/wp-content\/uploads\/2025\/11\/Iesniegums-apvienosana.docx\">Veidlapa<\/a><\/td>\n<\/tr>\n<tr style=\"height: 78px;\">\n<td style=\"width: 50%; height: 78px;\"><strong>Pieteikums l\u012bdzfinans\u0113jumam nekustam\u0101 \u012bpa\u0161uma piesl\u0113gumam pie centraliz\u0113t\u0101s \u016bdensapg\u0101des un\/vai kanaliz\u0101cijas sist\u0113mas<\/strong><\/td>\n<td style=\"width: 50%; height: 78px;\">\n<p><a href=\"https:\/\/aluksne.lv\/wp-content\/uploads\/2024\/04\/lidzfinansejums_kanalizacija_Iesniegums-UK.docx\">Veidlapa<\/a><\/p>\n<p><a href=\"https:\/\/aluksne.lv\/wp-content\/uploads\/2024\/04\/lidzfinansejums_kanalizacija_Zinojums-UK.docx\">Zi\u0146ojuma veidlapa<\/a><\/p>\n<\/td>\n<\/tr>\n<tr style=\"height: 39px;\">\n<td style=\"width: 50%; height: 39px;\"><strong>Pieteikums l\u012bdzfinans\u0113juma sa\u0146em\u0161anai daudzdz\u012bvok\u013cu m\u0101jas piesaist\u012bt\u0101 zemesgabala labiek\u0101rto\u0161anai<\/strong><\/td>\n<td style=\"width: 50%; height: 39px;\">\n<p><a href=\"https:\/\/aluksne.lv\/wp-content\/uploads\/2024\/04\/lidzfinansejums_pagalmu_labiekartosana.docx\">Veidlapa<\/a><\/p>\n<\/td>\n<\/tr>\n<tr style=\"height: 39px;\">\n<td style=\"width: 50%; height: 39px;\"><strong>Iesniegums pa\u0161vald\u012bbas iz\u012br\u0113t\u0101s dz\u012bvojam\u0101s telpas atsavin\u0101\u0161anai<\/strong><\/td>\n<td style=\"width: 50%; height: 39px;\">\n<p><a href=\"https:\/\/aluksne.lv\/wp-content\/uploads\/2025\/12\/Veidlapa.docx\">Veidlapa<\/a><\/p>\n<\/td>\n<\/tr>\n<tr style=\"height: 156px;\">\n<td style=\"width: 50%; height: 156px;\"><strong>Zemes ier\u012bc\u012bbas projektu nosac\u012bjumu izsnieg\u0161ana<\/strong><\/td>\n<td style=\"width: 50%; height: 156px;\">\n<p><a href=\"https:\/\/aluksne.lv\/wp-content\/uploads\/2025\/11\/ZIP_-robezu_parkartosanai.docx\">Veidlapa robe\u017eu p\u0101rk\u0101rto\u0161anai<\/a><\/p>\n<p><a href=\"https:\/\/aluksne.lv\/wp-content\/uploads\/2025\/11\/ZIP_ar-_jauna_ipasuma_veidosanu_laukos.docx\">Veidlapa jauna \u012bpa\u0161uma veido\u0161anai laukos<\/a><\/p>\n<p><a href=\"https:\/\/aluksne.lv\/wp-content\/uploads\/2025\/11\/ZIP_ar_jauna_ip_veidosanu_pilnvarota_persona.docx\">Veidlapa jauna \u012bpa\u0161uma veido\u0161anai laukos (no pilnvarot\u0101s personas)<\/a><\/p>\n<p><a href=\"https:\/\/aluksne.lv\/wp-content\/uploads\/2025\/11\/ZIP_ar_jauna_ipasuma_veidosanu_PILSETA.docx\">Veidlapa jauna \u012bpa\u0161uma veido\u0161anai pils\u0113t\u0101<\/a><\/p>\n<\/td>\n<\/tr>\n<tr>\n<td style=\"width: 50%;\">\n<p><strong>Iesniegums bie\u017ei sastopamo der\u012bgo izrakte\u0146u ieguves at\u013caujas piepras\u012b\u0161anai\u00a0<\/strong><\/p>\n<\/td>\n<td style=\"width: 50%;\">\n<p><a href=\"https:\/\/aluksne.lv\/wp-content\/uploads\/2026\/01\/derigie_izrakteni_veidlapa_EFORMATS.docx\"><strong>Veidlapa iesnieg\u0161anai elektroniski<\/strong><\/a><\/p>\n<p><a href=\"https:\/\/aluksne.lv\/wp-content\/uploads\/2026\/01\/derigie_izrakteni_veidlapa_papiraformats.docx\"><strong>Veidlapa iesnieg\u0161anai pap\u012bra form\u0101t\u0101<\/strong><\/a><\/p>\n<\/td>\n<\/tr>\n<\/tbody>\n<\/table>\n","protected":false},"excerpt":{"rendered":"<p>&nbsp; Augstas detaliz\u0101cijas topogr\u0101fisk\u0101s inform\u0101cijas sagatavo\u0161ana un izsnieg\u0161ana no topogr\u0101fisk\u0101s inform\u0101cijas datub\u0101zes Veidlapa Atvieglojumu sa\u0146em\u0161ana par nekustam\u0101 \u012bpa\u0161uma nodokli Veidlapa Dar\u012bjumi ar lauksaimniec\u012bbas zemi\u00a0 Veidlapa fizisk\u0101m person\u0101m Veidlapa juridisk\u0101m person\u0101m Izzi\u0146as sa\u0146em\u0161ana par zemes vien\u012bbas at\u013cauto izmanto\u0161anu atbilsto\u0161i Al\u016bksnes novada&#8230;<br \/><a class=\"read-more-button\" href=\"https:\/\/aluksne.lv\/index.php\/pasvaldiba\/pakalpojumi\/veidlapas\/nekustamais-ipasums\/\">Las\u012bt visu<\/a><\/p>\n","protected":false},"author":1,"featured_media":0,"parent":14729,"menu_order":0,"comment_status":"closed","ping_status":"closed","template":"","meta":{"_crdt_document":"","_monsterinsights_skip_tracking":false,"_monsterinsights_sitenote_active":false,"_monsterinsights_sitenote_note":"","_monsterinsights_sitenote_category":0,"footnotes":"","_links_to":"","_links_to_target":""},"class_list":["post-17701","page","type-page","status-publish","hentry"],"_links":{"self":[{"href":"https:\/\/aluksne.lv\/index.php\/wp-json\/wp\/v2\/pages\/17701","targetHints":{"allow":["GET"]}}],"collection":[{"href":"https:\/\/aluksne.lv\/index.php\/wp-json\/wp\/v2\/pages"}],"about":[{"href":"https:\/\/aluksne.lv\/index.php\/wp-json\/wp\/v2\/types\/page"}],"author":[{"embeddable":true,"href":"https:\/\/aluksne.lv\/index.php\/wp-json\/wp\/v2\/users\/1"}],"replies":[{"embeddable":true,"href":"https:\/\/aluksne.lv\/index.php\/wp-json\/wp\/v2\/comments?post=17701"}],"version-history":[{"count":1,"href":"https:\/\/aluksne.lv\/index.php\/wp-json\/wp\/v2\/pages\/17701\/revisions"}],"predecessor-version":[{"id":60724,"href":"https:\/\/aluksne.lv\/index.php\/wp-json\/wp\/v2\/pages\/17701\/revisions\/60724"}],"up":[{"embeddable":true,"href":"https:\/\/aluksne.lv\/index.php\/wp-json\/wp\/v2\/pages\/14729"}],"wp:attachment":[{"href":"https:\/\/aluksne.lv\/index.php\/wp-json\/wp\/v2\/media?parent=17701"}],"curies":[{"name":"wp","href":"https:\/\/api.w.org\/{rel}","templated":true}]}}