{"id":1997,"date":"2017-12-12T09:35:10","date_gmt":"2017-12-12T09:35:10","guid":{"rendered":"http:\/\/aluksne.lv\/jauna1\/?page_id=1997"},"modified":"2026-01-30T19:13:41","modified_gmt":"2026-01-30T17:13:41","slug":"pii-pienenite","status":"publish","type":"page","link":"https:\/\/aluksne.lv\/index.php\/izglitiba\/pirmsskolas-izglitibas-iestades\/pii-pienenite\/","title":{"rendered":"PII \u201ePienen\u012bte\u201d"},"content":{"rendered":"<div id=\"pl-1997\"  class=\"panel-layout\" ><div id=\"pg-1997-0\"  class=\"panel-grid panel-no-style\" ><div id=\"pgc-1997-0-0\"  class=\"panel-grid-cell panel-grid-cell-empty\" ><\/div><\/div><div id=\"pg-1997-1\"  class=\"panel-grid panel-no-style\" ><div id=\"pgc-1997-1-0\"  class=\"panel-grid-cell\" ><div id=\"panel-1997-1-0-0\" class=\"so-panel widget widget_sow-editor panel-first-child panel-last-child\" data-index=\"0\" ><div\n\t\t\t\n\t\t\tclass=\"so-widget-sow-editor so-widget-sow-editor-base\"\n\t\t\t\n\t\t>\n<div class=\"siteorigin-widget-tinymce textwidget\">\n\t<p><strong>Al\u016bksnes pirmsskolas izgl\u012bt\u012bbas iest\u0101de \u201cPienen\u012bte\u201d<\/strong><\/p>\n<p>Moto: \u201cPienen\u012bte\u201d - otr\u0101s m\u0101jas, tur kur zin\u0101\u0161anas kr\u0101jas!<\/p>\n<p><strong>Pirmsskolas izgl\u012bt\u012bbas programmas realiz\u0101cijas adreses:<\/strong><\/p>\n<ul>\n<li>Hel\u0113nas iela 32, Al\u016bksne, Al\u016bksnes novads, LV-4301<\/li>\n<li>\"P\u016bc\u012btes\", Kolber\u0123is, Jaunal\u016bksnes pagasts, Al\u016bksnes novads, LV-4350<\/li>\n<\/ul>\n<p><strong>Vad\u012bt\u0101ja:<\/strong> Ing\u016bna Dovg\u0101ne<br \/>\n<strong>T\u0101lrunis:<\/strong> 22014489<br \/>\n<strong>e-pasts:<\/strong>\u00a0<span class=\"blue_edit\">pienenite@aluksne.lv<br \/>\n<strong>eAdrese:<\/strong> _DEFAULT@40900006513<\/span><\/p>\n<\/div>\n<\/div><\/div><\/div><div id=\"pgc-1997-1-1\"  class=\"panel-grid-cell\" ><div id=\"panel-1997-1-1-0\" class=\"so-panel widget widget_sow-image-grid panel-first-child panel-last-child\" data-index=\"1\" ><div\n\t\t\t\n\t\t\tclass=\"so-widget-sow-image-grid so-widget-sow-image-grid-default-5ff4073610f5-1997\"\n\t\t\t\n\t\t>\t<div\n\t\tclass=\"sow-image-grid-wrapper\"\n\t\t\t\t\t>\n\t\t\t\t\t<div class=\"sow-image-grid-image\">\n\t\t\t\t\t\t\t\t\t\t\t\t<img loading=\"lazy\" decoding=\"async\" width=\"272\" height=\"182\" src=\"https:\/\/aluksne.lv\/wp-content\/uploads\/2026\/01\/DSC05455-272x182.jpg\" class=\"sow-image-grid-image_html\" alt=\"\" title=\"\" srcset=\"https:\/\/aluksne.lv\/wp-content\/uploads\/2026\/01\/DSC05455-272x182.jpg 272w, https:\/\/aluksne.lv\/wp-content\/uploads\/2026\/01\/DSC05455-320x213.jpg 320w\" sizes=\"auto, (max-width: 272px) 100vw, 272px\" \/>\t\t\t\t\t\t\t\t\t\t\t<\/div>\n\t\t\t\t\t<div class=\"sow-image-grid-image\">\n\t\t\t\t\t\t\t\t\t\t\t\t<img loading=\"lazy\" decoding=\"async\" width=\"272\" height=\"182\" src=\"https:\/\/aluksne.lv\/wp-content\/uploads\/2026\/01\/WhatsApp-Image-2026-01-05-at-13.33.38-272x182.jpeg\" class=\"sow-image-grid-image_html\" alt=\"\" title=\"WhatsApp Image 2026-01-05 at 13.33.38\" srcset=\"https:\/\/aluksne.lv\/wp-content\/uploads\/2026\/01\/WhatsApp-Image-2026-01-05-at-13.33.38-272x182.jpeg 272w, https:\/\/aluksne.lv\/wp-content\/uploads\/2026\/01\/WhatsApp-Image-2026-01-05-at-13.33.38-320x213.jpeg 320w, https:\/\/aluksne.lv\/wp-content\/uploads\/2026\/01\/WhatsApp-Image-2026-01-05-at-13.33.38-720x480.jpeg 720w\" sizes=\"auto, (max-width: 272px) 100vw, 272px\" \/>\t\t\t\t\t\t\t\t\t\t\t<\/div>\n\t\t\t<\/div>\n<\/div><\/div><\/div><\/div><div id=\"pg-1997-2\"  class=\"panel-grid panel-no-style\" ><div id=\"pgc-1997-2-0\"  class=\"panel-grid-cell\" ><div id=\"panel-1997-2-0-0\" class=\"so-panel widget widget_sow-accordion panel-first-child panel-last-child\" data-index=\"2\" ><div\n\t\t\t\n\t\t\tclass=\"so-widget-sow-accordion so-widget-sow-accordion-default-7d8be5f91d55-1997\"\n\t\t\t\n\t\t><div>\n\t<div class=\"sow-accordion\">\n\t\t\t<div class=\"sow-accordion-panel\n\t\t\t\t\t\"\n\t\t\t\tdata-anchor-id=\"dokumenti\">\n\t\t\t\t\t<div class=\"sow-accordion-panel-header-container\" role=\"heading\" aria-level=\"2\">\n\t\t\t\t\t<div class=\"sow-accordion-panel-header\" tabindex=\"0\" role=\"button\" id=\"accordion-label-dokumenti\" aria-controls=\"accordion-content-dokumenti\" aria-expanded=\"false\">\n\t\t\t\t\t\t<div class=\"sow-accordion-title sow-accordion-title-icon-left\">\n\t\t\t\t\t\t\t\t\t\t\t\t\t\tDOKUMENTI\t\t\t\t\t\t\t\t\t\t\t\t\t<\/div>\n\t\t\t\t\t\t<div class=\"sow-accordion-open-close-button\">\n\t\t\t\t\t\t\t<div class=\"sow-accordion-open-button\">\n\t\t\t\t\t\t\t\t<span class=\"sow-icon-ionicons\" data-sow-icon=\"&#xf218;\"\n\t\t \n\t\taria-hidden=\"true\"><\/span>\t\t\t\t\t\t\t<\/div>\n\t\t\t\t\t\t\t<div class=\"sow-accordion-close-button\">\n\t\t\t\t\t\t\t\t<span class=\"sow-icon-ionicons\" data-sow-icon=\"&#xf209;\"\n\t\t \n\t\taria-hidden=\"true\"><\/span>\t\t\t\t\t\t\t<\/div>\n\t\t\t\t\t\t<\/div>\n\t\t\t\t\t<\/div>\n\t\t\t\t<\/div>\n\n\t\t\t<div\n\t\t\t\tclass=\"sow-accordion-panel-content\"\n\t\t\t\trole=\"region\"\n\t\t\t\taria-labelledby=\"accordion-label-dokumenti\"\n\t\t\t\tid=\"accordion-content-dokumenti\"\n\t\t\t\tstyle=\"display: none;\"\t\t\t>\n\t\t\t\t<div class=\"sow-accordion-panel-border\">\n\t\t\t\t\t<p><strong><a href=\"https:\/\/aluksne.lv\/wp-content\/uploads\/2024\/06\/PII-Pienenite-nolikums-2021.pdf\">NOLIKUMS<\/a><\/strong><\/p>\n<p><strong><a href=\"https:\/\/aluksne.lv\/wp-content\/uploads\/2025\/11\/Pasvertejums-ML.pdf\">Pa\u0161nov\u0113rt\u0113juma zi\u0146ojums<\/a><\/strong><\/p>\n<p><strong><a href=\"https:\/\/aluksne.lv\/wp-content\/uploads\/2023\/03\/PII-Pienenite-attistibas-plans.pdf\">Att\u012bst\u012bbas pl\u0101ns<\/a><\/strong><\/p>\n<p><strong><a href=\"https:\/\/aluksne.lv\/wp-content\/uploads\/2024\/09\/doc01759320240930141720.pdf\">K\u0101rt\u012bba par darba organiz\u0101ciju iest\u0101d\u0113<\/a><\/strong><\/p>\n\t\t\t\t<\/div>\n\t\t\t<\/div>\n\t\t<\/div>\n\t\t<\/div>\n<\/div>\n<\/div><\/div><\/div><div id=\"pgc-1997-2-1\"  class=\"panel-grid-cell\" ><div id=\"panel-1997-2-1-0\" class=\"so-panel widget widget_sow-accordion panel-first-child panel-last-child\" data-index=\"3\" ><div\n\t\t\t\n\t\t\tclass=\"so-widget-sow-accordion so-widget-sow-accordion-default-7d8be5f91d55-1997\"\n\t\t\t\n\t\t><div>\n\t<div class=\"sow-accordion\">\n\t\t\t<div class=\"sow-accordion-panel\n\t\t\t\t\t\"\n\t\t\t\tdata-anchor-id=\"vecakiem\">\n\t\t\t\t\t<div class=\"sow-accordion-panel-header-container\" role=\"heading\" aria-level=\"2\">\n\t\t\t\t\t<div class=\"sow-accordion-panel-header\" tabindex=\"0\" role=\"button\" id=\"accordion-label-vec%c4%81kiem\" aria-controls=\"accordion-content-vec%c4%81kiem\" aria-expanded=\"false\">\n\t\t\t\t\t\t<div class=\"sow-accordion-title sow-accordion-title-icon-left\">\n\t\t\t\t\t\t\t\t\t\t\t\t\t\tVEC\u0100KIEM\t\t\t\t\t\t\t\t\t\t\t\t\t<\/div>\n\t\t\t\t\t\t<div class=\"sow-accordion-open-close-button\">\n\t\t\t\t\t\t\t<div class=\"sow-accordion-open-button\">\n\t\t\t\t\t\t\t\t<span class=\"sow-icon-ionicons\" data-sow-icon=\"&#xf218;\"\n\t\t \n\t\taria-hidden=\"true\"><\/span>\t\t\t\t\t\t\t<\/div>\n\t\t\t\t\t\t\t<div class=\"sow-accordion-close-button\">\n\t\t\t\t\t\t\t\t<span class=\"sow-icon-ionicons\" data-sow-icon=\"&#xf209;\"\n\t\t \n\t\taria-hidden=\"true\"><\/span>\t\t\t\t\t\t\t<\/div>\n\t\t\t\t\t\t<\/div>\n\t\t\t\t\t<\/div>\n\t\t\t\t<\/div>\n\n\t\t\t<div\n\t\t\t\tclass=\"sow-accordion-panel-content\"\n\t\t\t\trole=\"region\"\n\t\t\t\taria-labelledby=\"accordion-label-vec%c4%81kiem\"\n\t\t\t\tid=\"accordion-content-vec%c4%81kiem\"\n\t\t\t\tstyle=\"display: none;\"\t\t\t>\n\t\t\t\t<div class=\"sow-accordion-panel-border\">\n\t\t\t\t\t<p><strong><a href=\"https:\/\/aluksne.lv\/wp-content\/uploads\/2025\/10\/aktualiz.oktobris25.docx\">B\u0113rnu rindas re\u0123istrs<\/a><\/strong><\/p>\n<p><strong><a href=\"https:\/\/aluksne.lv\/wp-content\/uploads\/2021\/09\/iesniegums-registracijai-iestade.docx\">Iesniegums b\u0113rna re\u0123istr\u0113\u0161anai iest\u0101des rind\u0101<\/a><\/strong><\/p>\n<p><strong><a href=\"https:\/\/aluksne.lv\/wp-content\/uploads\/2021\/09\/Iesniegums-uznemsanai-izglitibas-iestade.docx\">Iesniegums par b\u0113rna uz\u0146em\u0161anu iest\u0101d\u0113<\/a><br \/>\n<\/strong><\/p>\n<p><strong><a href=\"https:\/\/aluksne.lv\/wp-content\/uploads\/2024\/06\/doc01630820240619161333.pdf\">Al\u016bksnes pirmsskolas izgl\u012bt\u012bbas iest\u0101des \u201ePienen\u012bte\u201d k\u0101rt\u012bba, k\u0101d\u0101 izgl\u012bt\u012bbas iest\u0101d\u0113 uzturas izgl\u012btojamo vec\u0101ki un citas personas<\/a><\/strong><\/p>\n\t\t\t\t<\/div>\n\t\t\t<\/div>\n\t\t<\/div>\n\t\t<\/div>\n<\/div>\n<\/div><\/div><\/div><\/div><div id=\"pg-1997-3\"  class=\"panel-grid panel-no-style\" ><div id=\"pgc-1997-3-0\"  class=\"panel-grid-cell\" ><div id=\"panel-1997-3-0-0\" class=\"so-panel widget widget_sow-editor panel-first-child panel-last-child\" data-index=\"4\" ><div\n\t\t\t\n\t\t\tclass=\"so-widget-sow-editor so-widget-sow-editor-base\"\n\t\t\t\n\t\t>\n<div class=\"siteorigin-widget-tinymce textwidget\">\n\t<p>Al\u016bksnes pirmsskolas izgl\u012bt\u012bbas iest\u0101d\u0113 \u201cPienen\u012bte\u201d darbojas\u00a0<strong>9 grupas<\/strong>\u00a0b\u0113rniem vecum\u0101 no 1,5 l\u012bdz 7 gadiem. <strong>No t\u0101m divas\u00a0ir jaukta vecuma grupas<\/strong>\u00a0b\u0113rniem -\u00a0 no 1,5 l\u012bdz 3 gadiem un no 4 l\u012bdz 7 gadiem.<br \/>\nPirmsskolas izgl\u012bt\u012bbas iest\u0101des pedago\u0123iskais darbs tiek organiz\u0113ts, pamatojoties uz licenc\u0113tu pirmsskolas izgl\u012bt\u012bbas programmu. Izgl\u012bt\u012bbas programmas kods 0101 11 11. Iest\u0101d\u0113 tiek \u012bstenota ar\u012b Speci\u0101l\u0101s pirmsskolas izgl\u012bt\u012bbas programma izgl\u012btojamajiem ar valodas trauc\u0113jumiem, izgl\u012bt\u012bbas programmas kods 01015511.<\/p>\n<p><strong><br \/>\nDarba laiks:<\/strong><br \/>\nIzgl\u012bt\u012bbas iest\u0101de str\u0101d\u0101 5 darba dienas ned\u0113\u013c\u0101 no plkst. 7.30 l\u012bdz 18.00.<\/p>\n<p><strong>MISIJA<\/strong> - veicin\u0101t b\u0113rnu, vec\u0101ku un darbinieku sadarb\u012bbu kop\u012bgu m\u0113r\u0137u sasnieg\u0161anai radot att\u012bsto\u0161u rota\u013cu un m\u0101c\u012bbu vidi, kas v\u0113rsta uz vesel\u012bgu dz\u012bvesveidu \u2013 dz\u012bvespriec\u012bgu un laim\u012bgu b\u0113rnu.<\/p>\n<p><strong>V\u012aZIJA<\/strong> - M\u016bsdien\u012bga, inovat\u012bva pirmsskolas izgl\u012bt\u012bbas iest\u0101de, kur rado\u0161\u0101 un vesel\u012bbu veicino\u0161\u0101 vid\u0113 veidojas b\u0113rna person\u012bba.<\/p>\n<p><strong>IEST\u0100DES V\u0112RT\u012aBAS:<br \/>\nCIE\u0145A<\/strong> (god\u012bgums, savald\u012bba, laipn\u012bba)<br \/>\n<strong>\u0122IMENE<\/strong> (l\u012bdzciet\u012bba, taisn\u012bgums, solidarit\u0101te)<br \/>\n<strong>DARBS <\/strong>(atbild\u012bba, m\u0113r\u0137tiec\u012bba, cent\u012bba)<\/p>\n<p><strong>\u012aPA\u0160AIS PIED\u0100V\u0100JUMS JEB IZGL\u012aT\u012aBAS IEST\u0100DES SPECIALIZ\u0100CIJA<br \/>\n<\/strong>Izgl\u012bt\u012bbas iest\u0101des organiz\u0101cijas kult\u016bra atspogu\u013co iek\u013caujo\u0161u vidi un vienl\u012bdz\u012bgu attieksmi pret visiem. Izgl\u012bt\u012bbas iest\u0101de specializ\u0113jas vesel\u012bga dz\u012bvesveida veicin\u0101\u0161an\u0101 un ievie\u0161an\u0101 ikdienas dz\u012bv\u0113.<\/p>\n<p><u>Iest\u0101d\u0113 \u012bsteno:<\/u><\/p>\n<ul>\n<li><strong>P\u0101rmai\u0146u procesa \u201cL\u012bderis man\u012b\u201d ievie\u0161anu, kuru apg\u016bst b\u0113rni, pedagogi un darbinieki. <\/strong>L\u012bderis ir cilv\u0113ks, kur\u0161 pats sp\u0113j un prot vad\u012bt sevi, savas emocijas un savu dz\u012bvi.<\/li>\n<li>5-6 gadus veci b\u0113rni apg\u016bst person\u012bg\u0101s dro\u0161\u012bbas pamatus kop\u0101 ar D\u017eimbu \u201cD\u017eimbas dro\u0161\u012bbas skoli\u0146\u0101\u201d.<\/li>\n<\/ul>\n<p><u><br \/>\nIest\u0101d\u0113 tiek pied\u0101v\u0101ti ABJC pulci\u0146i:<\/u><\/p>\n<ul>\n<li>Tautu dejas \u201cEnku-drenku\u201d<\/li>\n<li>Lego darbn\u012bca<\/li>\n<li>Ang\u013cu valodas pulci\u0146\u0161<\/li>\n<\/ul>\n<\/div>\n<\/div><\/div><\/div><\/div><\/div>","protected":false},"excerpt":{"rendered":"<p>Al\u016bksnes pirmsskolas izgl\u012bt\u012bbas iest\u0101de \u201cPienen\u012bte\u201d Moto: \u201cPienen\u012bte\u201d &#8211; otr\u0101s m\u0101jas, tur kur zin\u0101\u0161anas kr\u0101jas! Pirmsskolas izgl\u012bt\u012bbas programmas realiz\u0101cijas adreses: Hel\u0113nas iela 32, Al\u016bksne, Al\u016bksnes novads, LV-4301 &#8220;P\u016bc\u012btes&#8221;, Kolber\u0123is, Jaunal\u016bksnes pagasts, Al\u016bksnes novads, LV-4350 Vad\u012bt\u0101ja: Ing\u016bna Dovg\u0101ne T\u0101lrunis: 22014489 e-pasts:\u00a0pienenite@aluksne.lv eAdrese:&#8230;<br \/><a class=\"read-more-button\" href=\"https:\/\/aluksne.lv\/index.php\/izglitiba\/pirmsskolas-izglitibas-iestades\/pii-pienenite\/\">Las\u012bt visu<\/a><\/p>\n","protected":false},"author":1,"featured_media":0,"parent":452,"menu_order":0,"comment_status":"closed","ping_status":"closed","template":"","meta":{"_crdt_document":"","_monsterinsights_skip_tracking":false,"_monsterinsights_sitenote_active":false,"_monsterinsights_sitenote_note":"","_monsterinsights_sitenote_category":0,"footnotes":"","_links_to":"","_links_to_target":""},"class_list":["post-1997","page","type-page","status-publish","hentry"],"_links":{"self":[{"href":"https:\/\/aluksne.lv\/index.php\/wp-json\/wp\/v2\/pages\/1997","targetHints":{"allow":["GET"]}}],"collection":[{"href":"https:\/\/aluksne.lv\/index.php\/wp-json\/wp\/v2\/pages"}],"about":[{"href":"https:\/\/aluksne.lv\/index.php\/wp-json\/wp\/v2\/types\/page"}],"author":[{"embeddable":true,"href":"https:\/\/aluksne.lv\/index.php\/wp-json\/wp\/v2\/users\/1"}],"replies":[{"embeddable":true,"href":"https:\/\/aluksne.lv\/index.php\/wp-json\/wp\/v2\/comments?post=1997"}],"version-history":[{"count":1,"href":"https:\/\/aluksne.lv\/index.php\/wp-json\/wp\/v2\/pages\/1997\/revisions"}],"predecessor-version":[{"id":60302,"href":"https:\/\/aluksne.lv\/index.php\/wp-json\/wp\/v2\/pages\/1997\/revisions\/60302"}],"up":[{"embeddable":true,"href":"https:\/\/aluksne.lv\/index.php\/wp-json\/wp\/v2\/pages\/452"}],"wp:attachment":[{"href":"https:\/\/aluksne.lv\/index.php\/wp-json\/wp\/v2\/media?parent=1997"}],"curies":[{"name":"wp","href":"https:\/\/api.w.org\/{rel}","templated":true}]}}