{"id":2004,"date":"2017-12-12T09:40:21","date_gmt":"2017-12-12T09:40:21","guid":{"rendered":"http:\/\/aluksne.lv\/jauna1\/?page_id=2004"},"modified":"2025-11-03T10:50:45","modified_gmt":"2025-11-03T08:50:45","slug":"pii-pucite","status":"publish","type":"page","link":"https:\/\/aluksne.lv\/index.php\/izglitiba\/pirmsskolas-izglitibas-iestades\/pii-pucite\/","title":{"rendered":"PII \u201eP\u016bc\u012bte\u201d"},"content":{"rendered":"<div id=\"pl-2004\"  class=\"panel-layout\" ><div id=\"pg-2004-0\"  class=\"panel-grid panel-no-style\" ><div id=\"pgc-2004-0-0\"  class=\"panel-grid-cell\" ><div id=\"panel-2004-0-0-0\" class=\"so-panel widget widget_sow-editor panel-first-child panel-last-child\" data-index=\"0\" ><div\n\t\t\t\n\t\t\tclass=\"so-widget-sow-editor so-widget-sow-editor-base\"\n\t\t\t\n\t\t>\n<div class=\"siteorigin-widget-tinymce textwidget\">\n\t<p>&nbsp;<\/p>\n<p><strong>Jaunal\u016bksnes pirmsskolas izgl\u012bt\u012bbas iest\u0101de \u201eP\u016bc\u012bte\u201d<\/strong><\/p>\n<p>\"P\u016bc\u012btes\", Kolber\u0123is, Jaunal\u016bksnes pagasts, Al\u016bksnes novads, LV- 4350<strong><br \/>\nT\u0101lrunis: <\/strong>29173881<strong><br \/>\nVad\u012bt\u0101ja p.i.:<\/strong> Ing\u016bna Dovg\u0101ne, t\u0101lrunis 22014489<strong><br \/>\ne-pasts: <\/strong>pucite@aluksne.lv<strong><br \/>\neAdrese: <\/strong>_DEFAULT@40900006547<\/p>\n<p><strong>\u00a0<\/strong><strong>Visp\u0101r\u012bg\u0101 inform\u0101cija par \u00a0iest\u0101di<\/strong>:<br \/>\nJaunal\u016bksnes pirmsskolas izgl\u012bt\u012bbas iest\u0101de \u201eP\u016bc\u012bte\u201d atv\u0113rta kop\u0161 1967. gada 11. decembra. Iest\u0101d\u0113 darbojas divas jaukta vecuma grupas, kuras apmekl\u0113 b\u0113rni l\u012bdz skolas gaitu uzs\u0101k\u0161anai.<br \/>\nB\u0113rnu uz\u0146em\u0161ana notiek, atbilsto\u0161i Al\u016bksnes novada pa\u0161vald\u012bbas saisto\u0161ajiem noteikumiem \u201ePar b\u0113rnu uz\u0146em\u0161anas un atskait\u012b\u0161anas k\u0101rt\u012bbu Al\u016bksnes novada pa\u0161vald\u012bbas pirmsskolas izgl\u012bt\u012bbas iest\u0101d\u0113s\u201d.<br \/>\nGalven\u0101 m\u0101c\u012bbu organiz\u0101cijas forma-rota\u013cdarb\u012bba visas dienas garum\u0101, gan telp\u0101s, gan \u0101r\u0101;<br \/>\nIest\u0101d\u0113 tiek nodro\u0161in\u0101ta tr\u012bsreiz\u0113ja \u0113din\u0101\u0161ana- brokastis, pusdienas, launags. Nor\u0113\u0137inu k\u0101rt\u012bba, atbilsto\u0161i\u00a0 Al\u016bksnes novada domes l\u0113mumam \u201cPar \u0113din\u0101\u0161anas pakalpojuma maksu Jaunal\u016bksnes PII \u201cP\u016bc\u012bte\u201d\u201d.<\/p>\n<p><a href=\"https:\/\/aluksne.lv\/wp-content\/uploads\/2022\/11\/Nolikums.pdf\"><strong>JAUNAL\u016aKSNES PIRMSSKOLAS IZGL\u012aT\u012aBAS IEST\u0100DES \u201eP\u016aC\u012aTE\u201d\u00a0NOLIKUMS<\/strong><\/a><\/p>\n<p><a href=\"https:\/\/aluksne.lv\/wp-content\/uploads\/2022\/11\/Iesniegums-uznemsanai-izglitibas-iestade2.docx\"><strong>Iesniegums uz\u0146em\u0161anai izgl\u012bt\u012bbas iest\u0101d\u0113<\/strong><\/a><\/p>\n<p><a href=\"https:\/\/aluksne.lv\/wp-content\/uploads\/2022\/11\/iesniegums-registracijai-iestade4.docx\"><strong>Iesniegums re\u0123istr\u0101cijai iest\u0101d\u0113<\/strong><\/a><\/p>\n<p><a href=\"https:\/\/aluksne.lv\/s_noteikumi\/2021\/0807\/Saistosie_noteikumi_Nr_23_bernu_uznemsana_pii.pdf\"><strong>Par pirmsskolas vecuma b\u0113rnu re\u0123istr\u0101cijas, uz\u0146em\u0161anas un atskait\u012b\u0161anas k\u0101rt\u012bbu Al\u016bksnes novada pa\u0161vald\u012bbas izgl\u012bt\u012bbas iest\u0101d\u0113s<\/strong><\/a><\/p>\n<p><strong><a href=\"https:\/\/aluksne.lv\/wp-content\/uploads\/2022\/11\/Kartiba-kada-izglitibas-iestade-uzturas-izglitojamo-vecaki-un-citas-personas-1.pdf\">K\u0101rt\u012bba, k\u0101d\u0101 izgl\u012bt\u012bbas iest\u0101d\u0113 uzturas izgl\u012btojamo vec\u0101ki un citas personas<\/a><\/strong><\/p>\n<p><a href=\"https:\/\/aluksne.lv\/wp-content\/uploads\/2025\/10\/Bernu-rindas-AKTUALIZACIJA-10_25.docx\"><strong>B\u0113rnu rindas re\u0123istrs <\/strong><\/a><\/p>\n<p><a href=\"https:\/\/aluksne.lv\/wp-content\/uploads\/2024\/11\/Pucite_Pasnovertejuma-zinojums_2023_2024_macibu-gads.pdf\"><strong>Pa\u0161nov\u0113rt\u0113juma zi\u0146ojums<\/strong><\/a><\/p>\n<p><strong>Iest\u0101des \u012bstenot\u0101s programmas: <\/strong>Iest\u0101de \u012bsteno pirmsskolas izgl\u012bt\u012bbas programmu (programmas kods-01011111)<\/p>\n<p><strong>Iest\u0101des darba laiks:<\/strong>\u201cP\u016bc\u012bte\u201d darbojas piecas darba dienas ned\u0113\u013c\u0101. Darba laiks no plkst. 7.30 l\u012bdz 18.00<\/p>\n<p><strong>Jaunal\u016bksnes PII \u201cP\u016bc\u012bte\u201dmisija: <\/strong>Jaunal\u016bksnes PII \u201cP\u016bc\u012bte\u201d darbojas, lai, sadarb\u012bbas proces\u0101 ar \u0123imen\u0113m,\u00a0 nodro\u0161in\u0101tu katram b\u0113rnam audzin\u0101\u0161anas un izgl\u012bto\u0161an\u0101s\u00a0 iesp\u0113ju\u00a0 b\u0113rncentr\u0113t\u0101, pozit\u012bv\u0101,\u00a0 iek\u013caujo\u0161\u0101, daudzveid\u012bg\u0101, emocion\u0101li un fiziski dro\u0161\u0101 vid\u0113.<\/p>\n<p><strong>\u00a0<\/strong><strong>Iest\u0101des v\u012bzija par izgl\u012btojamo: <\/strong>Zin\u0101tk\u0101rs, dz\u012bvespriec\u012bgs, ar prasm\u0113m sadarboties b\u0113rns.<\/p>\n<p><strong>Iest\u0101des v\u0113rt\u012bbas cilv\u0113kcentr\u0113t\u0101 veid\u0101: <\/strong><strong>dro\u0161\u012bba, atbild\u012bba, cilv\u0113ka cie\u0146a<\/strong><\/p>\n<p><strong><br \/>\nAtbalsts \u00a0\u0123imen\u0113m:<\/strong><\/p>\n<ul>\n<li>konsult\u0101cijas \u0123imen\u0113m b\u0113rnu izgl\u012bto\u0161anas, att\u012bst\u012bbas un audzin\u0101\u0161anas jaut\u0101jumos;<\/li>\n<li>logop\u0113da nodarb\u012bbas -1 reizi ned\u0113\u013c\u0101-izgl\u012btojamiem no 5 gadu vecuma;<\/li>\n<li>nepiecie\u0161am\u012bbas gad\u012bjum\u0101, sadarbojoties ar Al\u016bksnes novada skolu atbalsta centru, tiek pieaicin\u0101ti atbalsta speci\u0101listi- psihologs, speci\u0101lais skolot\u0101js, logop\u0113ds;<\/li>\n<li>deju nodarb\u012bbas-divas reizes ned\u0113\u013c\u0101;<\/li>\n<li>atvieglojumi par \u0113din\u0101\u0161anu- 0.60EUR dien\u0101- 5-6 gad\u012bgajiem b\u0113rniem-Al\u016bksnes novada pa\u0161vald\u012bbas finans\u0113jums.<\/li>\n<\/ul>\n<p>&nbsp;<\/p>\n<p><strong>Sadarb\u012bba ar \u0123imen\u0113m:<\/strong><\/p>\n<ul>\n<li>iest\u0101des izgl\u012btojamo vec\u0101ku iesaiste iest\u0101des padomes darb\u012bb\u0101;<\/li>\n<li>iesaiste izgl\u012btojo\u0161os pas\u0101kumos;<\/li>\n<li>kop\u012bga sv\u0113tku svin\u0113\u0161ana un izbraucieni \u0101rpus iest\u0101des;<\/li>\n<li>izgl\u012btojamo vec\u0101ku iesaiste vesel\u012bgas b\u0113rnu \u0113dienkartes nodro\u0161in\u0101\u0161an\u0101;<\/li>\n<li>talkas laukumu un teritorijas labiek\u0101rto\u0161anai.<\/li>\n<\/ul>\n<p><strong>Sadarb\u012bba ar sabiedr\u012bbu:<\/strong><\/p>\n<ul>\n<li>sadarb\u012bbas pas\u0101kumi ar Jaunal\u016bksnes bibliot\u0113ku las\u012btveicin\u0101\u0161anai, gr\u0101matu autoru iepaz\u012b\u0161anai, digit\u0101l\u0101s vides iepaz\u012b\u0161anai;<\/li>\n<li>sadarb\u012bbas pas\u0101kumi ar Kolber\u0123a tautas namu- tautas trad\u012bciju un iedz\u012bvot\u0101ju darb\u012bbas iepaz\u012b\u0161anai, pas\u0101\u0137umi b\u0113rniem- projekta pas\u0101kumi, izr\u0101des b\u0113rniem;<\/li>\n<li>sadarb\u012bba ar viet\u0113jiem uz\u0146\u0113m\u0113jiem- profesiju un uz\u0146\u0113m\u0113jvides iepaz\u012b\u0161anai;<\/li>\n<li>sadarb\u012bba ar Al\u016bksnes novada pirmsskolas izgl\u012bt\u012bbas iest\u0101d\u0113m, skolu grup\u0101m.<\/li>\n<\/ul>\n<p><strong>\u00a0<\/strong><\/p>\n<p><strong>Trad\u012bcijas:<\/strong><\/p>\n<p><strong>Ziem\u0101- <\/strong>sniega prieki, aktivit\u0101tes, Mete\u0146u svin\u0113\u0161ana, \u201cP\u016bc\u012btes\u201d dzim\u0161anas dienas svin\u0113\u0161ana, Ziemassv\u0113tku br\u012bnuma gaid\u012b\u0161ana, pipark\u016bku cep\u0161ana;<\/p>\n<p><strong>Pavasar\u012b- <\/strong>s\u0113jas darbi mazajos d\u0101rzi\u0146os-diedz\u0113\u0161ana, st\u0101d\u012b\u0161ana, Lieldienu gaid\u012b\u0161ana un svin\u0113\u0161ana, saimniecisko darbinieku dienas svin\u0113\u0161ana, izlaiduma diena \u201cP\u016bc\u0113niem\u201d- n\u0101kamajiem skol\u0113niem;<\/p>\n<p><strong>Vasar\u0101- <\/strong>peldes Al\u016bksnes ezer\u0101, L\u012bgo\u0161ana, p\u012br\u0101gu cep\u0161ana, jauno \u201cP\u016bc\u0113nu\u201d uz\u0146em\u0161ana;<\/p>\n<p><strong>Ruden\u012b-<\/strong>vesel\u012bgas gar\u0101s pastaigas, Mi\u0137e\u013cu, M\u0101rti\u0146u svin\u0113\u0161ana, ra\u017eas nov\u0101k\u0161ana, sulu spie\u0161ana un sulu k\u016bres, Skolot\u0101ju dienas svin\u0113\u0161ana;<\/p>\n<p><strong>Visos gadalaikos-<\/strong> b\u016b\u0161ana \u0101r\u0101, svaiga gais\u0101, dabas baud\u012b\u0161ana, sportiskas aktivit\u0101tes gan ikdien\u0101, gan sv\u0113tkos. Izbraucieni Al\u016bksnes novada dabas objektu un v\u0113sturisku vietu iepaz\u012b\u0161anai.<\/p>\n<\/div>\n<\/div><\/div><\/div><div id=\"pgc-2004-0-1\"  class=\"panel-grid-cell\" ><div id=\"panel-2004-0-1-0\" class=\"so-panel widget panel-first-child panel-last-child\" data-index=\"1\" ><\/div><\/div><\/div><\/div>","protected":false},"excerpt":{"rendered":"<p>&nbsp; Jaunal\u016bksnes pirmsskolas izgl\u012bt\u012bbas iest\u0101de \u201eP\u016bc\u012bte\u201d &#8220;P\u016bc\u012btes&#8221;, Kolber\u0123is, Jaunal\u016bksnes pagasts, Al\u016bksnes novads, LV- 4350 T\u0101lrunis: 29173881 Vad\u012bt\u0101ja p.i.: Ing\u016bna Dovg\u0101ne, t\u0101lrunis 22014489 e-pasts: pucite@aluksne.lv eAdrese: _DEFAULT@40900006547 \u00a0Visp\u0101r\u012bg\u0101 inform\u0101cija par \u00a0iest\u0101di: Jaunal\u016bksnes pirmsskolas izgl\u012bt\u012bbas iest\u0101de \u201eP\u016bc\u012bte\u201d atv\u0113rta kop\u0161 1967. gada 11&#8230;.<br \/><a class=\"read-more-button\" href=\"https:\/\/aluksne.lv\/index.php\/izglitiba\/pirmsskolas-izglitibas-iestades\/pii-pucite\/\">Las\u012bt visu<\/a><\/p>\n","protected":false},"author":1,"featured_media":0,"parent":452,"menu_order":0,"comment_status":"closed","ping_status":"closed","template":"","meta":{"_crdt_document":"","_monsterinsights_skip_tracking":false,"_monsterinsights_sitenote_active":false,"_monsterinsights_sitenote_note":"","_monsterinsights_sitenote_category":0,"footnotes":"","_links_to":"","_links_to_target":""},"class_list":["post-2004","page","type-page","status-publish","hentry"],"_links":{"self":[{"href":"https:\/\/aluksne.lv\/index.php\/wp-json\/wp\/v2\/pages\/2004","targetHints":{"allow":["GET"]}}],"collection":[{"href":"https:\/\/aluksne.lv\/index.php\/wp-json\/wp\/v2\/pages"}],"about":[{"href":"https:\/\/aluksne.lv\/index.php\/wp-json\/wp\/v2\/types\/page"}],"author":[{"embeddable":true,"href":"https:\/\/aluksne.lv\/index.php\/wp-json\/wp\/v2\/users\/1"}],"replies":[{"embeddable":true,"href":"https:\/\/aluksne.lv\/index.php\/wp-json\/wp\/v2\/comments?post=2004"}],"version-history":[{"count":0,"href":"https:\/\/aluksne.lv\/index.php\/wp-json\/wp\/v2\/pages\/2004\/revisions"}],"up":[{"embeddable":true,"href":"https:\/\/aluksne.lv\/index.php\/wp-json\/wp\/v2\/pages\/452"}],"wp:attachment":[{"href":"https:\/\/aluksne.lv\/index.php\/wp-json\/wp\/v2\/media?parent=2004"}],"curies":[{"name":"wp","href":"https:\/\/api.w.org\/{rel}","templated":true}]}}