{"id":201,"date":"2015-12-08T14:51:10","date_gmt":"2015-12-08T14:51:10","guid":{"rendered":"http:\/\/aluksne.lv\/jauna\/?page_id=201"},"modified":"2026-01-30T19:29:54","modified_gmt":"2026-01-30T17:29:54","slug":"jaunaluksne","status":"publish","type":"page","link":"https:\/\/aluksne.lv\/index.php\/novads\/jaunaluksne\/","title":{"rendered":"Jaunal\u016bksne"},"content":{"rendered":"<div id=\"pl-201\"  class=\"panel-layout\" ><div id=\"pg-201-0\"  class=\"panel-grid panel-no-style\" ><div id=\"pgc-201-0-0\"  class=\"panel-grid-cell\" ><div id=\"panel-201-0-0-0\" class=\"so-panel widget widget_sow-editor panel-first-child panel-last-child\" data-index=\"0\" ><div\n\t\t\t\n\t\t\tclass=\"so-widget-sow-editor so-widget-sow-editor-base\"\n\t\t\t\n\t\t>\n<div class=\"siteorigin-widget-tinymce textwidget\">\n\t<h4>Jaunal\u016bksnes pagasts atrodas Al\u016bksnes novada centr\u0101laj\u0101 da\u013c\u0101. T\u0101 kopplat\u012bba 184,66km<sup>2<\/sup>.\u00a0Jaunal\u016bksnes pagasts robe\u017eojas ar Al\u016bksnes novada Ziemera, M\u0101rkalnes, Malienas, M\u0101lupes, Pededzes, Liepnas, Annas un Alsvi\u0137u pagastiem, k\u0101 ar\u012b Al\u016bksnes pils\u0113tu.<\/h4>\n<h4><a href=\"https:\/\/www.google.lv\/maps\/place\/Jaunal%C5%ABksnes+pagasts\/@57.4240211,26.9515772,10z\/data=!3m1!4b1!4m5!3m4!1s0x46ea65804f804763:0x400cfcd68f30080!8m2!3d57.4162754!4d27.2040972\" target=\"_blank\" rel=\"noopener\">Jaunal\u016bksnes pagasts<\/a><\/h4>\n<\/div>\n<\/div><\/div><\/div><div id=\"pgc-201-0-1\"  class=\"panel-grid-cell\" ><div id=\"panel-201-0-1-0\" class=\"so-panel widget panel-first-child panel-last-child\" data-index=\"1\" ><\/div><\/div><\/div><\/div>","protected":false},"excerpt":{"rendered":"<p>Jaunal\u016bksnes pagasts atrodas Al\u016bksnes novada centr\u0101laj\u0101 da\u013c\u0101. T\u0101 kopplat\u012bba 184,66km2.\u00a0Jaunal\u016bksnes pagasts robe\u017eojas ar Al\u016bksnes novada Ziemera, M\u0101rkalnes, Malienas, M\u0101lupes, Pededzes, Liepnas, Annas un Alsvi\u0137u pagastiem, k\u0101 ar\u012b Al\u016bksnes pils\u0113tu. Jaunal\u016bksnes pagasts<\/p>\n","protected":false},"author":1,"featured_media":0,"parent":4,"menu_order":0,"comment_status":"closed","ping_status":"closed","template":"","meta":{"_crdt_document":"","_monsterinsights_skip_tracking":false,"_monsterinsights_sitenote_active":false,"_monsterinsights_sitenote_note":"","_monsterinsights_sitenote_category":0,"footnotes":"","_links_to":"","_links_to_target":""},"class_list":["post-201","page","type-page","status-publish","hentry"],"_links":{"self":[{"href":"https:\/\/aluksne.lv\/index.php\/wp-json\/wp\/v2\/pages\/201","targetHints":{"allow":["GET"]}}],"collection":[{"href":"https:\/\/aluksne.lv\/index.php\/wp-json\/wp\/v2\/pages"}],"about":[{"href":"https:\/\/aluksne.lv\/index.php\/wp-json\/wp\/v2\/types\/page"}],"author":[{"embeddable":true,"href":"https:\/\/aluksne.lv\/index.php\/wp-json\/wp\/v2\/users\/1"}],"replies":[{"embeddable":true,"href":"https:\/\/aluksne.lv\/index.php\/wp-json\/wp\/v2\/comments?post=201"}],"version-history":[{"count":2,"href":"https:\/\/aluksne.lv\/index.php\/wp-json\/wp\/v2\/pages\/201\/revisions"}],"predecessor-version":[{"id":60309,"href":"https:\/\/aluksne.lv\/index.php\/wp-json\/wp\/v2\/pages\/201\/revisions\/60309"}],"up":[{"embeddable":true,"href":"https:\/\/aluksne.lv\/index.php\/wp-json\/wp\/v2\/pages\/4"}],"wp:attachment":[{"href":"https:\/\/aluksne.lv\/index.php\/wp-json\/wp\/v2\/media?parent=201"}],"curies":[{"name":"wp","href":"https:\/\/api.w.org\/{rel}","templated":true}]}}