{"id":20125,"date":"2020-06-03T09:24:54","date_gmt":"2020-06-03T06:24:54","guid":{"rendered":"https:\/\/aluksne.lv\/?page_id=20125"},"modified":"2022-07-20T08:58:10","modified_gmt":"2022-07-20T05:58:10","slug":"medibu-tiesibu-izsoles","status":"publish","type":"page","link":"https:\/\/aluksne.lv\/index.php\/pasvaldiba\/izsoles\/medibu-tiesibu-izsoles\/","title":{"rendered":"MED\u012aBU TIES\u012aBU IZSOLES"},"content":{"rendered":"<p>&nbsp;<\/p>\n<p><strong><a href=\"https:\/\/aluksne.lv\/wp-content\/uploads\/2022\/06\/Pieteikuma-paraugs.docx\">PIETEIKUMA PARAUGS<\/a><\/strong><\/p>\n<p><a href=\"https:\/\/aluksne.lv\/izsoles\/2021\/2304\/Izsoles nolikums_Zaiceva.doc\">Par med\u012bbu ties\u012bbu nomu nekustam\u0101 \u012bpa\u0161uma \u201eZaiceva\u201d zemes vien\u012bb\u0101 ar kadastra apz\u012bm\u0113jumu 36800070355<\/a> | <a href=\"https:\/\/aluksne.lv\/izsoles\/2021\/2304\/Medibu_tiesibu_l\u012bgums_PARAUGAM.doc\">L\u012bguma paraugs<\/a> | <a href=\"https:\/\/aluksne.lv\/izsoles\/2021\/2304\/2pielikums_Zaiceva.doc\">Pielikums<\/a><\/p>\n<p><a href=\"https:\/\/aluksne.lv\/izsoles\/2021\/2304\/Izsoles nolikums Ogulejas.doc.docx\">Par med\u012bbu ties\u012bbu nomu nekustam\u0101 \u012bpa\u0161uma \u201eVRZ Ogulejas\u201d zemes vien\u012bb\u0101 ar kadastra apz\u012bm\u0113jumu 3680 009 0070<\/a> | <a href=\"https:\/\/aluksne.lv\/izsoles\/2021\/2304\/Medibu_tiesibu_l\u012bgums_PARAUGAM1.doc\">L\u012bguma paraugs<\/a> | <a href=\"https:\/\/aluksne.lv\/izsoles\/2021\/2304\/2.pielikums Ogulejas.doc\">Pielikums<\/a><\/p>\n","protected":false},"excerpt":{"rendered":"<p>&nbsp; PIETEIKUMA PARAUGS Par med\u012bbu ties\u012bbu nomu nekustam\u0101 \u012bpa\u0161uma \u201eZaiceva\u201d zemes vien\u012bb\u0101 ar kadastra apz\u012bm\u0113jumu 36800070355 | L\u012bguma paraugs | Pielikums Par med\u012bbu ties\u012bbu nomu nekustam\u0101 \u012bpa\u0161uma \u201eVRZ Ogulejas\u201d zemes vien\u012bb\u0101 ar kadastra apz\u012bm\u0113jumu 3680 009 0070 | L\u012bguma paraugs&#8230;<br \/><a class=\"read-more-button\" href=\"https:\/\/aluksne.lv\/index.php\/pasvaldiba\/izsoles\/medibu-tiesibu-izsoles\/\">Las\u012bt visu<\/a><\/p>\n","protected":false},"author":1,"featured_media":0,"parent":385,"menu_order":0,"comment_status":"closed","ping_status":"closed","template":"","meta":{"_crdt_document":"","_monsterinsights_skip_tracking":false,"_monsterinsights_sitenote_active":false,"_monsterinsights_sitenote_note":"","_monsterinsights_sitenote_category":0,"footnotes":"","_links_to":"","_links_to_target":""},"class_list":["post-20125","page","type-page","status-publish","hentry"],"_links":{"self":[{"href":"https:\/\/aluksne.lv\/index.php\/wp-json\/wp\/v2\/pages\/20125","targetHints":{"allow":["GET"]}}],"collection":[{"href":"https:\/\/aluksne.lv\/index.php\/wp-json\/wp\/v2\/pages"}],"about":[{"href":"https:\/\/aluksne.lv\/index.php\/wp-json\/wp\/v2\/types\/page"}],"author":[{"embeddable":true,"href":"https:\/\/aluksne.lv\/index.php\/wp-json\/wp\/v2\/users\/1"}],"replies":[{"embeddable":true,"href":"https:\/\/aluksne.lv\/index.php\/wp-json\/wp\/v2\/comments?post=20125"}],"version-history":[{"count":0,"href":"https:\/\/aluksne.lv\/index.php\/wp-json\/wp\/v2\/pages\/20125\/revisions"}],"up":[{"embeddable":true,"href":"https:\/\/aluksne.lv\/index.php\/wp-json\/wp\/v2\/pages\/385"}],"wp:attachment":[{"href":"https:\/\/aluksne.lv\/index.php\/wp-json\/wp\/v2\/media?parent=20125"}],"curies":[{"name":"wp","href":"https:\/\/api.w.org\/{rel}","templated":true}]}}