{"id":2051,"date":"2017-12-12T10:00:08","date_gmt":"2017-12-12T10:00:08","guid":{"rendered":"http:\/\/aluksne.lv\/jauna1\/?page_id=2051"},"modified":"2025-01-20T11:14:02","modified_gmt":"2025-01-20T09:14:02","slug":"ernsta-glika-aluksnes-valsts-gimnazija","status":"publish","type":"page","link":"https:\/\/aluksne.lv\/index.php\/izglitiba\/visparejas-izglitibas-iestades\/ernsta-glika-aluksnes-valsts-gimnazija\/","title":{"rendered":"Ernsta Glika Al\u016bksnes Valsts \u0123imn\u0101zija"},"content":{"rendered":"<div id=\"pl-2051\"  class=\"panel-layout\" ><div id=\"pg-2051-0\"  class=\"panel-grid panel-no-style\" ><div id=\"pgc-2051-0-0\"  class=\"panel-grid-cell\" ><div id=\"panel-2051-0-0-0\" class=\"so-panel widget widget_sow-editor panel-first-child panel-last-child\" data-index=\"0\" ><div\n\t\t\t\n\t\t\tclass=\"so-widget-sow-editor so-widget-sow-editor-base\"\n\t\t\t\n\t\t>\n<div class=\"siteorigin-widget-tinymce textwidget\">\n\t<p>&nbsp;<\/p>\n<p>Ernsta Glika Al\u016bksnes Valsts \u0123imn\u0101zija<\/p>\n<p>Glika iela 10, Al\u016bksne, Al\u016bksnes novads, LV-4301<\/p>\n<p>Direktore: Uva Grencione-Lapseniete<\/p>\n<p>T\u0101lru\u0146i:<br \/>\n26356444 (U.Grencione-Lapseniete)<br \/>\n26669126 (direktora vietniece izgl\u012bt\u012bbas jom\u0101 I.Zel\u010da)<br \/>\n29144781 (\u0113ku un apsaimniekojam\u0101s teritorijas p\u0101rzine S.Zilaua)<br \/>\n25432052 (lietvede E.Aus\u0113ja)<br \/>\n25472240 (dienesta viesn\u012bca)<\/p>\n<p><a href=\"https:\/\/aluksnesgimnazija.lv\" target=\"_blank\" rel=\"noopener\">www.aluksnesgimnazija.lv<\/a><\/p>\n<p>e-pasts:\u00a0<span class=\"blue_edit\">avg@aluksne.lv<\/span><\/p>\n<p>eAdrese: _DEFAULT@40900006496<\/p>\n<p><a href=\"https:\/\/aluksne.lv\/wp-content\/uploads\/2023\/11\/Ernsta-Glika-Aluksnes-Valsts-gimnazijas-pasnovertejuma-zinojums_publiskoja.-dala.docx\"><strong>Pa\u0161nov\u0113rt\u0113juma zi\u0146ojums<\/strong><\/a><\/p>\n<p>&nbsp;<\/p>\n<\/div>\n<\/div><\/div><\/div><div id=\"pgc-2051-0-1\"  class=\"panel-grid-cell\" ><div id=\"panel-2051-0-1-0\" class=\"so-panel widget panel-first-child panel-last-child\" data-index=\"1\" ><\/div><\/div><\/div><\/div>","protected":false},"excerpt":{"rendered":"<p>&nbsp; Ernsta Glika Al\u016bksnes Valsts \u0123imn\u0101zija Glika iela 10, Al\u016bksne, Al\u016bksnes novads, LV-4301 Direktore: Uva Grencione-Lapseniete T\u0101lru\u0146i: 26356444 (U.Grencione-Lapseniete) 26669126 (direktora vietniece izgl\u012bt\u012bbas jom\u0101 I.Zel\u010da) 29144781 (\u0113ku un apsaimniekojam\u0101s teritorijas p\u0101rzine S.Zilaua) 25432052 (lietvede E.Aus\u0113ja) 25472240 (dienesta viesn\u012bca) www.aluksnesgimnazija.lv e-pasts:\u00a0avg@aluksne.lv&#8230;<br \/><a class=\"read-more-button\" href=\"https:\/\/aluksne.lv\/index.php\/izglitiba\/visparejas-izglitibas-iestades\/ernsta-glika-aluksnes-valsts-gimnazija\/\">Las\u012bt visu<\/a><\/p>\n","protected":false},"author":1,"featured_media":0,"parent":454,"menu_order":0,"comment_status":"closed","ping_status":"closed","template":"","meta":{"_crdt_document":"","_monsterinsights_skip_tracking":false,"_monsterinsights_sitenote_active":false,"_monsterinsights_sitenote_note":"","_monsterinsights_sitenote_category":0,"footnotes":"","_links_to":"","_links_to_target":""},"class_list":["post-2051","page","type-page","status-publish","hentry"],"_links":{"self":[{"href":"https:\/\/aluksne.lv\/index.php\/wp-json\/wp\/v2\/pages\/2051","targetHints":{"allow":["GET"]}}],"collection":[{"href":"https:\/\/aluksne.lv\/index.php\/wp-json\/wp\/v2\/pages"}],"about":[{"href":"https:\/\/aluksne.lv\/index.php\/wp-json\/wp\/v2\/types\/page"}],"author":[{"embeddable":true,"href":"https:\/\/aluksne.lv\/index.php\/wp-json\/wp\/v2\/users\/1"}],"replies":[{"embeddable":true,"href":"https:\/\/aluksne.lv\/index.php\/wp-json\/wp\/v2\/comments?post=2051"}],"version-history":[{"count":0,"href":"https:\/\/aluksne.lv\/index.php\/wp-json\/wp\/v2\/pages\/2051\/revisions"}],"up":[{"embeddable":true,"href":"https:\/\/aluksne.lv\/index.php\/wp-json\/wp\/v2\/pages\/454"}],"wp:attachment":[{"href":"https:\/\/aluksne.lv\/index.php\/wp-json\/wp\/v2\/media?parent=2051"}],"curies":[{"name":"wp","href":"https:\/\/api.w.org\/{rel}","templated":true}]}}