{"id":209,"date":"2015-12-08T14:52:25","date_gmt":"2015-12-08T14:52:25","guid":{"rendered":"http:\/\/aluksne.lv\/jauna\/?page_id=209"},"modified":"2026-01-30T19:37:32","modified_gmt":"2026-01-30T17:37:32","slug":"liepna","status":"publish","type":"page","link":"https:\/\/aluksne.lv\/index.php\/novads\/liepna\/","title":{"rendered":"Liepna"},"content":{"rendered":"<div id=\"pl-209\"  class=\"panel-layout\" ><div id=\"pg-209-0\"  class=\"panel-grid panel-no-style\" ><div id=\"pgc-209-0-0\"  class=\"panel-grid-cell\" ><div id=\"panel-209-0-0-0\" class=\"so-panel widget widget_sow-editor panel-first-child panel-last-child\" data-index=\"0\" ><div\n\t\t\t\n\t\t\tclass=\"so-widget-sow-editor so-widget-sow-editor-base\"\n\t\t\t\n\t\t>\n<div class=\"siteorigin-widget-tinymce textwidget\">\n\t<h4>Liepnas pagasts atrodas Al\u016bksnes novada dienvidaustrumu da\u013c\u0101. T\u0101 kopplat\u012bba 280,57 km<sup>2<\/sup>. Liepnas pagasts robe\u017eojas ar Al\u016bksnes novada M\u0101lupes, Pededzes un Jaunal\u016bksnes pagastiem, Balvu novada V\u012bksnas un \u017d\u012bguru pagastiem, k\u0101 ar\u012b Krievijas Feder\u0101ciju.<\/h4>\n<h4><a href=\"https:\/\/www.google.lv\/maps\/place\/Liepnas+pagasts,+LV-4354\/@57.3493971,27.3816368,11z\/data=!3m1!4b1!4m5!3m4!1s0x46ea7781351f23ef:0xfb5d1559498ae8d8!8m2!3d57.32734!4d27.5303412\" target=\"_blank\" rel=\"noopener\">Liepnas pagasts<\/a><\/h4>\n<\/div>\n<\/div><\/div><\/div><div id=\"pgc-209-0-1\"  class=\"panel-grid-cell\" ><div id=\"panel-209-0-1-0\" class=\"so-panel widget panel-first-child panel-last-child\" data-index=\"1\" ><\/div><\/div><\/div><\/div>","protected":false},"excerpt":{"rendered":"<p>Liepnas pagasts atrodas Al\u016bksnes novada dienvidaustrumu da\u013c\u0101. T\u0101 kopplat\u012bba 280,57 km2. Liepnas pagasts robe\u017eojas ar Al\u016bksnes novada M\u0101lupes, Pededzes un Jaunal\u016bksnes pagastiem, Balvu novada V\u012bksnas un \u017d\u012bguru pagastiem, k\u0101 ar\u012b Krievijas Feder\u0101ciju. Liepnas pagasts<\/p>\n","protected":false},"author":1,"featured_media":0,"parent":4,"menu_order":0,"comment_status":"closed","ping_status":"closed","template":"","meta":{"_crdt_document":"","_monsterinsights_skip_tracking":false,"_monsterinsights_sitenote_active":false,"_monsterinsights_sitenote_note":"","_monsterinsights_sitenote_category":0,"footnotes":"","_links_to":"","_links_to_target":""},"class_list":["post-209","page","type-page","status-publish","hentry"],"_links":{"self":[{"href":"https:\/\/aluksne.lv\/index.php\/wp-json\/wp\/v2\/pages\/209","targetHints":{"allow":["GET"]}}],"collection":[{"href":"https:\/\/aluksne.lv\/index.php\/wp-json\/wp\/v2\/pages"}],"about":[{"href":"https:\/\/aluksne.lv\/index.php\/wp-json\/wp\/v2\/types\/page"}],"author":[{"embeddable":true,"href":"https:\/\/aluksne.lv\/index.php\/wp-json\/wp\/v2\/users\/1"}],"replies":[{"embeddable":true,"href":"https:\/\/aluksne.lv\/index.php\/wp-json\/wp\/v2\/comments?post=209"}],"version-history":[{"count":1,"href":"https:\/\/aluksne.lv\/index.php\/wp-json\/wp\/v2\/pages\/209\/revisions"}],"predecessor-version":[{"id":60314,"href":"https:\/\/aluksne.lv\/index.php\/wp-json\/wp\/v2\/pages\/209\/revisions\/60314"}],"up":[{"embeddable":true,"href":"https:\/\/aluksne.lv\/index.php\/wp-json\/wp\/v2\/pages\/4"}],"wp:attachment":[{"href":"https:\/\/aluksne.lv\/index.php\/wp-json\/wp\/v2\/media?parent=209"}],"curies":[{"name":"wp","href":"https:\/\/api.w.org\/{rel}","templated":true}]}}