{"id":2167,"date":"2017-12-12T12:28:54","date_gmt":"2017-12-12T12:28:54","guid":{"rendered":"http:\/\/aluksne.lv\/jauna1\/?page_id=2167"},"modified":"2026-03-17T13:55:14","modified_gmt":"2026-03-17T11:55:14","slug":"barintiesa","status":"publish","type":"page","link":"https:\/\/aluksne.lv\/index.php\/pasvaldiba\/socialas-un-citas-iestades\/barintiesa\/","title":{"rendered":"B\u0101ri\u0146tiesa"},"content":{"rendered":"<div id=\"pl-2167\"  class=\"panel-layout\" ><div id=\"pg-2167-0\"  class=\"panel-grid panel-no-style\" ><div id=\"pgc-2167-0-0\"  class=\"panel-grid-cell\" ><div id=\"panel-2167-0-0-0\" class=\"so-panel widget widget_sow-editor panel-first-child panel-last-child\" data-index=\"0\" ><div\n\t\t\t\n\t\t\tclass=\"so-widget-sow-editor so-widget-sow-editor-base\"\n\t\t\t\n\t\t>\n<div class=\"siteorigin-widget-tinymce textwidget\">\n\t<p>&nbsp;<\/p>\n<p><strong>Al\u016bksnes novada b\u0101ri\u0146tiesa<\/strong><br \/>\n<strong>Adrese:<\/strong> D\u0101rza iel\u0101 11, Al\u016bksn\u0113, LV-4301, 207. kabinets<br \/>\n<strong>T\u0101lrunis:<\/strong>\u00a064323129<br \/>\n<strong>e-pasts:<\/strong>\u00a0<span class=\"blue_edit\">barintiesa@aluksne.lv<br \/>\n<\/span><strong>eAdrese<\/strong>: _DEFAULT@40900006621<\/p>\n<p><strong>Al\u016bksnes novada b\u0101ri\u0146tiesas priek\u0161s\u0113d\u0113t\u0101ja:<\/strong>\u00a0Gunta VANAGA<br \/>\n<strong>Lietvede:<\/strong> Vineta SALENIECE<\/p>\n<div id=\"center\">\n<p style=\"text-align: center;\"><strong>Al\u016bksnes novada b\u0101ri\u0146tiesas pie\u0146em\u0161anas laiki<\/strong><\/p>\n<table class=\"pienem\" style=\"width: 100%; height: 604px;\">\n<tbody>\n<tr style=\"height: 24px;\">\n<td style=\"width: 15.8676%; height: 24px;\" width=\"189\"><strong>V\u0101rds, uzv\u0101rds<\/strong><\/td>\n<td style=\"width: 16.1378%; height: 24px;\" width=\"117\"><strong>Vieta<\/strong><\/td>\n<td style=\"width: 11.3437%; height: 24px;\" width=\"103\"><strong>Diena<\/strong><\/td>\n<td style=\"width: 16.2053%; height: 24px;\" width=\"131\"><strong>Pie\u0146em\u0161anas laiks<\/strong><\/td>\n<\/tr>\n<tr style=\"height: 78px;\">\n<td style=\"width: 15.8676%; height: 156px;\" rowspan=\"2\" width=\"189\"><strong>B\u0101ri\u0146tiesas priek\u0161s\u0113d\u0113t\u0101ja<\/strong><\/p>\n<p><strong>Gunta VANAGA<br \/>\n<\/strong><strong>t. 26411168<\/strong><\/p>\n<\/td>\n<td style=\"width: 16.1378%; height: 78px;\" width=\"117\">Al\u016bksnes pils\u0113ta<\/td>\n<td style=\"width: 11.3437%; height: 78px;\" width=\"103\">Pirmdiena<\/td>\n<td style=\"width: 16.2053%; height: 78px;\" width=\"131\">10.00-12.00<\/p>\n<p>13.00-16.00<\/p>\n<\/td>\n<\/tr>\n<tr style=\"height: 78px;\">\n<td style=\"width: 16.1378%; height: 78px;\" width=\"117\">Al\u016bksnes pils\u0113ta<\/td>\n<td style=\"width: 11.3437%; height: 78px;\" width=\"103\">Otrdiena<\/td>\n<td style=\"width: 16.2053%; height: 78px;\" width=\"131\">10.00-12.00<\/p>\n<p>13.00-16.00<\/p>\n<\/td>\n<\/tr>\n<tr style=\"height: 78px;\">\n<td style=\"width: 15.8676%; height: 78px;\" width=\"189\"><strong>B\u0101ri\u0146tiesas priek\u0161s\u0113d\u0113t\u0101ja<\/strong><\/p>\n<p><strong>Gunta VANAGA<br \/>\n<\/strong><strong>t. 26411168<\/strong><\/p>\n<\/td>\n<td style=\"width: 16.1378%; height: 78px;\" width=\"117\">Jaunal\u016bksnes pagasts<\/p>\n<p>&nbsp;<\/p>\n<\/td>\n<td style=\"width: 27.549%; height: 78px;\" colspan=\"2\" width=\"234\">P\u0113c iepriek\u0161\u0113ja pieraksta<\/td>\n<\/tr>\n<tr style=\"height: 29px;\">\n<td style=\"width: 15.8676%; height: 87px;\" rowspan=\"3\" width=\"189\"><strong>B\u0101ri\u0146tiesas locekle<\/strong><\/p>\n<p><strong>Alla OREHOVA<\/strong><\/p>\n<p><strong>t. 26595113<\/strong><\/p>\n<\/td>\n<td style=\"width: 16.1378%; height: 29px;\" width=\"117\">Veclaicenes pagasts<\/td>\n<td style=\"width: 27.549%; height: 87px;\" colspan=\"2\" rowspan=\"3\" width=\"234\">P\u0113c iepriek\u0161\u0113ja pieraksta<\/td>\n<\/tr>\n<tr style=\"height: 29px;\">\n<td style=\"width: 16.1378%; height: 29px;\" width=\"117\">Jaunlaicenes pagasts<\/td>\n<\/tr>\n<tr style=\"height: 29px;\">\n<td style=\"width: 16.1378%; height: 29px;\" width=\"117\">Ziemera pagasts<\/td>\n<\/tr>\n<tr style=\"height: 24px;\">\n<td style=\"width: 15.8676%; height: 96px;\" rowspan=\"4\" width=\"189\"><strong>B\u0101ri\u0146tiesas locekle<\/strong><\/p>\n<p><strong>Aivita EZERI\u0145A<\/strong><\/p>\n<p><strong>t. 29153516<\/strong><\/p>\n<\/td>\n<td style=\"width: 16.1378%; height: 24px;\" width=\"117\">Jaunannas pagasts<\/td>\n<td style=\"width: 27.549%; height: 96px;\" colspan=\"2\" rowspan=\"4\" width=\"234\">P\u0113c iepriek\u0161\u0113ja pieraksta<\/td>\n<\/tr>\n<tr style=\"height: 24px;\">\n<td style=\"width: 16.1378%; height: 24px;\" width=\"117\">Malienas pagasts<\/td>\n<\/tr>\n<tr style=\"height: 24px;\">\n<td style=\"width: 16.1378%; height: 24px;\" width=\"117\">M\u0101lupes pagasts<\/td>\n<\/tr>\n<tr style=\"height: 24px;\">\n<td style=\"width: 16.1378%; height: 24px;\" width=\"117\">Annas pagasts<\/td>\n<\/tr>\n<tr style=\"height: 29px;\">\n<td style=\"width: 15.8676%; height: 87px;\" rowspan=\"3\" width=\"189\"><strong>B\u0101ri\u0146tiesas locekle<\/strong><\/p>\n<p><strong>Ilze P\u0145OVA<\/strong><\/p>\n<p><strong>t. 26536797<\/strong><\/p>\n<\/td>\n<td style=\"width: 16.1378%; height: 29px;\" width=\"117\">Pededzes pagasts<\/td>\n<td style=\"width: 27.549%; height: 87px;\" colspan=\"2\" rowspan=\"3\" width=\"234\">P\u0113c iepriek\u0161\u0113ja pieraksta<\/td>\n<\/tr>\n<tr style=\"height: 29px;\">\n<td style=\"width: 16.1378%; height: 29px;\" width=\"117\">M\u0101rkalnes pagasts<\/td>\n<\/tr>\n<tr style=\"height: 29px;\">\n<td style=\"width: 16.1378%; height: 29px;\" width=\"117\">Liepnas pagasts<\/td>\n<\/tr>\n<tr style=\"height: 24px;\">\n<td style=\"width: 15.8676%; height: 76px;\" rowspan=\"4\" width=\"189\"><strong>B\u0101ri\u0146tiesas locekle<\/strong><\/p>\n<p><strong>Zinta Z\u0112BERGA<\/strong><\/p>\n<p><strong>t. 26427655<\/strong><\/p>\n<\/td>\n<td style=\"width: 16.1378%; height: 24px;\" width=\"117\">Ilzenes pagasts<\/td>\n<td style=\"width: 27.549%; height: 76px;\" colspan=\"2\" rowspan=\"4\" width=\"234\">P\u0113c iepriek\u0161\u0113ja pieraksta<\/td>\n<\/tr>\n<tr style=\"height: 24px;\">\n<td style=\"width: 16.1378%; height: 24px;\" width=\"117\">Zelti\u0146u pagasts<\/td>\n<\/tr>\n<tr style=\"height: 24px;\">\n<td style=\"width: 16.1378%; height: 18px;\" width=\"117\">Alsvi\u0137u pagasts<\/td>\n<\/tr>\n<tr style=\"height: 24px;\">\n<td style=\"width: 16.1378%; height: 10px;\" width=\"117\">Kalncempju pagasts<\/td>\n<\/tr>\n<\/tbody>\n<\/table>\n<p>&nbsp;<\/p>\n<\/div>\n<p><strong>Darba laiks:\u00a0<\/strong><br \/>\n<strong>P.<\/strong>\u00a08:00 - 12:00, 12:30 - 17:30<br \/>\n<strong>O., T., C.<\/strong>\u00a08:00 - 12:00, 12:30 - 16:30<br \/>\n<strong>P.\u00a0<\/strong>8:00 - 12:00, 12:30 - 15:30<\/p>\n<p><strong>Par iesp\u0113jamiem b\u0113rnu ties\u012bbu p\u0101rk\u0101pumiem, vardarb\u012bbas gad\u012bjumiem pret b\u0113rniem b\u0101ri\u0146tiesas darba laik\u0101 zi\u0146ot pa t\u0101lr.64323129, mob.26411168, p\u0113c b\u0101ri\u0146tiesas darba laika zi\u0146ot Valsts policijai pa t\u0101lr. 64301401 vai 110.<\/strong><\/p>\n<p><a href=\"https:\/\/aluksne.lv\/wp-content\/uploads\/2024\/05\/122_Barintiesas_nolikums.docx\">AL\u016aKSNES NOVADA B\u0100RI\u0145TIESAS NOLIKUMS<\/a><\/p>\n<p><a href=\"http:\/\/www.aluksne.lv\/iestades\/nolikumi\/Al_nov_barintiesa\/IESNIEGUMS.doc\">Iesnieguma veidlapa<\/a><\/p>\n<p><a href=\"http:\/\/www.aluksne.lv\/iestades\/nolikumi\/Al_nov_barintiesa\/barintiesa_nodevas.doc\">B\u0101ri\u0146tiesa iekas\u0113 \u0161\u0101das valsts nodevas<\/a><\/p>\n<p>&nbsp;<\/p>\n<p><a href=\"https:\/\/aluksne.lv\/wp-content\/uploads\/2026\/03\/Aluksnes-novada-barintiesas-parskats-par-2025.gadu_.docx\">Al\u016bksnes novada b\u0101ri\u0146tiesas p\u0101rskats par darbu 2025. gad\u0101<\/a><\/p>\n<p><a href=\"https:\/\/aluksne.lv\/wp-content\/uploads\/2025\/02\/Aluksnes-novada-barintiesas-parskats-par-2024.gadu_.docx\">Al\u016bksnes novada b\u0101ri\u0146tiesas p\u0101rskats par darbu 2024. gad\u0101<\/a><\/p>\n<p><a href=\"https:\/\/aluksne.lv\/wp-content\/uploads\/2024\/05\/ALUKSNES-NOVADA-BARINTIESAS-PARSKATS-PAR-DARBU_2023.docx\">Al\u016bksnes novada b\u0101ri\u0146tiesas p\u0101rskats par darbu 2023. gad\u0101<\/a><\/p>\n<p><a href=\"https:\/\/aluksne.lv\/wp-content\/uploads\/2024\/05\/Barintiesa.docx\">Al\u016bksnes novada b\u0101ri\u0146tiesas p\u0101rskats par darbu 2022. gad\u0101<\/a><\/p>\n<p><a href=\"https:\/\/aluksne.lv\/wp-content\/uploads\/2024\/05\/ALUKSNES-NOVADA-BARINTIESAS-PARSKATS-PAR-DARBU.docx\">Al\u016bksnes novada b\u0101ri\u0146tiesas p\u0101rskats par darbu 2021. gad\u0101<\/a><\/p>\n<p><a href=\"https:\/\/aluksne.lv\/wp-content\/uploads\/2021\/05\/barintiesa.pdf\">Al\u016bksnes novada b\u0101ri\u0146tiesas p\u0101rskats par darbu 2020. gad\u0101 <\/a><\/p>\n<p><a href=\"http:\/\/www.aluksne.lv\/iestades\/barintiesa\/BARINTIESA.pdf\">Al\u016bksnes novada b\u0101ri\u0146tiesas p\u0101rskats par darbu 2019. gad\u0101\u00a0<\/a><\/p>\n<p><a href=\"http:\/\/aluksne.lv\/wp-content\/uploads\/2019\/02\/218.-Al\u016bksnes-novada-b\u0101\u0157i\u0146tiesas-P\u0101rskats-par-2018.gadu_.pdf\">Al\u016bksnes novada b\u0101ri\u0146tiesas p\u0101rskats par darbu 2018. gad\u0101 <\/a>(<a href=\"http:\/\/aluksne.lv\/wp-content\/uploads\/2019\/02\/218.-Pielikums-pie-P\u0101rskata-par-2018.gadu_..pdf\">pielikums<\/a>)<\/p>\n<p><a href=\"http:\/\/aluksne.lv\/wp-content\/uploads\/2018\/02\/P\u0101rskats-m\u0101jaslapai-2017..pdf\">Al\u016bksnes novada b\u0101ri\u0146tiesas p\u0101rskats par darbu 2017. gad\u0101 <\/a><\/p>\n<p><a href=\"http:\/\/www.aluksne.lv\/iestades\/barintiesa\/PARSKATS pasvaldibai _2016.pdf\">Al\u016bksnes novada b\u0101ri\u0146tiesas p\u0101rskats par darbu 2016. gad\u0101\u00a0<\/a><\/p>\n<p><a href=\"http:\/\/www.aluksne.lv\/iestades\/barintiesa\/parskats%20pasvaldibai%20par%202015%20gadu.pdf\">Al\u016bksnes novada b\u0101ri\u0146tiesas p\u0101rskats par darbu 2015. gad\u0101\u00a0<\/a><\/p>\n<p><a href=\"http:\/\/www.aluksne.lv\/iestades\/barintiesa\/%C4%92tikas_normas.pdf\">Al\u016bksnes novada b\u0101ri\u0146tiesas profesion\u0101l\u0101s \u0113tikas normas<\/a><\/p>\n<\/div>\n<\/div><\/div><\/div><div id=\"pgc-2167-0-1\"  class=\"panel-grid-cell\" ><div id=\"panel-2167-0-1-0\" class=\"so-panel widget panel-first-child panel-last-child\" data-index=\"1\" ><\/div><\/div><\/div><\/div>","protected":false},"excerpt":{"rendered":"<p>&nbsp; Al\u016bksnes novada b\u0101ri\u0146tiesa Adrese: D\u0101rza iel\u0101 11, Al\u016bksn\u0113, LV-4301, 207. kabinets T\u0101lrunis:\u00a064323129 e-pasts:\u00a0barintiesa@aluksne.lv eAdrese: _DEFAULT@40900006621 Al\u016bksnes novada b\u0101ri\u0146tiesas priek\u0161s\u0113d\u0113t\u0101ja:\u00a0Gunta VANAGA Lietvede: Vineta SALENIECE Al\u016bksnes novada b\u0101ri\u0146tiesas pie\u0146em\u0161anas laiki V\u0101rds, uzv\u0101rds Vieta Diena Pie\u0146em\u0161anas laiks B\u0101ri\u0146tiesas priek\u0161s\u0113d\u0113t\u0101ja Gunta VANAGA t&#8230;.<br \/><a class=\"read-more-button\" href=\"https:\/\/aluksne.lv\/index.php\/pasvaldiba\/socialas-un-citas-iestades\/barintiesa\/\">Las\u012bt visu<\/a><\/p>\n","protected":false},"author":1,"featured_media":0,"parent":393,"menu_order":0,"comment_status":"closed","ping_status":"closed","template":"","meta":{"_crdt_document":"","_monsterinsights_skip_tracking":false,"_monsterinsights_sitenote_active":false,"_monsterinsights_sitenote_note":"","_monsterinsights_sitenote_category":0,"footnotes":"","_links_to":"","_links_to_target":""},"class_list":["post-2167","page","type-page","status-publish","hentry"],"_links":{"self":[{"href":"https:\/\/aluksne.lv\/index.php\/wp-json\/wp\/v2\/pages\/2167","targetHints":{"allow":["GET"]}}],"collection":[{"href":"https:\/\/aluksne.lv\/index.php\/wp-json\/wp\/v2\/pages"}],"about":[{"href":"https:\/\/aluksne.lv\/index.php\/wp-json\/wp\/v2\/types\/page"}],"author":[{"embeddable":true,"href":"https:\/\/aluksne.lv\/index.php\/wp-json\/wp\/v2\/users\/1"}],"replies":[{"embeddable":true,"href":"https:\/\/aluksne.lv\/index.php\/wp-json\/wp\/v2\/comments?post=2167"}],"version-history":[{"count":1,"href":"https:\/\/aluksne.lv\/index.php\/wp-json\/wp\/v2\/pages\/2167\/revisions"}],"predecessor-version":[{"id":61449,"href":"https:\/\/aluksne.lv\/index.php\/wp-json\/wp\/v2\/pages\/2167\/revisions\/61449"}],"up":[{"embeddable":true,"href":"https:\/\/aluksne.lv\/index.php\/wp-json\/wp\/v2\/pages\/393"}],"wp:attachment":[{"href":"https:\/\/aluksne.lv\/index.php\/wp-json\/wp\/v2\/media?parent=2167"}],"curies":[{"name":"wp","href":"https:\/\/api.w.org\/{rel}","templated":true}]}}