{"id":219,"date":"2015-12-08T14:53:53","date_gmt":"2015-12-08T14:53:53","guid":{"rendered":"http:\/\/aluksne.lv\/jauna\/?page_id=219"},"modified":"2026-01-30T19:45:15","modified_gmt":"2026-01-30T17:45:15","slug":"veclaicene","status":"publish","type":"page","link":"https:\/\/aluksne.lv\/index.php\/novads\/veclaicene\/","title":{"rendered":"Veclaicene"},"content":{"rendered":"<div id=\"pl-219\"  class=\"panel-layout\" ><div id=\"pg-219-0\"  class=\"panel-grid panel-no-style\" ><div id=\"pgc-219-0-0\"  class=\"panel-grid-cell\" ><div id=\"panel-219-0-0-0\" class=\"so-panel widget widget_sow-editor panel-first-child panel-last-child\" data-index=\"0\" ><div\n\t\t\t\n\t\t\tclass=\"so-widget-sow-editor so-widget-sow-editor-base\"\n\t\t\t\n\t\t>\n<div class=\"siteorigin-widget-tinymce textwidget\">\n\t<h4>Veclaicenes pagasts atrodas Al\u016bksnes novada zieme\u013cu da\u013c\u0101. T\u0101 kopplat\u012bba 72,34 km<sup>2<\/sup>. \u00a0Veclaicenes pagasts robe\u017eojas ar Al\u016bksnes novada Jaunlaicenes un \u00a0Ziemera pagastiem, k\u0101 ar\u012b Smiltenes novada Apes pagastu un Igaunijas Republiku.<\/h4>\n<h4><a href=\"https:\/\/www.google.lv\/maps\/place\/Veclaicenes+pagasts,+LV-4335\/@57.5903456,26.9175358,13z\/data=!3m1!4b1!4m5!3m4!1s0x46ea59574e570c99:0x42facfde19376fec!8m2!3d57.5764932!4d26.9352586\" target=\"_blank\" rel=\"noopener\">Veclaicenes pagasts<\/a><\/h4>\n<\/div>\n<\/div><\/div><\/div><div id=\"pgc-219-0-1\"  class=\"panel-grid-cell\" ><div id=\"panel-219-0-1-0\" class=\"so-panel widget panel-first-child panel-last-child\" data-index=\"1\" ><\/div><\/div><\/div><\/div>","protected":false},"excerpt":{"rendered":"<p>Veclaicenes pagasts atrodas Al\u016bksnes novada zieme\u013cu da\u013c\u0101. T\u0101 kopplat\u012bba 72,34 km2. \u00a0Veclaicenes pagasts robe\u017eojas ar Al\u016bksnes novada Jaunlaicenes un \u00a0Ziemera pagastiem, k\u0101 ar\u012b Smiltenes novada Apes pagastu un Igaunijas Republiku. Veclaicenes pagasts<\/p>\n","protected":false},"author":1,"featured_media":0,"parent":4,"menu_order":0,"comment_status":"closed","ping_status":"closed","template":"","meta":{"_crdt_document":"","_monsterinsights_skip_tracking":false,"_monsterinsights_sitenote_active":false,"_monsterinsights_sitenote_note":"","_monsterinsights_sitenote_category":0,"footnotes":"","_links_to":"","_links_to_target":""},"class_list":["post-219","page","type-page","status-publish","hentry"],"_links":{"self":[{"href":"https:\/\/aluksne.lv\/index.php\/wp-json\/wp\/v2\/pages\/219","targetHints":{"allow":["GET"]}}],"collection":[{"href":"https:\/\/aluksne.lv\/index.php\/wp-json\/wp\/v2\/pages"}],"about":[{"href":"https:\/\/aluksne.lv\/index.php\/wp-json\/wp\/v2\/types\/page"}],"author":[{"embeddable":true,"href":"https:\/\/aluksne.lv\/index.php\/wp-json\/wp\/v2\/users\/1"}],"replies":[{"embeddable":true,"href":"https:\/\/aluksne.lv\/index.php\/wp-json\/wp\/v2\/comments?post=219"}],"version-history":[{"count":1,"href":"https:\/\/aluksne.lv\/index.php\/wp-json\/wp\/v2\/pages\/219\/revisions"}],"predecessor-version":[{"id":60319,"href":"https:\/\/aluksne.lv\/index.php\/wp-json\/wp\/v2\/pages\/219\/revisions\/60319"}],"up":[{"embeddable":true,"href":"https:\/\/aluksne.lv\/index.php\/wp-json\/wp\/v2\/pages\/4"}],"wp:attachment":[{"href":"https:\/\/aluksne.lv\/index.php\/wp-json\/wp\/v2\/media?parent=219"}],"curies":[{"name":"wp","href":"https:\/\/api.w.org\/{rel}","templated":true}]}}