{"id":221,"date":"2015-12-08T14:54:13","date_gmt":"2015-12-08T14:54:13","guid":{"rendered":"http:\/\/aluksne.lv\/jauna\/?page_id=221"},"modified":"2026-01-30T19:48:35","modified_gmt":"2026-01-30T17:48:35","slug":"zeltini","status":"publish","type":"page","link":"https:\/\/aluksne.lv\/index.php\/novads\/zeltini\/","title":{"rendered":"Zelti\u0146i"},"content":{"rendered":"<div id=\"pl-221\"  class=\"panel-layout\" ><div id=\"pg-221-0\"  class=\"panel-grid panel-no-style\" ><div id=\"pgc-221-0-0\"  class=\"panel-grid-cell\" ><div id=\"panel-221-0-0-0\" class=\"so-panel widget widget_sow-editor panel-first-child panel-last-child\" data-index=\"0\" ><div\n\t\t\t\n\t\t\tclass=\"so-widget-sow-editor so-widget-sow-editor-base\"\n\t\t\t\n\t\t>\n<div class=\"siteorigin-widget-tinymce textwidget\">\n\t<h4>Zelti\u0146u pagasts atrodas Al\u016bksnes novada dienvidu da\u013c\u0101. T\u0101 kopplat\u012bba 63,09 km<sup>2<\/sup>. Zelti\u0146u pagasts robe\u017eojas ar Al\u016bksnes novada Alsvi\u0137u, Kalncempju, un Ilzenes pagastiem, k\u0101 ar\u012b Gulbenes novada Be\u013cavas un Lejasciema pagastiem.<\/h4>\n<h4><a href=\"https:\/\/www.google.lv\/maps\/place\/Zelti%C5%86u+pagasts,+Al%C5%ABksnes+novads,+LV-4345\/@57.3453426,26.6993355,12z\/data=!3m1!4b1!4m6!3m5!1s0x46ea4088e365cf8d:0x73f003c0f38f1f7b!8m2!3d57.3460852!4d26.7674903!16s%2Fm%2F05q4g1b?entry=ttu&amp;g_ep=EgoyMDI2MDEyOC4wIKXMDSoASAFQAw%3D%3D\">Zelti\u0146u pagasts<\/a><\/h4>\n<\/div>\n<\/div><\/div><\/div><div id=\"pgc-221-0-1\"  class=\"panel-grid-cell\" ><div id=\"panel-221-0-1-0\" class=\"so-panel widget panel-first-child panel-last-child\" data-index=\"1\" ><\/div><\/div><\/div><\/div>","protected":false},"excerpt":{"rendered":"<p>Zelti\u0146u pagasts atrodas Al\u016bksnes novada dienvidu da\u013c\u0101. T\u0101 kopplat\u012bba 63,09 km2. Zelti\u0146u pagasts robe\u017eojas ar Al\u016bksnes novada Alsvi\u0137u, Kalncempju, un Ilzenes pagastiem, k\u0101 ar\u012b Gulbenes novada Be\u013cavas un Lejasciema pagastiem. Zelti\u0146u pagasts<\/p>\n","protected":false},"author":1,"featured_media":0,"parent":4,"menu_order":0,"comment_status":"closed","ping_status":"closed","template":"","meta":{"_crdt_document":"","_monsterinsights_skip_tracking":false,"_monsterinsights_sitenote_active":false,"_monsterinsights_sitenote_note":"","_monsterinsights_sitenote_category":0,"footnotes":"","_links_to":"","_links_to_target":""},"class_list":["post-221","page","type-page","status-publish","hentry"],"_links":{"self":[{"href":"https:\/\/aluksne.lv\/index.php\/wp-json\/wp\/v2\/pages\/221","targetHints":{"allow":["GET"]}}],"collection":[{"href":"https:\/\/aluksne.lv\/index.php\/wp-json\/wp\/v2\/pages"}],"about":[{"href":"https:\/\/aluksne.lv\/index.php\/wp-json\/wp\/v2\/types\/page"}],"author":[{"embeddable":true,"href":"https:\/\/aluksne.lv\/index.php\/wp-json\/wp\/v2\/users\/1"}],"replies":[{"embeddable":true,"href":"https:\/\/aluksne.lv\/index.php\/wp-json\/wp\/v2\/comments?post=221"}],"version-history":[{"count":2,"href":"https:\/\/aluksne.lv\/index.php\/wp-json\/wp\/v2\/pages\/221\/revisions"}],"predecessor-version":[{"id":60321,"href":"https:\/\/aluksne.lv\/index.php\/wp-json\/wp\/v2\/pages\/221\/revisions\/60321"}],"up":[{"embeddable":true,"href":"https:\/\/aluksne.lv\/index.php\/wp-json\/wp\/v2\/pages\/4"}],"wp:attachment":[{"href":"https:\/\/aluksne.lv\/index.php\/wp-json\/wp\/v2\/media?parent=221"}],"curies":[{"name":"wp","href":"https:\/\/api.w.org\/{rel}","templated":true}]}}