{"id":22239,"date":"2020-10-14T08:11:07","date_gmt":"2020-10-14T05:11:07","guid":{"rendered":"https:\/\/aluksne.lv\/?page_id=22239"},"modified":"2025-03-12T15:13:13","modified_gmt":"2025-03-12T13:13:13","slug":"pasvaldibai-piederoso-neizireto-dzivojamo-telpu-saraksts","status":"publish","type":"page","link":"https:\/\/aluksne.lv\/index.php\/pasvaldiba\/ipasumi\/pasvaldibai-piederoso-neizireto-dzivojamo-telpu-saraksts\/","title":{"rendered":"Pa\u0161vald\u012bbai piedero\u0161o neiz\u012br\u0113to dz\u012bvojamo telpu saraksts"},"content":{"rendered":"<p>&nbsp;<\/p>\n<p><strong>Inform\u0101cijai: dz\u012bvojam\u0101s telpas iz\u012br\u0113jamas pa\u0161vald\u012bbas dz\u012bvok\u013ca jaut\u0101jumu risin\u0101\u0161an\u0101 sniedzam\u0101s pal\u012bdz\u012bbas re\u0123istr\u0101 eso\u0161\u0101m person\u0101m, \u0146emot v\u0113r\u0101 likum\u0101 <a href=\"https:\/\/likumi.lv\/ta\/id\/56812-par-palidzibu-dzivokla-jautajumu-risinasana\">\u201cPar pal\u012bdz\u012bbu dz\u012bvok\u013ca jaut\u0101jumu risin\u0101\u0161an\u0101\u201d<\/a> un Al\u016bksnes novada domes 2024. gada 30. maija saisto\u0161ajos noteikumos <a href=\"https:\/\/likumi.lv\/ta\/id\/353368-par-palidzibu-dzivokla-jautajumu-risinasana-aluksnes-novada\">\u201cPar pal\u012bdz\u012bbu dz\u012bvok\u013ca jaut\u0101jumu risin\u0101\u0161an\u0101 Al\u016bksnes novad\u0101\u201d<\/a> noteikto.<\/strong><\/p>\n<p>Sazi\u0146ai jaut\u0101jumos par pal\u012bdz\u012bbas re\u0123istru \u2013 Dz\u012bvok\u013cu komisijas priek\u0161s\u0113d\u0113t\u0101ja Inese \u010cIBALA, t\u0101lrunis 25751424.<\/p>\n<p>Sazi\u0146ai jaut\u0101jumos par dz\u012bvojamo telpu \u2013 sabiedr\u012bba ar ierobe\u017eotu atbild\u012bbu \u201cAL\u016aKSNES NAMI\u201d, t\u0101lrunis 64321456, e-pasta adrese: <a href=\"mailto:info@aluksnesnami.lv\">info@aluksnesnami.lv<\/a>.<\/p>\n<p>&nbsp;<\/p>\n","protected":false},"excerpt":{"rendered":"<p>&nbsp; Inform\u0101cijai: dz\u012bvojam\u0101s telpas iz\u012br\u0113jamas pa\u0161vald\u012bbas dz\u012bvok\u013ca jaut\u0101jumu risin\u0101\u0161an\u0101 sniedzam\u0101s pal\u012bdz\u012bbas re\u0123istr\u0101 eso\u0161\u0101m person\u0101m, \u0146emot v\u0113r\u0101 likum\u0101 \u201cPar pal\u012bdz\u012bbu dz\u012bvok\u013ca jaut\u0101jumu risin\u0101\u0161an\u0101\u201d un Al\u016bksnes novada domes 2024. gada 30. maija saisto\u0161ajos noteikumos \u201cPar pal\u012bdz\u012bbu dz\u012bvok\u013ca jaut\u0101jumu risin\u0101\u0161an\u0101 Al\u016bksnes novad\u0101\u201d noteikto&#8230;.<br \/><a class=\"read-more-button\" href=\"https:\/\/aluksne.lv\/index.php\/pasvaldiba\/ipasumi\/pasvaldibai-piederoso-neizireto-dzivojamo-telpu-saraksts\/\">Las\u012bt visu<\/a><\/p>\n","protected":false},"author":1,"featured_media":0,"parent":354,"menu_order":0,"comment_status":"closed","ping_status":"closed","template":"","meta":{"_crdt_document":"","_monsterinsights_skip_tracking":false,"_monsterinsights_sitenote_active":false,"_monsterinsights_sitenote_note":"","_monsterinsights_sitenote_category":0,"footnotes":"","_links_to":"","_links_to_target":""},"class_list":["post-22239","page","type-page","status-publish","hentry"],"_links":{"self":[{"href":"https:\/\/aluksne.lv\/index.php\/wp-json\/wp\/v2\/pages\/22239","targetHints":{"allow":["GET"]}}],"collection":[{"href":"https:\/\/aluksne.lv\/index.php\/wp-json\/wp\/v2\/pages"}],"about":[{"href":"https:\/\/aluksne.lv\/index.php\/wp-json\/wp\/v2\/types\/page"}],"author":[{"embeddable":true,"href":"https:\/\/aluksne.lv\/index.php\/wp-json\/wp\/v2\/users\/1"}],"replies":[{"embeddable":true,"href":"https:\/\/aluksne.lv\/index.php\/wp-json\/wp\/v2\/comments?post=22239"}],"version-history":[{"count":0,"href":"https:\/\/aluksne.lv\/index.php\/wp-json\/wp\/v2\/pages\/22239\/revisions"}],"up":[{"embeddable":true,"href":"https:\/\/aluksne.lv\/index.php\/wp-json\/wp\/v2\/pages\/354"}],"wp:attachment":[{"href":"https:\/\/aluksne.lv\/index.php\/wp-json\/wp\/v2\/media?parent=22239"}],"curies":[{"name":"wp","href":"https:\/\/api.w.org\/{rel}","templated":true}]}}