{"id":23921,"date":"2021-01-29T14:58:41","date_gmt":"2021-01-29T12:58:41","guid":{"rendered":"https:\/\/aluksne.lv\/?page_id=23921"},"modified":"2021-05-21T16:19:29","modified_gmt":"2021-05-21T13:19:29","slug":"velesanu-iecirkni-aluksnes-novada","status":"publish","type":"page","link":"https:\/\/aluksne.lv\/index.php\/pasvaldiba\/velesanu-iecirkni-aluksnes-novada\/","title":{"rendered":"V\u0113l\u0113\u0161anu iecirk\u0146i Al\u016bksnes novad\u0101"},"content":{"rendered":"<p>Saska\u0146\u0101 ar Al\u016bksnes novada domes 2021. gada 28. janv\u0101ra s\u0113des l\u0113mumu Nr.14 \u201cPar Al\u016bksnes novada v\u0113l\u0113\u0161anu iecirk\u0146iem\u201d (s\u0113des protokols Nr.1, 15.\u00a0p.), pamatojoties uz likuma \u201cPar pa\u0161vald\u012bb\u0101m\u201d 21.\u00a0panta pirm\u0101s da\u013cas 27.punktu un Republikas pils\u0113tu un novadu v\u0113l\u0113\u0161anu komisiju un v\u0113l\u0113\u0161anu iecirk\u0146u komisiju likuma 1.\u00a0panta tre\u0161o da\u013cu, Aluksnes novad\u0101 izveidoti \u0161\u0101di v\u0113l\u0113\u0161anu iecirk\u0146i:<\/p>\n<p>&nbsp;<\/p>\n<table style=\"width: 88.8157%;\">\n<tbody>\n<tr>\n<td style=\"width: 8.24135%;\" width=\"63\">\n<p><strong>Nr.p.k.<\/strong><\/p>\n<\/td>\n<td style=\"width: 8.50515%;\" width=\"72\">\n<p><strong>Iecirk\u0146a Nr.<\/strong><\/p>\n<\/td>\n<td style=\"width: 29.7174%;\" width=\"186\">\n<p><strong>Iecirk\u0146a nosaukums<\/strong><\/p>\n<\/td>\n<td style=\"width: 42.2125%;\" width=\"287\">\n<p><strong>Iecirk\u0146a adrese<\/strong><\/p>\n<\/td>\n<\/tr>\n<tr>\n<td style=\"width: 8.24135%;\" width=\"63\">\n<p>1.<\/p>\n<\/td>\n<td style=\"width: 8.50515%;\" width=\"106\">\n<p>293.<\/p>\n<\/td>\n<td style=\"width: 29.7174%;\" width=\"344\">\n<p>Al\u016bksnes pils\u0113tas administrat\u012bv\u0101 \u0113ka<\/p>\n<\/td>\n<td style=\"width: 42.2125%;\" width=\"504\">\n<p>D\u0101rza iela 11, Al\u016bksne, Al\u016bksnes novads<\/p>\n<\/td>\n<\/tr>\n<tr>\n<td style=\"width: 8.24135%;\" width=\"63\">\n<p>2.<\/p>\n<\/td>\n<td style=\"width: 8.50515%;\" width=\"106\">\n<p>295.<\/p>\n<\/td>\n<td style=\"width: 29.7174%;\" width=\"344\">\n<p>Al\u016bksnes novada vidusskola<\/p>\n<\/td>\n<td style=\"width: 42.2125%;\" width=\"504\">\n<p>Kanavi\u0146u iela 14, Al\u016bksne, Al\u016bksnes novads<\/p>\n<\/td>\n<\/tr>\n<tr>\n<td style=\"width: 8.24135%;\" width=\"63\">\n<p>3.<\/p>\n<\/td>\n<td style=\"width: 8.50515%;\" width=\"106\">\n<p>296.<\/p>\n<\/td>\n<td style=\"width: 29.7174%;\" width=\"344\">\n<p>SIA &#8220;Al\u016bksnes energoceltnieks&#8221; \u0113ka<\/p>\n<\/td>\n<td style=\"width: 42.2125%;\" width=\"504\">\n<p>Apes iela 4, Al\u016bksne, Al\u016bksnes novads<\/p>\n<\/td>\n<\/tr>\n<tr>\n<td style=\"width: 8.24135%;\" width=\"63\">\n<p>4.<\/p>\n<\/td>\n<td style=\"width: 8.50515%;\" width=\"106\">\n<p>298.<\/p>\n<\/td>\n<td style=\"width: 29.7174%;\" width=\"344\">\n<p>Alsvi\u0137u kult\u016bras nams<\/p>\n<\/td>\n<td style=\"width: 42.2125%;\" width=\"504\">\n<p>&#8220;Kult\u016bras nams-Alsvi\u0137i&#8221;, Alsvi\u0137i, Alsvi\u0137u pag., Al\u016bksnes nov.<\/p>\n<\/td>\n<\/tr>\n<tr>\n<td style=\"width: 8.24135%;\" width=\"63\">\n<p>5.<\/p>\n<\/td>\n<td style=\"width: 8.50515%;\" width=\"106\">\n<p>299.<\/p>\n<\/td>\n<td style=\"width: 29.7174%;\" width=\"344\">\n<p>Strauti\u0146u pamatskola<\/p>\n<\/td>\n<td style=\"width: 42.2125%;\" width=\"504\">\n<p>&#8220;Strauti\u0146u Pamatskola&#8221;, Strauti\u0146i, Alsvi\u0137u pag., Al\u016bksnes nov.<\/p>\n<\/td>\n<\/tr>\n<tr>\n<td style=\"width: 8.24135%;\" width=\"63\">\n<p>6.<\/p>\n<\/td>\n<td style=\"width: 8.50515%;\" width=\"106\">\n<p>300.<\/p>\n<\/td>\n<td style=\"width: 29.7174%;\" width=\"344\">\n<p>Annas kult\u016bras nams<\/p>\n<\/td>\n<td style=\"width: 42.2125%;\" width=\"504\">\n<p>&#8220;Tautas nams&#8221;, Anna, Annas pagasts, Al\u016bksnes novads<\/p>\n<\/td>\n<\/tr>\n<tr>\n<td style=\"width: 8.24135%;\" width=\"63\">\n<p>7.<\/p>\n<\/td>\n<td style=\"width: 8.50515%;\" width=\"106\">\n<p>302.<\/p>\n<\/td>\n<td style=\"width: 29.7174%;\" width=\"344\">\n<p>Sporta, kult\u016bras, intere\u0161u izgl\u012bt\u012bbas un m\u016b\u017eizgl\u012bt\u012bbas centrs &#8220;Dailes&#8221;<\/p>\n<\/td>\n<td style=\"width: 42.2125%;\" width=\"504\">\n<p>&#8220;Dailes&#8221;, Jaunzemi, Ilzenes pagasts, Al\u016bksnes novads<\/p>\n<\/td>\n<\/tr>\n<tr>\n<td style=\"width: 8.24135%;\" width=\"63\">\n<p>8.<\/p>\n<\/td>\n<td style=\"width: 8.50515%;\" width=\"106\">\n<p>304.<\/p>\n<\/td>\n<td style=\"width: 29.7174%;\" width=\"344\">\n<p>Kolber\u0123a tautas nams<\/p>\n<\/td>\n<td style=\"width: 42.2125%;\" width=\"504\">\n<p>&#8220;D\u0101lderi&#8221;, Kolber\u0123is, Jaunal\u016bksnes pagasts, Al\u016bksnes novads<\/p>\n<\/td>\n<\/tr>\n<tr>\n<td style=\"width: 8.24135%;\" width=\"63\">\n<p>9.<\/p>\n<\/td>\n<td style=\"width: 8.50515%;\" width=\"106\">\n<p>305.<\/p>\n<\/td>\n<td style=\"width: 29.7174%;\" width=\"344\">\n<p>Jaunannas tautas nams<\/p>\n<\/td>\n<td style=\"width: 42.2125%;\" width=\"504\">\n<p>&#8220;Z\u012bles&#8221;, Jaunanna, Jaunannas pagasts, Al\u016bksnes novads<\/p>\n<\/td>\n<\/tr>\n<tr>\n<td style=\"width: 8.24135%;\" width=\"63\">\n<p>10.<\/p>\n<\/td>\n<td style=\"width: 8.50515%;\" width=\"106\">\n<p>306.<\/p>\n<\/td>\n<td style=\"width: 29.7174%;\" width=\"344\">\n<p>Jaunlaicenes pamatskola<\/p>\n<\/td>\n<td style=\"width: 42.2125%;\" width=\"504\">\n<p>&#8220;Lazdi\u0146as&#8221;, Jaunlaicene, Jaunlaicenes pagasts, Al\u016bksnes novads<\/p>\n<\/td>\n<\/tr>\n<tr>\n<td style=\"width: 8.24135%;\" width=\"63\">\n<p>11.<\/p>\n<\/td>\n<td style=\"width: 8.50515%;\" width=\"106\">\n<p>307.<\/p>\n<\/td>\n<td style=\"width: 29.7174%;\" width=\"344\">\n<p>Kalncempju pagasta p\u0101rvalde<\/p>\n<\/td>\n<td style=\"width: 42.2125%;\" width=\"504\">\n<p>&#8220;Cempji 4&#8221;, Kalncempji, Kalncempju pagasts, Al\u016bksnes novads<\/p>\n<\/td>\n<\/tr>\n<tr>\n<td style=\"width: 8.24135%;\" width=\"63\">\n<p>12.<\/p>\n<\/td>\n<td style=\"width: 8.50515%;\" width=\"106\">\n<p>308.<\/p>\n<\/td>\n<td style=\"width: 29.7174%;\" width=\"344\">\n<p>Liepnas tautas nams<\/p>\n<\/td>\n<td style=\"width: 42.2125%;\" width=\"504\">\n<p>\u201eBirz\u012btes\u201d, Liepna, Liepnas pagasts, Al\u016bksnes novads<\/p>\n<\/td>\n<\/tr>\n<tr>\n<td style=\"width: 8.24135%;\" width=\"63\">\n<p>13.<\/p>\n<\/td>\n<td style=\"width: 8.50515%;\" width=\"106\">\n<p>309.<\/p>\n<\/td>\n<td style=\"width: 29.7174%;\" width=\"344\">\n<p>Malienas tautas nams<\/p>\n<\/td>\n<td style=\"width: 42.2125%;\" width=\"504\">\n<p>&#8220;Brenci&#8221;, Brenci, Malienas pagasts, Al\u016bksnes novads<\/p>\n<\/td>\n<\/tr>\n<tr>\n<td style=\"width: 8.24135%;\" width=\"63\">\n<p>14.<\/p>\n<\/td>\n<td style=\"width: 8.50515%;\" width=\"106\">\n<p>310.<\/p>\n<\/td>\n<td style=\"width: 29.7174%;\" width=\"344\">\n<p>M\u0101lupes Saieta nams<\/p>\n<\/td>\n<td style=\"width: 42.2125%;\" width=\"504\">\n<p>&#8220;Austri\u0146i&#8221;, M\u0101lupe, M\u0101lupes pagasts, Al\u016bksnes novads<\/p>\n<\/td>\n<\/tr>\n<tr>\n<td style=\"width: 8.24135%;\" width=\"63\">\n<p>15.<\/p>\n<\/td>\n<td style=\"width: 8.50515%;\" width=\"106\">\n<p>311.<\/p>\n<\/td>\n<td style=\"width: 29.7174%;\" width=\"344\">\n<p>M\u0101rkalnes tautas nams<\/p>\n<\/td>\n<td style=\"width: 42.2125%;\" width=\"504\">\n<p>&#8220;Pagastm\u0101ja&#8221;, M\u0101rkalne, M\u0101rkalnes pagasts, Al\u016bksnes novads<\/p>\n<\/td>\n<\/tr>\n<tr>\n<td style=\"width: 8.24135%;\" width=\"63\">\n<p>16.<\/p>\n<\/td>\n<td style=\"width: 8.50515%;\" width=\"106\">\n<p>312.<\/p>\n<\/td>\n<td style=\"width: 29.7174%;\" width=\"344\">\n<p>Pededzes tautas nams<\/p>\n<\/td>\n<td style=\"width: 42.2125%;\" width=\"504\">\n<p>&#8220;Krustceles&#8221;, Pededze, Pededzes pagasts, Al\u016bksnes novads<\/p>\n<\/td>\n<\/tr>\n<tr>\n<td style=\"width: 8.24135%;\" width=\"63\">\n<p>17.<\/p>\n<\/td>\n<td style=\"width: 8.50515%;\" width=\"106\">\n<p>314.<\/p>\n<\/td>\n<td style=\"width: 29.7174%;\" width=\"344\">\n<p>Veclaicenes pagasta p\u0101rvalde<\/p>\n<\/td>\n<td style=\"width: 42.2125%;\" width=\"504\">\n<p>&#8220;Vai\u0146agi&#8221;, Korneti, Veclaicenes pagasts, Al\u016bksnes novads<\/p>\n<\/td>\n<\/tr>\n<tr>\n<td style=\"width: 8.24135%;\" width=\"63\">\n<p>18.<\/p>\n<\/td>\n<td style=\"width: 8.50515%;\" width=\"106\">\n<p>316.<\/p>\n<\/td>\n<td style=\"width: 29.7174%;\" width=\"344\">\n<p>Zelti\u0146u pagasta p\u0101rvalde<\/p>\n<\/td>\n<td style=\"width: 42.2125%;\" width=\"504\">\n<p>&#8220;Strazdi\u0146i\u201d, Zelti\u0146i, Zelti\u0146u pagasts, Al\u016bksnes novads<\/p>\n<\/td>\n<\/tr>\n<tr>\n<td style=\"width: 8.24135%;\" width=\"63\">\n<p>19.<\/p>\n<\/td>\n<td style=\"width: 8.50515%;\" width=\"106\">\n<p>317.<\/p>\n<\/td>\n<td style=\"width: 29.7174%;\" width=\"344\">\n<p>Ziemeru pagasta p\u0101rvalde<\/p>\n<\/td>\n<td style=\"width: 42.2125%;\" width=\"504\">\n<p>&#8220;Pagastm\u0101ja&#8221;, M\u0101ri\u0146kalns, Ziemera pagasts, Al\u016bksnes novads<\/p>\n<\/td>\n<\/tr>\n<\/tbody>\n<\/table>\n<p>Saska\u0146\u0101 ar iepriek\u0161 min\u0113to Al\u016bksnes novada domes 2021. gada 28. janv\u0101ra s\u0113des l\u0113mumu atz\u012bt par sp\u0113ku zaud\u0113ju\u0161iem 2017. gada 26. janv\u0101ra Al\u016bksnes novada domes l\u0113mumu Nr.13 \u201cPar Al\u016bksnes novada v\u0113l\u0113\u0161anu iecirk\u0146iem\u201d un 2018. gada 20. decembra l\u0113mumu Nr.455 \u201cPar v\u0113l\u0113\u0161anu iecirk\u0146a Nr.293 Al\u016bksnes pils\u0113t\u0101 atra\u0161an\u0101s vietas noteik\u0161anu\u201d.<\/p>\n","protected":false},"excerpt":{"rendered":"<p>Saska\u0146\u0101 ar Al\u016bksnes novada domes 2021. gada 28. janv\u0101ra s\u0113des l\u0113mumu Nr.14 \u201cPar Al\u016bksnes novada v\u0113l\u0113\u0161anu iecirk\u0146iem\u201d (s\u0113des protokols Nr.1, 15.\u00a0p.), pamatojoties uz likuma \u201cPar pa\u0161vald\u012bb\u0101m\u201d 21.\u00a0panta pirm\u0101s da\u013cas 27.punktu un Republikas pils\u0113tu un novadu v\u0113l\u0113\u0161anu komisiju un v\u0113l\u0113\u0161anu iecirk\u0146u&#8230;<br \/><a class=\"read-more-button\" href=\"https:\/\/aluksne.lv\/index.php\/pasvaldiba\/velesanu-iecirkni-aluksnes-novada\/\">Las\u012bt visu<\/a><\/p>\n","protected":false},"author":1,"featured_media":0,"parent":6,"menu_order":0,"comment_status":"closed","ping_status":"closed","template":"","meta":{"_crdt_document":"","_monsterinsights_skip_tracking":false,"_monsterinsights_sitenote_active":false,"_monsterinsights_sitenote_note":"","_monsterinsights_sitenote_category":0,"footnotes":"","_links_to":"","_links_to_target":""},"class_list":["post-23921","page","type-page","status-publish","hentry"],"_links":{"self":[{"href":"https:\/\/aluksne.lv\/index.php\/wp-json\/wp\/v2\/pages\/23921","targetHints":{"allow":["GET"]}}],"collection":[{"href":"https:\/\/aluksne.lv\/index.php\/wp-json\/wp\/v2\/pages"}],"about":[{"href":"https:\/\/aluksne.lv\/index.php\/wp-json\/wp\/v2\/types\/page"}],"author":[{"embeddable":true,"href":"https:\/\/aluksne.lv\/index.php\/wp-json\/wp\/v2\/users\/1"}],"replies":[{"embeddable":true,"href":"https:\/\/aluksne.lv\/index.php\/wp-json\/wp\/v2\/comments?post=23921"}],"version-history":[{"count":0,"href":"https:\/\/aluksne.lv\/index.php\/wp-json\/wp\/v2\/pages\/23921\/revisions"}],"up":[{"embeddable":true,"href":"https:\/\/aluksne.lv\/index.php\/wp-json\/wp\/v2\/pages\/6"}],"wp:attachment":[{"href":"https:\/\/aluksne.lv\/index.php\/wp-json\/wp\/v2\/media?parent=23921"}],"curies":[{"name":"wp","href":"https:\/\/api.w.org\/{rel}","templated":true}]}}