{"id":25477,"date":"2021-04-22T14:47:20","date_gmt":"2021-04-22T11:47:20","guid":{"rendered":"https:\/\/aluksne.lv\/?page_id=25477"},"modified":"2025-08-26T14:36:30","modified_gmt":"2025-08-26T11:36:30","slug":"informacija-par-pakalpojumu-izmaksam","status":"publish","type":"page","link":"https:\/\/aluksne.lv\/index.php\/pasvaldiba\/socialas-un-citas-iestades\/aluksnes-novada-socialais-dienests\/informacija-par-pakalpojumu-izmaksam\/","title":{"rendered":"Inform\u0101cija par pakalpojumu izmaks\u0101m"},"content":{"rendered":"<p>&nbsp;<\/p>\n<table class=\"pienem\" style=\"width: 100%; height: 1063px;\">\n<tbody>\n<tr style=\"height: 78px;\">\n<td style=\"width: 38.9744%; height: 10px;\" width=\"319\">\n<p><strong>Pakalpojumi<\/strong><\/p>\n<\/td>\n<td style=\"width: 61.0256%; height: 10px;\" width=\"256\">\n<p><strong>Maksa par pakalpojumu (EUR)<\/strong><\/p>\n<\/td>\n<\/tr>\n<tr>\n<td style=\"width: 38.9744%;\" width=\"372\">\n<p>Maksa par ilgsto\u0161as soci\u0101l\u0101s apr\u016bpes un soci\u0101l\u0101s rehabilit\u0101cijas pakalpojumu Soci\u0101l\u0101s apr\u016bpes centr\u0101 \u201eAl\u016bksne\u201d<\/p>\n<p>\n<\/p>\n<\/td>\n<td style=\"width: 61.0256%;\" width=\"236\">\n<p><em>900,23 euro<\/em> m\u0113nes\u012b vienai personai<\/p>\n<p>Noteikt\u0101 maksa apg\u0101dniekam\/iem par pakalpojumu: l\u012bdz 50% apm\u0113r\u0101 no noteikt\u0101s pakalpojuma maksas m\u0113nes\u012b, piem\u0113rojot normat\u012bvajos aktos paredz\u0113tos atvieglojumus.<\/p>\n<\/td>\n<\/tr>\n<tr>\n<td style=\"width: 38.9744%;\" width=\"372\">\n<p>Maksa par ilgsto\u0161as soci\u0101l\u0101s apr\u016bpes un soci\u0101l\u0101s rehabilit\u0101cijas pakalpojumu Soci\u0101l\u0101s apr\u016bpes centr\u0101 \u201eP\u012bl\u0101d\u017ei\u201d<\/p>\n<p>\n<\/p>\n<\/td>\n<td style=\"width: 61.0256%;\" width=\"236\">\n<p><em>1010,22 euro<\/em> m\u0113nes\u012b vienai personai<\/p>\n<p>Noteikt\u0101 maksa apg\u0101dniekam\/iem par pakalpojumu: l\u012bdz 50% apm\u0113r\u0101 no noteikt\u0101s pakalpojuma maksas m\u0113nes\u012b, piem\u0113rojot normat\u012bvajos aktos paredz\u0113tos atvieglojumus.<\/p>\n<\/td>\n<\/tr>\n<tr>\n<td style=\"width: 38.9744%;\" width=\"372\">\n<p>Ve\u013cas mazg\u0101\u0161anas pakalpojums<\/p>\n<\/td>\n<td style=\"width: 61.0256%;\" width=\"236\">\n<p><em>5.02 euro<\/em> (ar PVN) par vienu mazg\u0101\u0161anas ciklu<\/p>\n<p>Pakalpojumu var sa\u0146emt persona, kurai pie\u0161\u0137irts tr\u016bc\u012bgas vai maznodro\u0161in\u0101tas m\u0101jsaimniec\u012bbas statuss, kurai tiek piem\u0113rota 100% atlaide noteiktajai maksai.<\/p>\n<\/td>\n<\/tr>\n<tr>\n<td style=\"width: 38.9744%;\" width=\"372\">\n<p>Du\u0161as izmanto\u0161ana (Uzvaras iel\u0101 1, Al\u016bksn\u0113)<\/p>\n<p>&nbsp;<\/p>\n<\/td>\n<td style=\"width: 61.0256%;\" width=\"236\">\n<p><em>3,23 euro<\/em> (ar PVN) par vienu reizi<\/p>\n<p>Pakalpojumu var sa\u0146emt persona, kurai pie\u0161\u0137irts tr\u016bc\u012bgas vai maznodro\u0161in\u0101tas m\u0101jsaimniec\u012bbas statuss, kurai tiek piem\u0113rota 100% atlaide noteiktajai maksai.<\/p>\n<\/td>\n<\/tr>\n<tr>\n<td style=\"width: 38.9744%;\" width=\"372\">\n<p>Dienas apr\u016bpes centra \u201eSaules stars\u201d pakalpojums<\/p>\n<p>&nbsp;<\/p>\n<p>&nbsp;<\/p>\n<\/td>\n<td style=\"width: 61.0256%;\" width=\"236\">\n<p><em>37,52 euro<\/em> dien\u0101, jeb 4,69 <em>euro <\/em>stund\u0101<\/p>\n<p>100% atlaide noteiktajai maksai, personai, kurai pie\u0161\u0137irts tr\u016bc\u012bgas vai maznodro\u0161in\u0101tas m\u0101jsaimniec\u012bbas statuss.<\/p>\n<p>80% atlaide noteiktai maksai, personai kuru deklar\u0113t\u0101 dz\u012bvesvieta ir Al\u016bksnes novada administrat\u012bvaj\u0101 teritorij\u0101, pakalpojuma maksa tiek piem\u0113rota iev\u0113rojot MK noteikumus Nr. 275,(l\u012bdzek\u013ci p\u0113c pakalpojuma samaksas \u0123imenes r\u012bc\u012bb\u0101, nedr\u012bkst b\u016bt maz\u0101ki par summu, kura apr\u0113\u0137in\u0101ta, reizinot valst\u012b noteikto minim\u0101lo algu ar \u0161\u0101du koeficientu:<\/p>\n<p>par vienas personas \u0123imeni &#8211; min.alga x 1,0<br \/>\npar katru n\u0101kamo \u0123imenes locekli &#8211; min.alga x 0,5<\/p>\n<\/td>\n<\/tr>\n<tr>\n<td style=\"width: 38.9744%;\" width=\"372\">\n<p>Dienas apr\u016bpes centra \u201eSaules za\u0137i\u201d pakalpojums<\/p>\n<p>&nbsp;<\/p>\n<p>&nbsp;<\/p>\n<\/td>\n<td style=\"width: 61.0256%;\" width=\"236\">\n<p><em>74,88 euro<\/em> dien\u0101, jeb 9,36 <em>euro <\/em>stund\u0101<em>.<\/em><\/p>\n<p>100% atlaide noteikta maksai, personai, kurai pie\u0161\u0137irts tr\u016bc\u012bgas vai maznodro\u0161in\u0101tas m\u0101jsaimniec\u012bbas statuss.<\/p>\n<p>80% atlaide noteiktai maksai, personai, kuru deklar\u0113t\u0101 dz\u012bvesvieta ir Al\u016bksnes novada administrat\u012bvaj\u0101 teritorij\u0101, pakalpojuma maksa tiek piem\u0113rota iev\u0113rojot MK noteikumus Nr. 275,(l\u012bdzek\u013ci p\u0113c pakalpojuma samaksas \u0123imenes r\u012bc\u012bb\u0101, nedr\u012bkst b\u016bt maz\u0101ki par summu, kura apr\u0113\u0137in\u0101ta, reizinot valst\u012b noteikto minim\u0101lo algu ar \u0161\u0101du koeficientu:<\/p>\n<p>par vienas personas \u0123imeni &#8211; min.alga x 1,0<br \/>\npar katru n\u0101kamo \u0123imenes locekli &#8211; min.alga x 0,5<\/p>\n<\/td>\n<\/tr>\n<tr>\n<td style=\"width: 38.9744%;\" width=\"372\">\n<p>\u201eSpecializ\u0113t\u0101s darbn\u012bcas\u201d pakalpojums<\/p>\n<p>&nbsp;<\/p>\n<p>&nbsp;<\/p>\n<\/td>\n<td style=\"width: 61.0256%;\" width=\"236\">\n<p><em>50,72 euro<\/em> dien\u0101, jeb 6,34 <em>euro <\/em>stund\u0101<em>.<\/em><\/p>\n<p>100% atlaide noteiktajai maksai, personai, kurai pie\u0161\u0137irts tr\u016bc\u012bgas vai maznodro\u0161in\u0101tas m\u0101jsaimniec\u012bbas statuss.<\/p>\n<p>80% atlaide noteiktajai maksai, personai kuru deklar\u0113t\u0101 dz\u012bvesvieta ir Al\u016bksnes novada administrat\u012bvaj\u0101 teritorij\u0101, pakalpojuma maksa tiek piem\u0113rota iev\u0113rojot MK noteikumus Nr. 275,(l\u012bdzek\u013ci p\u0113c pakalpojuma samaksas \u0123imenes r\u012bc\u012bb\u0101, nedr\u012bkst b\u016bt maz\u0101ki par summu, kura apr\u0113\u0137in\u0101ta, reizinot valst\u012b noteikto minim\u0101lo algu ar \u0161\u0101du koeficientu:<\/p>\n<p>par vienas personas \u0123imeni &#8211; min.alga x 1,0<br \/>\npar katru n\u0101kamo \u0123imenes locekli &#8211; min.alga x 0,5<\/p>\n<\/td>\n<\/tr>\n<tr>\n<td style=\"width: 38.9744%;\" width=\"372\">\n<p>Soci\u0101l\u0101s apr\u016bpes pakalpojums dz\u012bvesviet\u0101<\/p>\n<p>&nbsp;<\/p>\n<p>&nbsp;<\/p>\n<\/td>\n<td style=\"width: 61.0256%;\" width=\"236\">\n<p>9,40 <em>euro<\/em> stund\u0101:<\/p>\n<p>100% atlaide noteiktajai maksai Al\u016bksnes novada administrat\u012bvaj\u0101 teritorij\u0101 deklar\u0113tai personai ar funkcion\u0101liem trauc\u0113jumiem, kura nesp\u0113j patst\u0101v\u012bgi veikt ikdienas m\u0101jas darbus vai pa\u0161apr\u016bpi, dz\u012bvo viena (nav apg\u0101dnieku) un \u00a0personai pie\u0161\u0137irts tr\u016bc\u012bgas\/ maznodro\u0161in\u0101tas m\u0101jsaimniec\u012bbas statuss.<\/p>\n<\/td>\n<\/tr>\n<tr>\n<td style=\"width: 38.9744%;\" width=\"372\">\n<p>Atbalsta grupas pakalpojums pieaugu\u0161\u0101m person\u0101m un b\u0113rniem<\/p>\n<\/td>\n<td style=\"width: 61.0256%;\" width=\"236\">\n<p>6,40 <em>euro <\/em>par vienu nodarb\u012bbu<\/p>\n<p>No maksas atbr\u012bvotas personas, kuru deklar\u0113t\u0101 dz\u012bvesvieta ir Al\u016bksnes novada administrat\u012bvaj\u0101 teritorij\u0101.<\/p>\n<\/td>\n<\/tr>\n<tr>\n<td style=\"width: 38.9744%;\" width=\"258\">\u00a0<\/td>\n<td style=\"width: 61.0256%;\" width=\"350\">\u00a0<\/td>\n<\/tr>\n<\/tbody>\n<\/table>\n","protected":false},"excerpt":{"rendered":"<p>&nbsp; Pakalpojumi Maksa par pakalpojumu (EUR) Maksa par ilgsto\u0161as soci\u0101l\u0101s apr\u016bpes un soci\u0101l\u0101s rehabilit\u0101cijas pakalpojumu Soci\u0101l\u0101s apr\u016bpes centr\u0101 \u201eAl\u016bksne\u201d 900,23 euro m\u0113nes\u012b vienai personai Noteikt\u0101 maksa apg\u0101dniekam\/iem par pakalpojumu: l\u012bdz 50% apm\u0113r\u0101 no noteikt\u0101s pakalpojuma maksas m\u0113nes\u012b, piem\u0113rojot normat\u012bvajos aktos&#8230;<br \/><a class=\"read-more-button\" href=\"https:\/\/aluksne.lv\/index.php\/pasvaldiba\/socialas-un-citas-iestades\/aluksnes-novada-socialais-dienests\/informacija-par-pakalpojumu-izmaksam\/\">Las\u012bt visu<\/a><\/p>\n","protected":false},"author":1,"featured_media":0,"parent":2151,"menu_order":0,"comment_status":"closed","ping_status":"closed","template":"","meta":{"_crdt_document":"","_monsterinsights_skip_tracking":false,"_monsterinsights_sitenote_active":false,"_monsterinsights_sitenote_note":"","_monsterinsights_sitenote_category":0,"footnotes":"","_links_to":"","_links_to_target":""},"class_list":["post-25477","page","type-page","status-publish","hentry"],"_links":{"self":[{"href":"https:\/\/aluksne.lv\/index.php\/wp-json\/wp\/v2\/pages\/25477","targetHints":{"allow":["GET"]}}],"collection":[{"href":"https:\/\/aluksne.lv\/index.php\/wp-json\/wp\/v2\/pages"}],"about":[{"href":"https:\/\/aluksne.lv\/index.php\/wp-json\/wp\/v2\/types\/page"}],"author":[{"embeddable":true,"href":"https:\/\/aluksne.lv\/index.php\/wp-json\/wp\/v2\/users\/1"}],"replies":[{"embeddable":true,"href":"https:\/\/aluksne.lv\/index.php\/wp-json\/wp\/v2\/comments?post=25477"}],"version-history":[{"count":0,"href":"https:\/\/aluksne.lv\/index.php\/wp-json\/wp\/v2\/pages\/25477\/revisions"}],"up":[{"embeddable":true,"href":"https:\/\/aluksne.lv\/index.php\/wp-json\/wp\/v2\/pages\/2151"}],"wp:attachment":[{"href":"https:\/\/aluksne.lv\/index.php\/wp-json\/wp\/v2\/media?parent=25477"}],"curies":[{"name":"wp","href":"https:\/\/api.w.org\/{rel}","templated":true}]}}