{"id":30260,"date":"2022-01-07T15:09:18","date_gmt":"2022-01-07T13:09:18","guid":{"rendered":"https:\/\/aluksne.lv\/?page_id=30260"},"modified":"2022-01-07T15:46:10","modified_gmt":"2022-01-07T13:46:10","slug":"energoparvaldibas-sistema","status":"publish","type":"page","link":"https:\/\/aluksne.lv\/index.php\/pasvaldiba\/dokumenti\/energoparvaldibas-sistema\/","title":{"rendered":"ENERGOP\u0100RVALD\u012aBAS SIST\u0112MA"},"content":{"rendered":"<p>&nbsp;<\/p>\n<table class=\"hoverTable\" style=\"width: 100%; height: 45px;\">\n<tbody>\n<tr style=\"height: 45px;\">\n<td style=\"width: 33%; height: 45px;\"><a href=\"https:\/\/aluksne.lv\/zpp_dlemumi\/2021\/2309\/Energetikas_ricibas_plans.pdf\" target=\"_blank\" rel=\"noopener\">Al\u016bksnes novada Ilgtsp\u0113j\u012bgas ener\u0123\u0113tikas r\u012bc\u012bbas pl\u0101ns<\/a><\/td>\n<td style=\"width: 33%; height: 45px;\"><a href=\"https:\/\/aluksne.lv\/wp-content\/uploads\/2022\/01\/Energopolitika.pdf\" target=\"_blank\" rel=\"noopener\">Al\u016bksnes novada pa\u0161vald\u012bbas energopolitika<\/a><\/td>\n<td style=\"width: 33%; height: 45px;\"><a href=\"https:\/\/aluksne.lv\/wp-content\/uploads\/2022\/01\/Sert_Aluksnes.pasvaldiba_ISO.50001_2021_lv.pdf\" target=\"_blank\" rel=\"noopener\">Energop\u0101rvald\u012bbas sist\u0113mas sertifik\u0101ts<\/a><\/td>\n<\/tr>\n<\/tbody>\n<\/table>\n<p>&nbsp;<\/p>\n","protected":false},"excerpt":{"rendered":"<p>&nbsp; Al\u016bksnes novada Ilgtsp\u0113j\u012bgas ener\u0123\u0113tikas r\u012bc\u012bbas pl\u0101ns Al\u016bksnes novada pa\u0161vald\u012bbas energopolitika Energop\u0101rvald\u012bbas sist\u0113mas sertifik\u0101ts &nbsp;<\/p>\n","protected":false},"author":1,"featured_media":0,"parent":352,"menu_order":0,"comment_status":"closed","ping_status":"closed","template":"","meta":{"_crdt_document":"","_monsterinsights_skip_tracking":false,"_monsterinsights_sitenote_active":false,"_monsterinsights_sitenote_note":"","_monsterinsights_sitenote_category":0,"footnotes":"","_links_to":"","_links_to_target":""},"class_list":["post-30260","page","type-page","status-publish","hentry"],"_links":{"self":[{"href":"https:\/\/aluksne.lv\/index.php\/wp-json\/wp\/v2\/pages\/30260","targetHints":{"allow":["GET"]}}],"collection":[{"href":"https:\/\/aluksne.lv\/index.php\/wp-json\/wp\/v2\/pages"}],"about":[{"href":"https:\/\/aluksne.lv\/index.php\/wp-json\/wp\/v2\/types\/page"}],"author":[{"embeddable":true,"href":"https:\/\/aluksne.lv\/index.php\/wp-json\/wp\/v2\/users\/1"}],"replies":[{"embeddable":true,"href":"https:\/\/aluksne.lv\/index.php\/wp-json\/wp\/v2\/comments?post=30260"}],"version-history":[{"count":0,"href":"https:\/\/aluksne.lv\/index.php\/wp-json\/wp\/v2\/pages\/30260\/revisions"}],"up":[{"embeddable":true,"href":"https:\/\/aluksne.lv\/index.php\/wp-json\/wp\/v2\/pages\/352"}],"wp:attachment":[{"href":"https:\/\/aluksne.lv\/index.php\/wp-json\/wp\/v2\/media?parent=30260"}],"curies":[{"name":"wp","href":"https:\/\/api.w.org\/{rel}","templated":true}]}}