{"id":33468,"date":"2022-06-27T14:55:14","date_gmt":"2022-06-27T11:55:14","guid":{"rendered":"https:\/\/aluksne.lv\/?page_id=33468"},"modified":"2024-08-26T16:38:29","modified_gmt":"2024-08-26T13:38:29","slug":"pa-spodra-attistibas-strategijas","status":"publish","type":"page","link":"https:\/\/aluksne.lv\/index.php\/pasvaldiba\/socialas-un-citas-iestades\/pasvaldibas-agentura-spodra\/pa-spodra-attistibas-strategijas\/","title":{"rendered":"PA &#8220;SPODRA&#8221; ATT\u012aST\u012aBAS STRAT\u0112\u0122IJAS"},"content":{"rendered":"<p>&nbsp;<\/p>\n<p><a href=\"https:\/\/aluksne.lv\/zpp_dlemumi\/2021\/0203\/SPODRA_strategija (1).docx\">Al\u016bksnes novada pa\u0161vald\u012bbas a\u0123ent\u016bras \u201cSPODRA\u201d vid\u0113ja termi\u0146a att\u012bst\u012bbas strat\u0113\u0123ija 2021.\u00a0&#8211;\u00a02023.\u00a0gadam<\/a><\/p>\n<p><a href=\"http:\/\/www.aluksne.lv\/zpp_dlemumi\/2018\/31.01\/SPODRA_Videjas_darbibas_strategija_2018-2020.doc\">Al\u016bksnes novada pa\u0161vald\u012bbas a\u0123ent\u016bras \u201cSPODRA\u201d vid\u0113ja termi\u0146a att\u012bst\u012bbas strat\u0113\u0123ija 2018. \u2013 2020.gadam<\/a><\/p>\n<p><a href=\"http:\/\/www.aluksne.lv\/iestades\/spodra\/SPODRA_Videjas%20darbibas%20strategija%202015-2017.doc\">Al\u016bksnes novada pa\u0161vald\u012bbas a\u0123ent\u016bras \u201cSPODRA\u201d vid\u0113ja termi\u0146a att\u012bst\u012bbas strat\u0113\u0123ija 2015. \u2013 2017.gadam<\/a><\/p>\n<p><a href=\"http:\/\/www.aluksne.lv\/iestades\/spodra\/spodra_att_strategija.doc\">Al\u016bksnes novada pa\u0161vald\u012bbas a\u0123ent\u016bras \u201cSPODRA\u201d vid\u0113ja termi\u0146a att\u012bst\u012bbas strat\u0113\u0123ija 2012. \u2013 2014.gadam<\/a><\/p>\n","protected":false},"excerpt":{"rendered":"<p>&nbsp; Al\u016bksnes novada pa\u0161vald\u012bbas a\u0123ent\u016bras \u201cSPODRA\u201d vid\u0113ja termi\u0146a att\u012bst\u012bbas strat\u0113\u0123ija 2021.\u00a0&#8211;\u00a02023.\u00a0gadam Al\u016bksnes novada pa\u0161vald\u012bbas a\u0123ent\u016bras \u201cSPODRA\u201d vid\u0113ja termi\u0146a att\u012bst\u012bbas strat\u0113\u0123ija 2018. \u2013 2020.gadam Al\u016bksnes novada pa\u0161vald\u012bbas a\u0123ent\u016bras \u201cSPODRA\u201d vid\u0113ja termi\u0146a att\u012bst\u012bbas strat\u0113\u0123ija 2015. \u2013 2017.gadam Al\u016bksnes novada pa\u0161vald\u012bbas a\u0123ent\u016bras \u201cSPODRA\u201d&#8230;<br \/><a class=\"read-more-button\" href=\"https:\/\/aluksne.lv\/index.php\/pasvaldiba\/socialas-un-citas-iestades\/pasvaldibas-agentura-spodra\/pa-spodra-attistibas-strategijas\/\">Las\u012bt visu<\/a><\/p>\n","protected":false},"author":1,"featured_media":0,"parent":2172,"menu_order":0,"comment_status":"closed","ping_status":"closed","template":"","meta":{"_crdt_document":"","_monsterinsights_skip_tracking":false,"_monsterinsights_sitenote_active":false,"_monsterinsights_sitenote_note":"","_monsterinsights_sitenote_category":0,"footnotes":"","_links_to":"","_links_to_target":""},"class_list":["post-33468","page","type-page","status-publish","hentry"],"_links":{"self":[{"href":"https:\/\/aluksne.lv\/index.php\/wp-json\/wp\/v2\/pages\/33468","targetHints":{"allow":["GET"]}}],"collection":[{"href":"https:\/\/aluksne.lv\/index.php\/wp-json\/wp\/v2\/pages"}],"about":[{"href":"https:\/\/aluksne.lv\/index.php\/wp-json\/wp\/v2\/types\/page"}],"author":[{"embeddable":true,"href":"https:\/\/aluksne.lv\/index.php\/wp-json\/wp\/v2\/users\/1"}],"replies":[{"embeddable":true,"href":"https:\/\/aluksne.lv\/index.php\/wp-json\/wp\/v2\/comments?post=33468"}],"version-history":[{"count":0,"href":"https:\/\/aluksne.lv\/index.php\/wp-json\/wp\/v2\/pages\/33468\/revisions"}],"up":[{"embeddable":true,"href":"https:\/\/aluksne.lv\/index.php\/wp-json\/wp\/v2\/pages\/2172"}],"wp:attachment":[{"href":"https:\/\/aluksne.lv\/index.php\/wp-json\/wp\/v2\/media?parent=33468"}],"curies":[{"name":"wp","href":"https:\/\/api.w.org\/{rel}","templated":true}]}}