{"id":3461,"date":"2015-01-07T13:40:50","date_gmt":"2015-01-07T11:40:50","guid":{"rendered":"http:\/\/aluksne.lv\/?page_id=3461"},"modified":"2025-10-20T15:20:24","modified_gmt":"2025-10-20T12:20:24","slug":"3461-2","status":"publish","type":"page","link":"https:\/\/aluksne.lv\/index.php\/3461-2\/","title":{"rendered":"Vakances"},"content":{"rendered":"<p>&nbsp;<\/p>\n<div class=\"divTable\">\n<div class=\"divTableBody\">\n<div class=\"divTableRow\">\n<div class=\"divTableCellTris\"><a href=\"index.php\/pasvaldiba\/vakances\/\">VAKANCES PA\u0160VALD\u012aB\u0100<\/a><\/div>\n<div class=\"divTableCellTris\"><a href=\"index.php\/pasvaldiba\/vakances\/vakances-novada-uznemumos\/\">VAKANCES UZ\u0145\u0112MUMOS<\/a><\/div>\n<div class=\"divTableCellTris\"><a href=\"index.php\/3461-2\/prakses-iespejas\/\">PRAKSES IESP\u0112JAS<\/a><\/div>\n<\/div>\n<\/div>\n<\/div>\n<p>&nbsp;<\/p>\n<p>&nbsp;<\/p>\n<p>&nbsp;<\/p>\n<p>&nbsp;<\/p>\n<p>&nbsp;<\/p>\n<p>&nbsp;<\/p>\n","protected":false},"excerpt":{"rendered":"<p>&nbsp; VAKANCES PA\u0160VALD\u012aB\u0100 VAKANCES UZ\u0145\u0112MUMOS PRAKSES IESP\u0112JAS &nbsp; &nbsp; &nbsp; &nbsp; &nbsp; &nbsp;<\/p>\n","protected":false},"author":1,"featured_media":0,"parent":0,"menu_order":0,"comment_status":"closed","ping_status":"closed","template":"","meta":{"_crdt_document":"","_monsterinsights_skip_tracking":false,"_monsterinsights_sitenote_active":false,"_monsterinsights_sitenote_note":"","_monsterinsights_sitenote_category":0,"footnotes":"","_links_to":"","_links_to_target":""},"class_list":["post-3461","page","type-page","status-publish","hentry"],"_links":{"self":[{"href":"https:\/\/aluksne.lv\/index.php\/wp-json\/wp\/v2\/pages\/3461","targetHints":{"allow":["GET"]}}],"collection":[{"href":"https:\/\/aluksne.lv\/index.php\/wp-json\/wp\/v2\/pages"}],"about":[{"href":"https:\/\/aluksne.lv\/index.php\/wp-json\/wp\/v2\/types\/page"}],"author":[{"embeddable":true,"href":"https:\/\/aluksne.lv\/index.php\/wp-json\/wp\/v2\/users\/1"}],"replies":[{"embeddable":true,"href":"https:\/\/aluksne.lv\/index.php\/wp-json\/wp\/v2\/comments?post=3461"}],"version-history":[{"count":0,"href":"https:\/\/aluksne.lv\/index.php\/wp-json\/wp\/v2\/pages\/3461\/revisions"}],"wp:attachment":[{"href":"https:\/\/aluksne.lv\/index.php\/wp-json\/wp\/v2\/media?parent=3461"}],"curies":[{"name":"wp","href":"https:\/\/api.w.org\/{rel}","templated":true}]}}