{"id":350,"date":"2016-03-15T06:30:38","date_gmt":"2016-03-15T06:30:38","guid":{"rendered":"http:\/\/aluksne.lv\/jauna1\/?page_id=350"},"modified":"2024-07-08T11:27:07","modified_gmt":"2024-07-08T08:27:07","slug":"kontakti","status":"publish","type":"page","link":"https:\/\/aluksne.lv\/index.php\/pasvaldiba\/kontakti\/","title":{"rendered":"Kontakti"},"content":{"rendered":"<h3>\u00a0<\/h3>\n<h3>Inform\u0101cija par iesniegumu izskat\u012b\u0161anas k\u0101rt\u012bbu Al\u016bksnes novada pa\u0161vald\u012bb\u0101<\/h3>\n<p>&nbsp;<\/p>\n<p>Al\u016bksnes novada pa\u0161vald\u012bbas domes saisto\u0161ie noteikumi Nr. 2\/2023 <a href=\"https:\/\/likumi.lv\/ta\/id\/340763-aluksnes-novada-pasvaldibas-nolikums\">\u201cAl\u016bksnes novada pa\u0161vald\u012bbas nolikums\u201d<\/a> nosaka iesniegumu izskat\u012b\u0161anas k\u0101rt\u012bbu pa\u0161vald\u012bb\u0101.<\/p>\n<ul>\n<li>Saska\u0146\u0101 ar pa\u0161vald\u012bbas nolikumu, iesnieguma vai s\u016bdz\u012bbas re\u0123istr\u0113\u0161anu pa\u0161vald\u012bb\u0101, izskat\u012b\u0161anu vai virz\u012bbu atbilsto\u0161i piekrit\u012bbai nodro\u0161ina iest\u0101des, kur\u0101 tas sa\u0146emts, vad\u012bt\u0101js. K\u0101rt\u012bbu, k\u0101d\u0101 notiek iesniegumu virz\u012bba pa\u0161vald\u012bbas instit\u016bcij\u0101s, nosaka izpilddirektors ar iek\u0161\u0113ju normat\u012bvo aktu.<\/li>\n<li>Mutv\u0101rdos izteiktu iesniegumu, ja uz to nav iesp\u0113jams sniegt atbildi t\u016bl\u012bt, pa\u0161vald\u012bbas darbinieks vai amatpersona, kas to pie\u0146em, noform\u0113 rakstveid\u0101 (nor\u0101dot iesniedz\u0113ja v\u0101rdu, uzv\u0101rdu, kontaktinform\u0101ciju) un to izskat\u012b\u0161an\u0101 iev\u0113ro tos pa\u0161us noteikumus, k\u0101di attiecas uz rakstveida iesniegumiem.<\/li>\n<li>Anon\u012bma iesnieguma vai iesnieguma, kura noform\u0113jums neatbilst normat\u012bvo aktu pras\u012bb\u0101m, t\u0101l\u0101ku virz\u012bbu izv\u0113rt\u0113 iest\u0101des, kur\u0101 tas sa\u0146emts, vad\u012bt\u0101js. Ja, atbilsto\u0161i saturam, pa\u0161vald\u012bbai nav pien\u0101kums rea\u0123\u0113t uz iesniegum\u0101 nor\u0101d\u012bto inform\u0101ciju, iesniegums paliek bez t\u0101l\u0101kas virz\u012bbas.<\/li>\n<li>Ja pa\u0161vald\u012bbas domes deput\u0101ts sa\u0146em vi\u0146am person\u012bgi adres\u0113tu iesniegumu, tad atbildi vi\u0146\u0161 sniedz tikai sav\u0101 v\u0101rd\u0101, un tas nav uzskat\u0101ms par domes vai pa\u0161vald\u012bbas viedokli.<\/li>\n<\/ul>\n<table class=\"hoverTable\">\n<tbody>\n<tr>\n<td width=\"33%\"><a href=\"https:\/\/aluksne.lv\/index.php\/pasvaldiba\/kontakti\/administracija\/sazina-ar-pasvaldibu\/\" target=\"new\" rel=\"noopener\">ELEKTRONISKIE SAZI\u0145AS VEIDI<\/a><\/td>\n<td width=\"33%\"><a href=\"index.php\/pasvaldiba\/kontakti\/pasvaldibas-rekviziti\/\">PA\u0160VALD\u012aBAS REKVIZ\u012aTI<\/a><\/td>\n<td width=\"33%\"><a href=\"index.php\/pasvaldiba\/kontakti\/vadiba\/\">VAD\u012aBA<\/a><\/td>\n<\/tr>\n<tr>\n<td width=\"33%\"><a href=\"https:\/\/aluksne.lv\/index.php\/pasvaldiba\/kontakti\/administracija\">CENTR\u0100L\u0100 ADMINISTR\u0100CIJA<\/a><\/td>\n<td width=\"33%\"><a href=\"index.php\/pasvaldiba\/kontakti\/pasvaldibas-iestades\/\">PA\u0160VALD\u012aBAS IEST\u0100DES<\/a><\/td>\n<td width=\"33%\"><a href=\"index.php\/pasvaldiba\/kontakti\/pagastu-parvaldes\/\">AL\u016aKSNES NOVADA PAGASTU APVIEN\u012aBAS P\u0100RVALDE<\/a><\/td>\n<\/tr>\n<tr>\n<td width=\"33%\"><a href=\"index.php\/pasvaldiba\/kontakti\/kapitalsabiedribas\/\">KAPIT\u0100LSABIEDR\u012aBAS<\/a><\/td>\n<td width=\"33%\"><a href=\"index.php\/pasvaldiba\/kontakti\/izglitibas-iestades\/\">IZGL\u012aT\u012aBAS IEST\u0100DES<\/a><\/td>\n<td width=\"33%\"><a href=\"index.php\/pasvaldiba\/kontakti\/kulturas-iestades\/\">KULT\u016aRAS IEST\u0100DES<\/a><\/td>\n<\/tr>\n<\/tbody>\n<\/table>\n","protected":false},"excerpt":{"rendered":"<p>\u00a0 Inform\u0101cija par iesniegumu izskat\u012b\u0161anas k\u0101rt\u012bbu Al\u016bksnes novada pa\u0161vald\u012bb\u0101 &nbsp; Al\u016bksnes novada pa\u0161vald\u012bbas domes saisto\u0161ie noteikumi Nr. 2\/2023 \u201cAl\u016bksnes novada pa\u0161vald\u012bbas nolikums\u201d nosaka iesniegumu izskat\u012b\u0161anas k\u0101rt\u012bbu pa\u0161vald\u012bb\u0101. Saska\u0146\u0101 ar pa\u0161vald\u012bbas nolikumu, iesnieguma vai s\u016bdz\u012bbas re\u0123istr\u0113\u0161anu pa\u0161vald\u012bb\u0101, izskat\u012b\u0161anu vai virz\u012bbu atbilsto\u0161i&#8230;<br \/><a class=\"read-more-button\" href=\"https:\/\/aluksne.lv\/index.php\/pasvaldiba\/kontakti\/\">Las\u012bt visu<\/a><\/p>\n","protected":false},"author":1,"featured_media":0,"parent":6,"menu_order":0,"comment_status":"closed","ping_status":"closed","template":"","meta":{"_crdt_document":"","_monsterinsights_skip_tracking":false,"_monsterinsights_sitenote_active":false,"_monsterinsights_sitenote_note":"","_monsterinsights_sitenote_category":0,"footnotes":"","_links_to":"","_links_to_target":""},"class_list":["post-350","page","type-page","status-publish","hentry"],"_links":{"self":[{"href":"https:\/\/aluksne.lv\/index.php\/wp-json\/wp\/v2\/pages\/350","targetHints":{"allow":["GET"]}}],"collection":[{"href":"https:\/\/aluksne.lv\/index.php\/wp-json\/wp\/v2\/pages"}],"about":[{"href":"https:\/\/aluksne.lv\/index.php\/wp-json\/wp\/v2\/types\/page"}],"author":[{"embeddable":true,"href":"https:\/\/aluksne.lv\/index.php\/wp-json\/wp\/v2\/users\/1"}],"replies":[{"embeddable":true,"href":"https:\/\/aluksne.lv\/index.php\/wp-json\/wp\/v2\/comments?post=350"}],"version-history":[{"count":0,"href":"https:\/\/aluksne.lv\/index.php\/wp-json\/wp\/v2\/pages\/350\/revisions"}],"up":[{"embeddable":true,"href":"https:\/\/aluksne.lv\/index.php\/wp-json\/wp\/v2\/pages\/6"}],"wp:attachment":[{"href":"https:\/\/aluksne.lv\/index.php\/wp-json\/wp\/v2\/media?parent=350"}],"curies":[{"name":"wp","href":"https:\/\/api.w.org\/{rel}","templated":true}]}}