{"id":3768,"date":"2018-02-09T06:35:34","date_gmt":"2018-02-09T06:35:34","guid":{"rendered":"http:\/\/aluksne.lv\/?page_id=3768"},"modified":"2018-02-09T06:38:02","modified_gmt":"2018-02-09T06:38:02","slug":"partika","status":"publish","type":"page","link":"https:\/\/aluksne.lv\/index.php\/uznemejdarbiba\/informacija-par-uznemejiem\/partika\/","title":{"rendered":"P\u0101rtika"},"content":{"rendered":"<div id=\"pl-3768\" class=\"panel-layout\">\n<div id=\"pg-3768-0\" class=\"panel-grid panel-no-style\" data-style=\"{&quot;background_display&quot;:&quot;tile&quot;,&quot;cell_alignment&quot;:&quot;flex-start&quot;}\">\n<div id=\"pgc-3768-0-0\" class=\"panel-grid-cell\" data-weight=\"0.78994845360825\">\n<div data-index=\"0\" data-style=\"{&quot;background_image_attachment&quot;:false,&quot;background_display&quot;:&quot;tile&quot;}\">\n<table width=\"0\">\n<tbody>\n<tr>\n<td width=\"330\"><strong>ZS \u201cSALTUPJI<\/strong>\u201d<\/p>\n<p>T. +371 29249234<\/p>\n<p>e-pasts: <a href=\"mailto:raiviscekuls@inbox.lv\">raiviscekuls@inbox.lv<\/a><\/p>\n<p>Preces\/pakalpojumi: konditorejas izstr\u0101d\u0101jumi<\/td>\n<td width=\"246\"><\/td>\n<\/tr>\n<\/tbody>\n<\/table>\n<p>&nbsp;<\/p>\n<p>&nbsp;<\/p>\n<p>&nbsp;<\/p>\n<p>&nbsp;<\/p>\n<p>&nbsp;<\/p>\n<p>&nbsp;<\/p>\n<table width=\"0\">\n<tbody>\n<tr>\n<td width=\"331\"><strong>ZS \u201cLAZDI\u0145AS\u201d<\/strong><\/p>\n<p>Adrese: Veclaicenes pagasts, Al\u016bksnes novads<\/p>\n<p>e-pasts: <a href=\"mailto:lasma.mail@inbox.lv\">lasma.mail@inbox.lv<\/a><\/p>\n<p>Preces\/pakalpojumi: siera gatavo\u0161anas demonstr\u0101cija un apm\u0101c\u012bba, degust\u0101cija<\/td>\n<td colspan=\"2\" width=\"239\"><\/td>\n<\/tr>\n<tr>\n<td width=\"331\"><strong>Santa MELECE<\/strong><\/p>\n<p>Adrese: &#8220;Jaunzvirgzdi\u0146i&#8221;, Ilzenes pagasts, Al\u016bksnes novads<\/p>\n<p>T. +371 26368966<\/p>\n<p>e-pasts: <a href=\"mailto:santamelece@inbox.lv\">santamelece@inbox.lv<\/a> <a href=\"http:\/\/www.pirtsbaudas.lv\">www.pirtsbaudas.lv<\/a><\/p>\n<p>Preces\/pakalpojumi: t\u0113jas, s\u012brupi<\/td>\n<td colspan=\"2\" width=\"239\"><\/td>\n<\/tr>\n<tr>\n<td width=\"331\"><strong>Egils \u0100BOLKALNS<\/strong><\/p>\n<p>T. +371 26144379<\/p>\n<p>+371 26578346<\/p>\n<p>e-pasts: <a href=\"mailto:dinamei@inbox.lv\">dinamei@inbox.lv<\/a><\/p>\n<p>Preces\/pakalpojumi: ga\u013cas izstr\u0101d\u0101jumi, \u017e\u0101v\u0113jumi<\/td>\n<td colspan=\"2\" width=\"239\"><\/td>\n<\/tr>\n<tr>\n<td width=\"331\"><strong>ZS \u201cPAIPALAS<\/strong>\u201d<\/p>\n<p>T. +371 29166807<\/p>\n<p>e-pasts: <a href=\"mailto:viola.kaparsmite@llkc.lv\">viola.kaparsmite@llkc.lv<\/a><\/p>\n<p>Preces\/pakalpojumi: gar\u0161vielas<\/td>\n<td colspan=\"2\" width=\"239\"><\/td>\n<\/tr>\n<tr>\n<td width=\"331\"><strong>ZS \u201cZIEME\u013bI\u201d<\/strong><\/p>\n<p>T. +371 27843550<\/p>\n<p>Preces\/pakalpojumi: t\u0113jas<\/td>\n<td colspan=\"2\" width=\"239\"><\/td>\n<\/tr>\n<tr>\n<td width=\"331\"><strong>Anna AVOTI\u0145A<\/strong><\/p>\n<p>T. +371 29480610<\/p>\n<p>e-pasts: <a href=\"mailto:avotinaanna@inbox.lv\">avotinaanna@inbox.lv<\/a><\/p>\n<p>Preces\/pakalpojumi: ogu suk\u0101des, iev\u0101r\u012bjumi, saldumu ra\u017eo\u0161ana<\/td>\n<td colspan=\"2\" width=\"239\"><\/td>\n<\/tr>\n<tr>\n<td width=\"331\"><strong>ZS \u201cTERE\u0160KI \u2013 9\u201d<\/strong><\/p>\n<p>T. +371 28737484<\/p>\n<p>+371 26384907<\/p>\n<p>e-pasts: <a href=\"mailto:edgarsbrilts@inbox.lv\">edgarsbrilts@inbox.lv<\/a><\/p>\n<p>Preces\/pakalpojumi: d\u0101rze\u0146i, (k\u0101posti, burk\u0101ni, kartupe\u013ci)<\/td>\n<td colspan=\"2\" width=\"239\">&nbsp;<\/p>\n<p>&nbsp;<\/td>\n<\/tr>\n<tr>\n<td width=\"331\"><strong>Gunta SPRJADENKOVA<\/strong><\/p>\n<p>T. +371 28625072<\/p>\n<p>Preces\/pakalpojumi: smilts\u0113rk\u0161\u0137u sula, e\u013c\u013ca, zeme\u0146u iev\u0101r\u012bjums, sula<\/td>\n<td colspan=\"2\" width=\"239\"><\/td>\n<\/tr>\n<tr>\n<td width=\"331\"><strong>SIA VALRITO<\/strong><\/p>\n<p>T. +371 26458203<\/p>\n<p>e-pasts: <a href=\"mailto:valrito@inbox.lv\">valrito@inbox.lv<\/a><\/p>\n<p>Preces\/pakalpojumi: k\u016bpin\u0101jumi, ga\u013cas izstr\u0101d\u0101jumi, kulin\u0101rija, konditoreja<\/td>\n<td colspan=\"2\" width=\"239\"><\/td>\n<\/tr>\n<tr>\n<td width=\"331\"><strong>Violeta K\u013bAVI\u0145A <\/strong><\/p>\n<p>T. +371 20232692<\/p>\n<p>+371 26232039<\/p>\n<p>e-pasts: <a href=\"mailto:violeta.klavina@aluksne.lv\">violeta.klavina@aluksne.lv<\/a><\/p>\n<p>Preces\/pakalpojumi: gar\u0161vielas<\/td>\n<td colspan=\"2\" width=\"239\"><\/td>\n<\/tr>\n<tr>\n<td width=\"331\"><strong>Ir\u0113na GASPARE<\/strong><\/p>\n<p>Adrese: \u201cPumpuri\u201d, Jaunannas pagasts, Al\u016bksnes novads<\/p>\n<p>T. +371 29497924<\/p>\n<p>Preces\/pakalpojumi: \u017e\u0101v\u0113tas ga\u013cas izstr\u0101d\u0101jumi<\/td>\n<td width=\"236\"><\/td>\n<td width=\"2\"><\/td>\n<\/tr>\n<tr>\n<td width=\"331\"><strong>ZS \u201cV\u0112JI\u0145I\u201d <\/strong><\/p>\n<p>Adrese: \u201cV\u0113ji\u0146i\u201d, Strauti\u0146u pagasts, Al\u016bksnes novads<\/p>\n<p>T. +371 29421985<\/p>\n<p>e-pasts: <a href=\"mailto:antrai@inbox.lv\">antrai@inbox.lv<\/a><\/p>\n<p>Preces\/pakalpojumi: da\u017e\u0101das ogas, s\u012brupi, sulas, d\u0101rze\u0146i audz\u0113ti biolo\u0123iskaj\u0101 saimniec\u012bb\u0101<\/td>\n<td width=\"236\"><\/td>\n<td width=\"2\"><\/td>\n<\/tr>\n<tr>\n<td width=\"331\"><strong>ZS \u201cAUZI\u0145AS\u201d<\/strong><\/p>\n<p>Adrese: \u201cAuzi\u0146as\u201d, Alsvi\u0137u pagasts, Al\u016bksnes novads<\/p>\n<p>T. +371 28329721<\/p>\n<p>+371 28382146<\/p>\n<p>e-pasts: <a href=\"mailto:zsauzinas@inbox.lv\">zsauzinas@inbox.lv<\/a><\/p>\n<p>Preces\/pakalpojumi: d\u0101rze\u0146u audz\u0113\u0161anas un p\u0101rstr\u0101de, suk\u0101des, m\u0101rti\u0146rozes, grieztie ziedi<\/td>\n<td width=\"236\"><\/td>\n<td width=\"2\"><\/td>\n<\/tr>\n<tr>\n<td width=\"331\"><strong>SIA \u201cD\u016aMAKAS\u201d<\/strong><\/p>\n<p>Adrese: \u201cV\u0113rdi\u0146i\u201d, Alsvi\u0137u pagasts, Al\u016bksnes novads<\/p>\n<p>T. +371 22005076<\/p>\n<p>Preces\/pakalpojumi: ga\u013cas p\u0101rstr\u0101de, p\u0101rtika<\/td>\n<td width=\"236\"><\/td>\n<td width=\"2\"><\/td>\n<\/tr>\n<tr>\n<td width=\"331\"><strong>ZS \u201cSLI\u0160I\u0145I<\/strong>\u201d<\/p>\n<p>T. +371 29159030, +371 29379957<\/p>\n<p>Preces\/pakalpojumi: ga\u013cas un ga\u013cas produktu mazumtirdzniec\u012bba specializ\u0113tajos veikalos<\/td>\n<td width=\"236\"><\/td>\n<td width=\"2\"><\/td>\n<\/tr>\n<tr>\n<td width=\"331\"><strong>SIA \u201cM\u016aSU MAIZNIEKS\u201d <\/strong><\/p>\n<p>Adrese: Kolber\u0123is, Jaunal\u016bksnes pagasts, Al\u016bksnes novads<\/p>\n<p>T. +371 26151008<\/p>\n<p>e-pasts: <a href=\"mailto:arminst@inbox.lv\">arminst@inbox.lv<\/a><\/p>\n<p>Preces\/pakalpojumi: maizes cep\u0161ana, p\u0101rdo\u0161ana, kafejn\u012bca<\/td>\n<td width=\"236\"><\/td>\n<td width=\"2\"><\/td>\n<\/tr>\n<tr>\n<td width=\"331\"><strong>Arvis \u0160teiners<\/strong><\/p>\n<p>T. +371 29335344<\/p>\n<p>e-pasts: <a href=\"mailto:arvis.steiners@gmail.com\">arvis.steiners@gmail.com<\/a><\/p>\n<p>Preces\/pakalpojumi: \u0101boli<\/td>\n<td width=\"236\"><\/td>\n<td width=\"2\"><\/td>\n<\/tr>\n<tr>\n<td width=\"331\"><strong>Ansis LOGINS<\/strong><\/p>\n<p>T. +371 29335387<\/p>\n<p>e-pasts: <a href=\"mailto:ansio77@inbox.lv\">ansio77@inbox.lv<\/a><\/p>\n<p>Preces\/pakalpojumi: bi\u0161kop\u012bba, medus, t\u0113jas<\/td>\n<td width=\"236\"><\/td>\n<td width=\"2\"><\/td>\n<\/tr>\n<tr>\n<td width=\"331\"><strong>\u201cJAUNNIEDRU SVAIGDOBE\u201d <\/strong><\/p>\n<p>T. +371 29399118<\/p>\n<p>Preces\/pakalpojumi: svaigi tom\u0101ti, gur\u0137i, zemenes<\/td>\n<td width=\"236\"><\/td>\n<td width=\"2\"><\/td>\n<\/tr>\n<tr>\n<td width=\"331\"><strong>ZS \u201cPOLIE\u0160I\u201d <\/strong><\/p>\n<p>T. +371 29275461<\/p>\n<p>Preces\/pakalpojumi: biolo\u0123iski audz\u0113ti d\u0101rze\u0146i<\/td>\n<td width=\"236\"><\/td>\n<td width=\"2\"><\/td>\n<\/tr>\n<tr>\n<td width=\"331\"><strong>P\/S \u201cMELDERPU\u013b\u0136I\u201d <\/strong><\/p>\n<p>T. +371 29147078<\/p>\n<p>Preces\/pakalpojumi: kazas siers<\/td>\n<td width=\"236\"><\/td>\n<td width=\"2\"><\/td>\n<\/tr>\n<tr>\n<td width=\"331\"><strong>ZS \u201cL\u012aGAS\u201d <\/strong><\/p>\n<p>T. +371 29619931<\/p>\n<p>Preces\/pakalpojumi: kazas siers<\/td>\n<td width=\"236\"><\/td>\n<td width=\"2\"><\/td>\n<\/tr>\n<tr>\n<td width=\"331\"><strong>\u201cZELTA PAVEDIENS\u201d<\/strong><\/p>\n<p>T. +371 26176847<\/p>\n<p>e-pasts: <a href=\"mailto:edvins.svars@inbox.lv\">edvins.svars@inbox.lv<\/a><\/p>\n<p>Preces\/pakalpojumi: ezermalas viskijs, m\u0101jas saldumi, rokdarbu meistarklases, amatnieku ra\u017eojumi<\/td>\n<td width=\"236\"><\/td>\n<td width=\"2\"><\/td>\n<\/tr>\n<tr>\n<td width=\"331\"><strong>SIA \u201cLARISEL\u201d<\/strong><\/p>\n<p>T. +371 29497924<\/p>\n<p>e-pasts: <a href=\"mailto:larisel@inbox.lv\">larisel@inbox.lv<\/a><\/p>\n<p>Preces\/pakalpojumi: k\u016bpin\u0101jumi<\/td>\n<td width=\"236\"><\/td>\n<td width=\"2\"><\/td>\n<\/tr>\n<tr>\n<td width=\"331\"><strong>ZS \u201cMAURI\u0145I\u201d<\/strong><\/p>\n<p>Adrese: \u201cMauri\u0146i\u201d, Veclaicenes pagasts, Al\u016bksnes novads<\/p>\n<p>T. +371 29488925<\/p>\n<p>e-pasts: <a href=\"mailto:gunita.virka@inbox.lv\">gunita.virka@inbox.lv<\/a><\/p>\n<p>Preces\/pakalpojumi: t\u0113jas, gar\u0161augu mais\u012bjumi<\/td>\n<td width=\"236\"><\/td>\n<td width=\"2\"><\/td>\n<\/tr>\n<tr>\n<td width=\"331\"><strong>SIA \u201cAL\u016aKSNES PUTNU FERMA\u201d<\/strong><\/p>\n<p>Adrese: \u201cPutni\u201d, Ziemera pagasts, Al\u016bksnes novads<\/p>\n<p>T. +371 26197685<\/p>\n<p>Preces\/pakalpojumi: olas<\/td>\n<td width=\"236\"><\/td>\n<td width=\"2\"><\/td>\n<\/tr>\n<tr>\n<td width=\"331\"><strong>SIA \u201cALTA S\u201d<\/strong><\/p>\n<p>Adrese: Pils iela, Al\u016bksne, Al\u016bksnes novads<\/p>\n<p>T. +371 6438105<\/p>\n<p>Preces\/pakalpojumi: maizes cep\u0161ana, konditoreja, mazumtirdzniec\u012bba<\/td>\n<td width=\"236\"><\/td>\n<td width=\"2\"><\/td>\n<\/tr>\n<tr>\n<td width=\"331\"><strong>ZS \u201eBRIEDI\u0145I\u201d<\/strong><\/p>\n<p>Adrese: &#8220;Lu\u0146\u0137i&#8221;, Malienas pagasts, Al\u016bksnes novads<\/p>\n<p>e-pasts: <a href=\"mailto:ritmabriedina@inbox.lv\">ritmabriedina@inbox.lv<\/a><\/p>\n<p>Preces\/pakalpojumi: piena lopkop\u012bba<\/td>\n<td width=\"236\"><\/td>\n<td width=\"2\"><\/td>\n<\/tr>\n<tr>\n<td width=\"331\"><strong>ZS \u201eDAMBJUP\u012aTES<\/strong>\u201d<\/p>\n<p>Adrese: &#8220;Me\u017ev\u012bni&#8221;, Malienas pagasts, Al\u016bksnes novads<\/p>\n<p>T. +371 26479892<\/p>\n<p>e-pasts: <a href=\"mailto:cinglere@inbox.lv\">cinglere@inbox.lv<\/a><\/p>\n<p>Preces\/pakalpojumi: piena lopkop\u012bba<\/td>\n<td width=\"236\"><\/td>\n<td width=\"2\"><\/td>\n<\/tr>\n<tr>\n<td width=\"331\"><strong>SIA \u201cFAPS\u201d<\/strong><\/p>\n<p>T. +371 29207492<\/p>\n<p>Preces\/pakalpojumi: \u201cZ\u012bleja\u201d \u2013 ozolz\u012b\u013cu kafijas dz\u0113riens, zivjaudz\u0113tava<\/td>\n<td width=\"236\"><\/td>\n<td width=\"2\"><\/td>\n<\/tr>\n<tr>\n<td width=\"331\"><strong>Al\u016bksnes rajona V.Matu\u013ca individu\u0101lais uz\u0146\u0113mums &#8220;VALBEN&#8221;\u00a0\u00a0\u00a0\u00a0\u00a0\u00a0 <\/strong><\/p>\n<p>T. +371 64344637<\/p>\n<p>Preces\/pakalpojumi: citu koku un kr\u016bmu aug\u013cu un riekstu audz\u0113\u0161ana<\/td>\n<td width=\"236\"><\/td>\n<td width=\"2\"><\/td>\n<\/tr>\n<tr>\n<td width=\"331\"><strong>SIA \u201cGMS\u201d<\/strong><\/p>\n<p>Adrese: \u201cL\u016bdi\u0137i -1\u201d, Ziemera pagasts, Al\u016bksnes novads<\/p>\n<p>T. +371 29289686<\/p>\n<p>Preces\/pakalpojumi: ga\u013cas liellopu audz\u0113\u0161ana, savva\u013cas dz\u012bvnieki, brie\u017eu d\u0101rzs, zivsaimniec\u012bba, mak\u0161\u0137er\u0113\u0161ana, tirdzniec\u012bba<\/td>\n<td width=\"236\"><\/td>\n<td width=\"2\"><\/td>\n<\/tr>\n<tr>\n<td width=\"331\"><strong>SIA \u201cBSK SERVISS\u201d<\/strong><\/p>\n<p>Adrese: \u201cDruvi\u0146a\u201d, \u0160\u013cukums, Ziemera pagasts, Al\u016bksnes novads<\/p>\n<p>T. +371 29289686<\/p>\n<p>Preces\/pakalpojumi: ga\u013cas liellopu audz\u0113\u0161ana, p\u0101rstr\u0101de<\/td>\n<td width=\"236\"><\/td>\n<td width=\"2\"><\/td>\n<\/tr>\n<tr>\n<td width=\"331\"><strong>SIA \u201c\u0136IKU\u017dAVA\u201d<\/strong><\/p>\n<p>+371 25135062<\/p>\n<p>Preces\/pakalpojumi: aitu un kazu audz\u0113tava, degust\u0101cijas<\/td>\n<td width=\"236\"><\/td>\n<td width=\"2\"><\/td>\n<\/tr>\n<\/tbody>\n<\/table>\n<\/div>\n<div id=\"panel-3768-0-0-0\" class=\"so-panel widget widget_custom_html panel-first-child panel-last-child\" data-index=\"0\" data-style=\"{&quot;background_image_attachment&quot;:false,&quot;background_display&quot;:&quot;tile&quot;}\"><div class=\"textwidget custom-html-widget\"><\/div><\/div>\n<\/div>\n<div id=\"pgc-3768-0-1\" class=\"panel-grid-cell\" data-weight=\"0.21005154639175\">\n<div id=\"panel-3768-0-1-0\" class=\"so-panel widget widget_dc_jqverticalmegamenu_widget panel-first-child panel-last-child\" data-index=\"1\" data-style=\"{&quot;background_display&quot;:&quot;tile&quot;}\"><\/div>\n<\/div>\n<\/div>\n<\/div>\n","protected":false},"excerpt":{"rendered":"<p>ZS \u201cSALTUPJI\u201d T. +371 29249234 e-pasts: raiviscekuls@inbox.lv Preces\/pakalpojumi: konditorejas izstr\u0101d\u0101jumi &nbsp; &nbsp; &nbsp; &nbsp; &nbsp; &nbsp; ZS \u201cLAZDI\u0145AS\u201d Adrese: Veclaicenes pagasts, Al\u016bksnes novads e-pasts: lasma.mail@inbox.lv Preces\/pakalpojumi: siera gatavo\u0161anas demonstr\u0101cija un apm\u0101c\u012bba, degust\u0101cija Santa MELECE Adrese: &#8220;Jaunzvirgzdi\u0146i&#8221;, Ilzenes pagasts, Al\u016bksnes novads&#8230;<br \/><a class=\"read-more-button\" href=\"https:\/\/aluksne.lv\/index.php\/uznemejdarbiba\/informacija-par-uznemejiem\/partika\/\">Las\u012bt visu<\/a><\/p>\n","protected":false},"author":1,"featured_media":0,"parent":471,"menu_order":0,"comment_status":"closed","ping_status":"closed","template":"","meta":{"_crdt_document":"","_monsterinsights_skip_tracking":false,"_monsterinsights_sitenote_active":false,"_monsterinsights_sitenote_note":"","_monsterinsights_sitenote_category":0,"footnotes":"","_links_to":"","_links_to_target":""},"class_list":["post-3768","page","type-page","status-publish","hentry"],"_links":{"self":[{"href":"https:\/\/aluksne.lv\/index.php\/wp-json\/wp\/v2\/pages\/3768","targetHints":{"allow":["GET"]}}],"collection":[{"href":"https:\/\/aluksne.lv\/index.php\/wp-json\/wp\/v2\/pages"}],"about":[{"href":"https:\/\/aluksne.lv\/index.php\/wp-json\/wp\/v2\/types\/page"}],"author":[{"embeddable":true,"href":"https:\/\/aluksne.lv\/index.php\/wp-json\/wp\/v2\/users\/1"}],"replies":[{"embeddable":true,"href":"https:\/\/aluksne.lv\/index.php\/wp-json\/wp\/v2\/comments?post=3768"}],"version-history":[{"count":0,"href":"https:\/\/aluksne.lv\/index.php\/wp-json\/wp\/v2\/pages\/3768\/revisions"}],"up":[{"embeddable":true,"href":"https:\/\/aluksne.lv\/index.php\/wp-json\/wp\/v2\/pages\/471"}],"wp:attachment":[{"href":"https:\/\/aluksne.lv\/index.php\/wp-json\/wp\/v2\/media?parent=3768"}],"curies":[{"name":"wp","href":"https:\/\/api.w.org\/{rel}","templated":true}]}}