{"id":4214,"date":"2018-02-28T08:00:42","date_gmt":"2018-02-28T08:00:42","guid":{"rendered":"http:\/\/aluksne.lv\/?page_id=4214"},"modified":"2026-02-18T15:56:58","modified_gmt":"2026-02-18T13:56:58","slug":"buvnieciba","status":"publish","type":"page","link":"https:\/\/aluksne.lv\/index.php\/pasvaldiba\/pakalpojumi\/buvnieciba\/","title":{"rendered":"B\u016bvniec\u012bba"},"content":{"rendered":"<div id=\"pl-4214\"  class=\"panel-layout\" ><div id=\"pg-4214-0\"  class=\"panel-grid panel-no-style\" ><div id=\"pgc-4214-0-0\"  class=\"panel-grid-cell\" ><div id=\"panel-4214-0-0-0\" class=\"so-panel widget widget_sow-editor panel-first-child panel-last-child\" data-index=\"0\" ><div\n\t\t\t\n\t\t\tclass=\"so-widget-sow-editor so-widget-sow-editor-base\"\n\t\t\t\n\t\t>\n<div class=\"siteorigin-widget-tinymce textwidget\">\n\t<h4><a href=\"https:\/\/latvija.gov.lv\/Services\/10835\">At\u013caujas sa\u0146em\u0161ana bie\u017ei sastopamo der\u012bgo izrakte\u0146u ieguvei<\/a><\/h4>\n<h4><a href=\"https:\/\/latvija.gov.lv\/Services\/8792\" target=\"_blank\" rel=\"noopener noreferrer\">At\u013caujas sa\u0146em\u0161ana rekl\u0101mas izvieto\u0161anai<\/a><\/h4>\n<h4><a href=\"https:\/\/latvija.gov.lv\/Services\/11914\" target=\"_blank\" rel=\"noopener noreferrer\">B\u016bves vai t\u0101s da\u013cas pie\u0146em\u0161ana ekspluat\u0101cij\u0101<\/a><\/h4>\n<h4><a href=\"https:\/\/latvija.gov.lv\/Services\/11913\" target=\"_blank\" rel=\"noopener noreferrer\">B\u016bvniec\u012bbas ieceres iesnieg\u0161ana<\/a><\/h4>\n<h4><a href=\"https:\/\/latvija.gov.lv\/Services\/11916\" target=\"_blank\" rel=\"noopener noreferrer\">Izzi\u0146as sa\u0146em\u0161ana par b\u016bves nees\u012bbu<\/a><\/h4>\n<h4><a href=\"https:\/\/latvija.gov.lv\/Services\/10854\">Izzi\u0146as sa\u0146em\u0161ana par zemes vien\u012bbas at\u013cauto izmanto\u0161anu saska\u0146\u0101 ar teritorijas pl\u0101nojumu<\/a><\/h4>\n<p>&nbsp;<\/p>\n<\/div>\n<\/div><\/div><\/div><div id=\"pgc-4214-0-1\"  class=\"panel-grid-cell\" ><div id=\"panel-4214-0-1-0\" class=\"so-panel widget panel-first-child panel-last-child\" data-index=\"1\" ><\/div><\/div><\/div><\/div>","protected":false},"excerpt":{"rendered":"<p>At\u013caujas sa\u0146em\u0161ana bie\u017ei sastopamo der\u012bgo izrakte\u0146u ieguvei At\u013caujas sa\u0146em\u0161ana rekl\u0101mas izvieto\u0161anai B\u016bves vai t\u0101s da\u013cas pie\u0146em\u0161ana ekspluat\u0101cij\u0101 B\u016bvniec\u012bbas ieceres iesnieg\u0161ana Izzi\u0146as sa\u0146em\u0161ana par b\u016bves nees\u012bbu Izzi\u0146as sa\u0146em\u0161ana par zemes vien\u012bbas at\u013cauto izmanto\u0161anu saska\u0146\u0101 ar teritorijas pl\u0101nojumu &nbsp;<\/p>\n","protected":false},"author":1,"featured_media":0,"parent":383,"menu_order":0,"comment_status":"closed","ping_status":"closed","template":"","meta":{"_crdt_document":"","_monsterinsights_skip_tracking":false,"_monsterinsights_sitenote_active":false,"_monsterinsights_sitenote_note":"","_monsterinsights_sitenote_category":0,"footnotes":"","_links_to":"","_links_to_target":""},"class_list":["post-4214","page","type-page","status-publish","hentry"],"_links":{"self":[{"href":"https:\/\/aluksne.lv\/index.php\/wp-json\/wp\/v2\/pages\/4214","targetHints":{"allow":["GET"]}}],"collection":[{"href":"https:\/\/aluksne.lv\/index.php\/wp-json\/wp\/v2\/pages"}],"about":[{"href":"https:\/\/aluksne.lv\/index.php\/wp-json\/wp\/v2\/types\/page"}],"author":[{"embeddable":true,"href":"https:\/\/aluksne.lv\/index.php\/wp-json\/wp\/v2\/users\/1"}],"replies":[{"embeddable":true,"href":"https:\/\/aluksne.lv\/index.php\/wp-json\/wp\/v2\/comments?post=4214"}],"version-history":[{"count":1,"href":"https:\/\/aluksne.lv\/index.php\/wp-json\/wp\/v2\/pages\/4214\/revisions"}],"predecessor-version":[{"id":60718,"href":"https:\/\/aluksne.lv\/index.php\/wp-json\/wp\/v2\/pages\/4214\/revisions\/60718"}],"up":[{"embeddable":true,"href":"https:\/\/aluksne.lv\/index.php\/wp-json\/wp\/v2\/pages\/383"}],"wp:attachment":[{"href":"https:\/\/aluksne.lv\/index.php\/wp-json\/wp\/v2\/media?parent=4214"}],"curies":[{"name":"wp","href":"https:\/\/api.w.org\/{rel}","templated":true}]}}