{"id":43461,"date":"2023-08-15T13:54:34","date_gmt":"2023-08-15T10:54:34","guid":{"rendered":"https:\/\/aluksne.lv\/?page_id=43461"},"modified":"2023-08-15T13:54:34","modified_gmt":"2023-08-15T10:54:34","slug":"nac-macies-aluksnes-novada","status":"publish","type":"page","link":"https:\/\/aluksne.lv\/index.php\/izglitiba\/nac-macies-aluksnes-novada\/","title":{"rendered":"N\u0101c, m\u0101cies Al\u016bksnes novad\u0101!"},"content":{"rendered":"<p><iframe loading=\"lazy\" title=\"N\u0101c, m\u0101cies Al\u016bksnes novad\u0101!\" width=\"734\" height=\"413\" src=\"https:\/\/www.youtube.com\/embed\/3TfC_Dp1i-0?feature=oembed\" frameborder=\"0\" allow=\"accelerometer; autoplay; clipboard-write; encrypted-media; gyroscope; picture-in-picture; web-share\" allowfullscreen><\/iframe><\/p>\n","protected":false},"excerpt":{"rendered":"","protected":false},"author":3,"featured_media":0,"parent":10,"menu_order":0,"comment_status":"closed","ping_status":"closed","template":"","meta":{"_crdt_document":"","_monsterinsights_skip_tracking":false,"_monsterinsights_sitenote_active":false,"_monsterinsights_sitenote_note":"","_monsterinsights_sitenote_category":0,"footnotes":"","_links_to":"","_links_to_target":""},"class_list":["post-43461","page","type-page","status-publish","hentry"],"_links":{"self":[{"href":"https:\/\/aluksne.lv\/index.php\/wp-json\/wp\/v2\/pages\/43461","targetHints":{"allow":["GET"]}}],"collection":[{"href":"https:\/\/aluksne.lv\/index.php\/wp-json\/wp\/v2\/pages"}],"about":[{"href":"https:\/\/aluksne.lv\/index.php\/wp-json\/wp\/v2\/types\/page"}],"author":[{"embeddable":true,"href":"https:\/\/aluksne.lv\/index.php\/wp-json\/wp\/v2\/users\/3"}],"replies":[{"embeddable":true,"href":"https:\/\/aluksne.lv\/index.php\/wp-json\/wp\/v2\/comments?post=43461"}],"version-history":[{"count":0,"href":"https:\/\/aluksne.lv\/index.php\/wp-json\/wp\/v2\/pages\/43461\/revisions"}],"up":[{"embeddable":true,"href":"https:\/\/aluksne.lv\/index.php\/wp-json\/wp\/v2\/pages\/10"}],"wp:attachment":[{"href":"https:\/\/aluksne.lv\/index.php\/wp-json\/wp\/v2\/media?parent=43461"}],"curies":[{"name":"wp","href":"https:\/\/api.w.org\/{rel}","templated":true}]}}