{"id":4462,"date":"2018-03-05T13:43:16","date_gmt":"2018-03-05T13:43:16","guid":{"rendered":"http:\/\/aluksne.lv\/?page_id=4462"},"modified":"2024-07-03T13:54:29","modified_gmt":"2024-07-03T10:54:29","slug":"aluksnes-lielie-un-mazie-kapi","status":"publish","type":"page","link":"https:\/\/aluksne.lv\/index.php\/pasvaldiba\/pakalpojumi\/kapsetu-darbiba\/aluksnes-lielie-un-mazie-kapi\/","title":{"rendered":"Al\u016bksnes Lielie un Mazie kapi"},"content":{"rendered":"<div id=\"widus1\">\n<div id=\"content\">\n<p><strong>Kapusv\u0113tki \u2013 augusta pirmaj\u0101 sv\u0113tdien\u0101.<\/strong><\/p>\n<p><strong>Svec\u012b\u0161u vakars \u2013 oktobra pirmaj\u0101 sestdien\u0101.<\/strong><\/p>\n<p>Al\u016bksnes novada Lielos un Mazos kapus kopj, uzrauga un nodro\u0161ina to funkcion\u0113\u0161anu pa\u0161vald\u012bbas iest\u0101de &#8220;Spodra\u201d.<\/p>\n<p>Kaps\u0113tas p\u0101rzinis &#8211; 26161235<\/p>\n<p style=\"text-align: center;\"><strong>Pa\u0161vald\u012bbas iest\u0101des &#8220;Spodra&#8221; maksas pakalpojumu cenr\u0101dis Al\u016bksnes Lielajos un Mazajos kapos<\/strong> (sp\u0113k\u0101 no 01.07.2024.)<\/p>\n<p>Visiem pakalpojumu sa\u0146\u0113m\u0113jiem par attiec\u012bgo pakalpojumu tiek piem\u0113rota cena ar atlaidi.<\/p>\n<\/div>\n<p style=\"text-align: center;\">\u00a0<\/p>\n<table style=\"width: 100%; height: 190px;\" width=\"604\">\n<tbody>\n<tr style=\"height: 39px;\">\n<td style=\"height: 39px;\" width=\"196\">\n<p><strong>Pakalpojuma nosaukums<\/strong><\/p>\n<\/td>\n<td style=\"height: 39px;\" width=\"88\">\n<p><strong>M\u0113rvien\u012bba<\/strong><\/p>\n<\/td>\n<td style=\"height: 39px;\" width=\"94\">\n<p><strong>Cena bez PVN (EUR)<\/strong><\/p>\n<\/td>\n<td style=\"height: 39px;\" width=\"95\">\n<p><strong>Atlaide bez PVN (EUR)<\/strong><\/p>\n<\/td>\n<td style=\"height: 39px;\" width=\"132\">\n<p><strong>Cena ar atlaidi bez PVN (EUR)<\/strong><\/p>\n<\/td>\n<\/tr>\n<tr style=\"height: 39px;\">\n<td style=\"height: 39px;\" width=\"196\">\n<p>Kaps\u0113tas p\u0101rzi\u0146a pakalpojumi Al\u016bksnes Lielajos un Mazajos kapos<\/p>\n<\/td>\n<td style=\"height: 39px;\" width=\"88\">\n<p>1 apbed\u012bjums<\/p>\n<\/td>\n<td style=\"height: 39px;\" width=\"94\">\n<p>90,00 EUR<\/p>\n<\/td>\n<td style=\"height: 39px;\" width=\"95\">\n<p>36,00 EUR<\/p>\n<\/td>\n<td style=\"height: 39px;\" width=\"132\">\n<p>54,00 EUR<\/p>\n<\/td>\n<\/tr>\n<tr style=\"height: 63px;\">\n<td style=\"height: 63px;\" width=\"196\">\n<p>Kapli\u010das \u0113kas sagatavo\u0161anas pakalpojums b\u0113ru ceremonijai Al\u016bksnes Lielajos kapos (apbed\u012b\u0161anas dien\u0101 1 stunda)<\/p>\n<\/td>\n<td style=\"height: 63px;\" width=\"88\">\n<p>1 reize<\/p>\n<\/td>\n<td style=\"height: 63px;\" width=\"94\">\n<p>25,00 EUR<\/p>\n<\/td>\n<td style=\"height: 63px;\" width=\"95\">\n<p>10,00 EUR<\/p>\n<\/td>\n<td style=\"height: 63px;\" width=\"132\">\n<p>15,00 EUR<\/p>\n<\/td>\n<\/tr>\n<tr style=\"height: 39px;\">\n<td style=\"height: 39px;\" width=\"196\">\n<p>Zvan\u012bt\u0101ja pakalpojumi kapli\u010d\u0101 Al\u016bksnes Lielajos kapos<\/p>\n<\/td>\n<td style=\"height: 39px;\" width=\"88\">\n<p>20 min\u016btes<\/p>\n<\/td>\n<td style=\"height: 39px;\" width=\"94\">\n<p>4,00 EUR<\/p>\n<\/td>\n<td style=\"height: 39px;\" width=\"95\">\n<p>&nbsp;<\/p>\n<\/td>\n<td style=\"height: 39px;\" width=\"132\">\n<p>&nbsp;<\/p>\n<\/td>\n<\/tr>\n<\/tbody>\n<\/table>\n<p>&nbsp;<\/p>\n<div id=\"content\">\n<p><strong>K\u0101 nok\u013c\u016bt<\/strong><\/p>\n<p>Pa\u0161vald\u012bbas iest\u0101de \u201eSpodra\u201d<\/p>\n<p>Al\u016bksnes Lielie kapi \u2013 kaps\u0113tas p\u0101rzi\u0146a m\u0101ja<\/p>\n<\/div>\n<div id=\"side-b\">\u00a0<\/div>\n<\/div>\n","protected":false},"excerpt":{"rendered":"<p>Kapusv\u0113tki \u2013 augusta pirmaj\u0101 sv\u0113tdien\u0101. Svec\u012b\u0161u vakars \u2013 oktobra pirmaj\u0101 sestdien\u0101. Al\u016bksnes novada Lielos un Mazos kapus kopj, uzrauga un nodro\u0161ina to funkcion\u0113\u0161anu pa\u0161vald\u012bbas iest\u0101de &#8220;Spodra\u201d. Kaps\u0113tas p\u0101rzinis &#8211; 26161235 Pa\u0161vald\u012bbas iest\u0101des &#8220;Spodra&#8221; maksas pakalpojumu cenr\u0101dis Al\u016bksnes Lielajos un Mazajos&#8230;<br \/><a class=\"read-more-button\" href=\"https:\/\/aluksne.lv\/index.php\/pasvaldiba\/pakalpojumi\/kapsetu-darbiba\/aluksnes-lielie-un-mazie-kapi\/\">Las\u012bt visu<\/a><\/p>\n","protected":false},"author":1,"featured_media":0,"parent":4249,"menu_order":0,"comment_status":"closed","ping_status":"closed","template":"","meta":{"_crdt_document":"","_monsterinsights_skip_tracking":false,"_monsterinsights_sitenote_active":false,"_monsterinsights_sitenote_note":"","_monsterinsights_sitenote_category":0,"footnotes":"","_links_to":"","_links_to_target":""},"class_list":["post-4462","page","type-page","status-publish","hentry"],"_links":{"self":[{"href":"https:\/\/aluksne.lv\/index.php\/wp-json\/wp\/v2\/pages\/4462","targetHints":{"allow":["GET"]}}],"collection":[{"href":"https:\/\/aluksne.lv\/index.php\/wp-json\/wp\/v2\/pages"}],"about":[{"href":"https:\/\/aluksne.lv\/index.php\/wp-json\/wp\/v2\/types\/page"}],"author":[{"embeddable":true,"href":"https:\/\/aluksne.lv\/index.php\/wp-json\/wp\/v2\/users\/1"}],"replies":[{"embeddable":true,"href":"https:\/\/aluksne.lv\/index.php\/wp-json\/wp\/v2\/comments?post=4462"}],"version-history":[{"count":0,"href":"https:\/\/aluksne.lv\/index.php\/wp-json\/wp\/v2\/pages\/4462\/revisions"}],"up":[{"embeddable":true,"href":"https:\/\/aluksne.lv\/index.php\/wp-json\/wp\/v2\/pages\/4249"}],"wp:attachment":[{"href":"https:\/\/aluksne.lv\/index.php\/wp-json\/wp\/v2\/media?parent=4462"}],"curies":[{"name":"wp","href":"https:\/\/api.w.org\/{rel}","templated":true}]}}