{"id":479,"date":"2016-03-15T07:11:32","date_gmt":"2016-03-15T07:11:32","guid":{"rendered":"http:\/\/aluksne.lv\/jauna1\/?page_id=479"},"modified":"2025-01-17T11:06:24","modified_gmt":"2025-01-17T09:06:24","slug":"atbalsta-programmas","status":"publish","type":"page","link":"https:\/\/aluksne.lv\/index.php\/uznemejdarbiba\/atbalsta-programmas\/","title":{"rendered":"Atbalsta programmas"},"content":{"rendered":"<div id=\"pl-479\"  class=\"panel-layout\" ><div id=\"pg-479-0\"  class=\"panel-grid panel-no-style\" ><div id=\"pgc-479-0-0\"  class=\"panel-grid-cell\" ><div id=\"panel-479-0-0-0\" class=\"so-panel widget widget_sow-editor panel-first-child panel-last-child\" data-index=\"0\" ><div\n\t\t\t\n\t\t\tclass=\"so-widget-sow-editor so-widget-sow-editor-base\"\n\t\t\t\n\t\t>\n<div class=\"siteorigin-widget-tinymce textwidget\">\n\t<p><strong>Atbalsts uz\u0146\u0113m\u0113jiem<\/strong><\/p>\n<p><a href=\"http:\/\/www.aluksnespartneriba.lv\/\" target=\"_blank\" rel=\"attachment noopener wp-att-965\"><img loading=\"lazy\" decoding=\"async\" class=\" wp-image-965 aligncenter\" src=\"http:\/\/aluksne.lv\/jauna1\/wp-content\/uploads\/2016\/03\/1.png\" alt=\"1\" width=\"325\" height=\"130\" srcset=\"https:\/\/aluksne.lv\/wp-content\/uploads\/2016\/03\/1.png 850w, https:\/\/aluksne.lv\/wp-content\/uploads\/2016\/03\/1-300x120.png 300w, https:\/\/aluksne.lv\/wp-content\/uploads\/2016\/03\/1-768x307.png 768w, https:\/\/aluksne.lv\/wp-content\/uploads\/2016\/03\/1-24x10.png 24w, https:\/\/aluksne.lv\/wp-content\/uploads\/2016\/03\/1-36x14.png 36w, https:\/\/aluksne.lv\/wp-content\/uploads\/2016\/03\/1-48x19.png 48w\" sizes=\"auto, (max-width: 325px) 100vw, 325px\" \/><\/a>Darb\u012bbas m\u0113r\u0137is ir veicin\u0101t teritorijas ilgtsp\u0113j\u012bgu att\u012bst\u012bbu un uzlabot iedz\u012bvot\u0101ju dz\u012bves kvalit\u0101ti. Darb\u012bbas virzieni: Strat\u0113\u0123ija teritorijas ilgtsp\u0113j\u012bgai darb\u012bbai Projekti teritorijas att\u012bst\u012bbai Viet\u0113j\u0101 sadarb\u012bbas platforma LEADER projektu pie\u0146em\u0161ana Starp teritori\u0101l\u0101 sadarb\u012bbu Starptautisk\u0101 sadarb\u012bba Pieredzes apmai\u0146a Informat\u012bvie un izgl\u012btojo\u0161ie pas\u0101kumi Moto: Lai savienojas idejas ar iesp\u0113j\u0101m!<\/p>\n<p>Br\u016b\u017ea iela 1, 2. st\u0101vs<\/p>\n<p><a href=\"http:\/\/new.llkc.lv\/lv\" target=\"_blank\" rel=\"attachment noopener wp-att-966\"><img loading=\"lazy\" decoding=\"async\" class=\"size-full wp-image-966 aligncenter\" src=\"http:\/\/aluksne.lv\/jauna1\/wp-content\/uploads\/2016\/03\/2.png\" alt=\"2\" width=\"400\" height=\"134\" srcset=\"https:\/\/aluksne.lv\/wp-content\/uploads\/2016\/03\/2.png 400w, https:\/\/aluksne.lv\/wp-content\/uploads\/2016\/03\/2-300x101.png 300w, https:\/\/aluksne.lv\/wp-content\/uploads\/2016\/03\/2-24x8.png 24w, https:\/\/aluksne.lv\/wp-content\/uploads\/2016\/03\/2-36x12.png 36w, https:\/\/aluksne.lv\/wp-content\/uploads\/2016\/03\/2-48x16.png 48w\" sizes=\"auto, (max-width: 400px) 100vw, 400px\" \/><\/a><\/p>\n<p>IA Latvijas Lauku konsult\u0101ciju un izgl\u012bt\u012bbas centrs ir organiz\u0101cija, kas sniedz lauku uz\u0146\u0113m\u0113jiem, organiz\u0101cij\u0101m un iedz\u012bvot\u0101jiem nozares ra\u017eo\u0161anas procesu, gr\u0101matved\u012bbas un biznesa pl\u0101no\u0161anas konsult\u0101cijas un pakalpojumus, k\u0101 ar\u012b veic p\u0113t\u012bjumus, izgl\u012bto\u0161anu un inform\u0113\u0161anu. M\u016bsu darbinieki darbojas 26 re\u0123ion\u0101laj\u0101s strukt\u016brvien\u012bb\u0101s, ar\u012b Al\u016bksn\u0113, D\u0101rza iel\u0101 11, 1.st\u0101vs, kabineti nr. 114.,115.,116. un 117.<\/p>\n<p><a href=\"http:\/\/www.lad.gov.lv\/lv\/\" target=\"_blank\" rel=\"attachment noopener wp-att-967\"><img loading=\"lazy\" decoding=\"async\" class=\"wp-image-967 aligncenter\" src=\"http:\/\/aluksne.lv\/jauna1\/wp-content\/uploads\/2016\/03\/3.jpg\" alt=\"3\" width=\"401\" height=\"172\" srcset=\"https:\/\/aluksne.lv\/wp-content\/uploads\/2016\/03\/3.jpg 1222w, https:\/\/aluksne.lv\/wp-content\/uploads\/2016\/03\/3-300x129.jpg 300w, https:\/\/aluksne.lv\/wp-content\/uploads\/2016\/03\/3-768x329.jpg 768w, https:\/\/aluksne.lv\/wp-content\/uploads\/2016\/03\/3-1024x439.jpg 1024w, https:\/\/aluksne.lv\/wp-content\/uploads\/2016\/03\/3-24x10.jpg 24w, https:\/\/aluksne.lv\/wp-content\/uploads\/2016\/03\/3-36x15.jpg 36w, https:\/\/aluksne.lv\/wp-content\/uploads\/2016\/03\/3-48x21.jpg 48w, https:\/\/aluksne.lv\/wp-content\/uploads\/2016\/03\/3-700x300.jpg 700w\" sizes=\"auto, (max-width: 401px) 100vw, 401px\" \/><\/a><\/p>\n<p>Lauku atbalsta dienests (LAD) ir valsts tie\u0161\u0101s p\u0101rvaldes iest\u0101de, kas ir atbild\u012bga par vienotu valsts un Eiropas Savien\u012bbas (ES) atbalsta politikas \u012bsteno\u0161anu Latvij\u0101, uzrauga normat\u012bvo aktu iev\u0113ro\u0161anu lauksaimniec\u012bbas jom\u0101 un pilda citas ar lauksaimniec\u012bbas un lauku atbalsta politikas realiz\u0101ciju saist\u012btas funkcijas.<\/p>\n<p>D\u0101rza iela 11, 1.st\u0101vs, 110.kab.<\/p>\n<p><a href=\"http:\/\/aluksne.lv\/index.php\/uznemejdarbiba\/atbalsta-programmas\/\" target=\"_blank\" rel=\"attachment noopener wp-att-968\"><img loading=\"lazy\" decoding=\"async\" class=\"size-full wp-image-968 aligncenter\" src=\"http:\/\/aluksne.lv\/jauna1\/wp-content\/uploads\/2016\/03\/4.jpg\" alt=\"4\" width=\"325\" height=\"70\" srcset=\"https:\/\/aluksne.lv\/wp-content\/uploads\/2016\/03\/4.jpg 325w, https:\/\/aluksne.lv\/wp-content\/uploads\/2016\/03\/4-300x65.jpg 300w, https:\/\/aluksne.lv\/wp-content\/uploads\/2016\/03\/4-24x5.jpg 24w, https:\/\/aluksne.lv\/wp-content\/uploads\/2016\/03\/4-36x8.jpg 36w, https:\/\/aluksne.lv\/wp-content\/uploads\/2016\/03\/4-48x10.jpg 48w\" sizes=\"auto, (max-width: 325px) 100vw, 325px\" \/><\/a><\/p>\n<p>Al\u016bksnes novada pa\u0161vald\u012bbas Centr\u0101l\u0101s administr\u0101cijas uz\u0146\u0113m\u0113jdarb\u012bbas atbalsta speci\u0101liste Inese Z\u012bmele- Jauni\u0146a<\/p>\n<p>T.: 25425222, e-pasts: inese.zimele@aluksne.lv<\/p>\n<p>Br\u016b\u017ea iela 7, Al\u016bksne<\/p>\n<p>&nbsp;<\/p>\n<p><img loading=\"lazy\" decoding=\"async\" class=\"aligncenter wp-image-47150 \" src=\"https:\/\/aluksne.lv\/wp-content\/uploads\/2024\/02\/LIAA-logo-RGB_Lat-pilnais-800x283.png\" alt=\"Latvijas Invest\u012bciju un att\u012bst\u012bbas a\u0123ent\u016bras logo\" width=\"498\" height=\"176\" srcset=\"https:\/\/aluksne.lv\/wp-content\/uploads\/2024\/02\/LIAA-logo-RGB_Lat-pilnais-800x283.png 800w, https:\/\/aluksne.lv\/wp-content\/uploads\/2024\/02\/LIAA-logo-RGB_Lat-pilnais-1024x362.png 1024w, https:\/\/aluksne.lv\/wp-content\/uploads\/2024\/02\/LIAA-logo-RGB_Lat-pilnais-768x272.png 768w, https:\/\/aluksne.lv\/wp-content\/uploads\/2024\/02\/LIAA-logo-RGB_Lat-pilnais-1536x543.png 1536w, https:\/\/aluksne.lv\/wp-content\/uploads\/2024\/02\/LIAA-logo-RGB_Lat-pilnais-2048x724.png 2048w, https:\/\/aluksne.lv\/wp-content\/uploads\/2024\/02\/LIAA-logo-RGB_Lat-pilnais-1170x414.png 1170w\" sizes=\"auto, (max-width: 498px) 100vw, 498px\" \/><\/p>\n<p><strong>LIAA p\u0101rst\u0101vniec\u012bba Al\u016bksn\u0113<\/strong><\/p>\n<p>Latvijas Invest\u012bciju un att\u012bst\u012bbas a\u0123ent\u016bras (LIAA) p\u0101rst\u0101vniec\u012bba Al\u016bksn\u0113 ir papla\u0161in\u0101jusi sniegto pakalpojumu kl\u0101stu. Maziem un vid\u0113jiem uz\u0146\u0113mumiem ir pieejams jauns atbalsts uz\u0146\u0113m\u0113jdarb\u012bbas att\u012bst\u012bbai, inov\u0101cij\u0101m un eksportam. Atbalsta programmas m\u0113r\u0137is ir nodro\u0161in\u0101t finans\u0113juma pieejam\u012bbu biznesa idejas \u012bsteno\u0161anai un uz\u0146\u0113m\u0113jdarb\u012bbas att\u012bst\u012bbai Latvij\u0101, veicinot aktivit\u0101tes, kas v\u0113rstas uz inovat\u012bvo komersantu \u012bpatsvara paaugstin\u0101\u0161anu ekonomik\u0101 un sekm\u0113 uz\u0146\u0113m\u0113jdarb\u012bbu.<\/p>\n<p>LIAA p\u0101rst\u0101vniec\u012bb\u0101 Al\u016bksn\u0113 ir pieejama kopstr\u0101des telpa jeb atv\u0113rtais birojs, kur p\u0101rst\u0101vniec\u012bbas klienti un viesi var gan str\u0101d\u0101t, gan tikties ar sadarb\u012bbas partneriem un klientiem, gan izmantot kopstr\u0101des telpas apr\u012bkojumu (printeris, skeneris u.c.), k\u0101 ar\u012b apmekl\u0113t kopstr\u0101des telp\u0101 notieko\u0161os semin\u0101rus un pas\u0101kumus.<\/p>\n<p>Piesakies konsult\u0101cijai un uzzini vair\u0101k par LIAA p\u0101rst\u0101vniec\u012bbas Al\u016bksn\u0113 pied\u0101v\u0101taj\u0101m iesp\u0113j\u0101m.<\/p>\n<p><strong>Kontaktinform\u0101cija:<\/strong><\/p>\n<p>aluksne@liaa.gov.lv<\/p>\n<p>+371 28391981<\/p>\n<p>D\u0101rza iela 11, Al\u016bksne, Al\u016bksnes novads, LV-4301<\/p>\n<p><a href=\"https:\/\/www.facebook.com\/LIAAMadona\">LIAA p\u0101rst\u0101vniec\u012bba Al\u016bksn\u0113<\/a><\/p>\n<p>Pla\u0161\u0101k par atbalsta programm\u0101m: <a href=\"https:\/\/business.gov.lv\/atbalsta-programmas\">https:\/\/business.gov.lv\/atbalsta-programmas<\/a><\/p>\n<p>&nbsp;<\/p>\n<p><a href=\"https:\/\/www.altum.lv\/lv\" target=\"_blank\" rel=\"attachment noopener wp-att-971\"><img loading=\"lazy\" decoding=\"async\" class=\" wp-image-971 aligncenter\" src=\"http:\/\/aluksne.lv\/jauna1\/wp-content\/uploads\/2016\/03\/7.jpg\" alt=\"7\" width=\"305\" height=\"168\" srcset=\"https:\/\/aluksne.lv\/wp-content\/uploads\/2016\/03\/7.jpg 430w, https:\/\/aluksne.lv\/wp-content\/uploads\/2016\/03\/7-300x165.jpg 300w, https:\/\/aluksne.lv\/wp-content\/uploads\/2016\/03\/7-24x13.jpg 24w, https:\/\/aluksne.lv\/wp-content\/uploads\/2016\/03\/7-36x20.jpg 36w, https:\/\/aluksne.lv\/wp-content\/uploads\/2016\/03\/7-48x26.jpg 48w\" sizes=\"auto, (max-width: 305px) 100vw, 305px\" \/><\/a><\/p>\n<p>ALTUM ir valstij piedero\u0161a att\u012bst\u012bbas finan\u0161u instit\u016bcija, kas finan\u0161u instrumentu veid\u0101 (ar aizdevumiem, garantij\u0101m, ieguld\u012bjumiem riska kapit\u0101la fondos u. c.) sniedz valsts atbalstu noteikt\u0101m m\u0113r\u0137a grup\u0101m.<\/p>\n<p><a href=\"https:\/\/www.chamber.lv\/\" target=\"_blank\" rel=\"attachment noopener wp-att-972\"><img loading=\"lazy\" decoding=\"async\" class=\" wp-image-972 aligncenter\" src=\"http:\/\/aluksne.lv\/jauna1\/wp-content\/uploads\/2016\/03\/8.png\" alt=\"8\" width=\"502\" height=\"177\" srcset=\"https:\/\/aluksne.lv\/wp-content\/uploads\/2016\/03\/8.png 880w, https:\/\/aluksne.lv\/wp-content\/uploads\/2016\/03\/8-300x106.png 300w, https:\/\/aluksne.lv\/wp-content\/uploads\/2016\/03\/8-768x271.png 768w, https:\/\/aluksne.lv\/wp-content\/uploads\/2016\/03\/8-24x8.png 24w, https:\/\/aluksne.lv\/wp-content\/uploads\/2016\/03\/8-36x13.png 36w, https:\/\/aluksne.lv\/wp-content\/uploads\/2016\/03\/8-48x17.png 48w\" sizes=\"auto, (max-width: 502px) 100vw, 502px\" \/><\/a><\/p>\n<p>Latvijas Tirdzniec\u012bbas un r\u016bpniec\u012bbas kamera (LTRK) ir br\u012bvpr\u0101t\u012bga, politiski neitr\u0101la biedr\u012bba, kur\u0101 apvienoju\u0161ies visu Latvijas re\u0123ionu un tautsaimniec\u012bbas nozaru uz\u0146\u0113mumi. LTRK p\u0101rst\u0101v uz\u0146\u0113m\u0113ju intereses valsts un pa\u0161vald\u012bbu instit\u016bcij\u0101s, k\u0101 ar\u012b sniedz pakalpojumus. LTRK darbojas tr\u012bs jom\u0101s: 1) uz\u0146\u0113m\u0113jdarb\u012bbas vide 2) uz\u0146\u0113mumu konkur\u0113tsp\u0113ja 3) eksports.<\/p>\n<p><a href=\"http:\/\/www.latban.lv\/lv\" target=\"_blank\" rel=\"attachment noopener wp-att-973\"><img loading=\"lazy\" decoding=\"async\" class=\"size-full wp-image-973 aligncenter\" src=\"http:\/\/aluksne.lv\/jauna1\/wp-content\/uploads\/2016\/03\/9.png\" alt=\"9\" width=\"424\" height=\"182\" srcset=\"https:\/\/aluksne.lv\/wp-content\/uploads\/2016\/03\/9.png 424w, https:\/\/aluksne.lv\/wp-content\/uploads\/2016\/03\/9-300x129.png 300w, https:\/\/aluksne.lv\/wp-content\/uploads\/2016\/03\/9-24x10.png 24w, https:\/\/aluksne.lv\/wp-content\/uploads\/2016\/03\/9-36x15.png 36w, https:\/\/aluksne.lv\/wp-content\/uploads\/2016\/03\/9-48x21.png 48w\" sizes=\"auto, (max-width: 424px) 100vw, 424px\" \/><\/a><\/p>\n<p>Latvijas Biznesa E\u0146\u0123e\u013cu T\u012bkls ir biedr\u012bba, kas dibin\u0101ta 2014. gada 29. apr\u012bl\u012b. Biedr\u012bbas m\u0113r\u0137is ir papla\u0161in\u0101t un att\u012bst\u012bt investoru t\u012bklu Latvij\u0101 un atbalst\u012bt jaunus un perspekt\u012bvus projektus. Tie\u0161i t\u0101p\u0113c m\u0113s organiz\u0113jam Invest\u012bciju sesijas, kur\u0101s satiekas investori un jaunie uz\u0146\u0113m\u0113ji.<\/p>\n<p><a href=\"http:\/\/www.lddk.lv\/\" target=\"_blank\" rel=\"attachment noopener wp-att-975\"><img loading=\"lazy\" decoding=\"async\" class=\"wp-image-975 aligncenter\" src=\"http:\/\/aluksne.lv\/jauna1\/wp-content\/uploads\/2016\/03\/10.png\" alt=\"10\" width=\"379\" height=\"182\" srcset=\"https:\/\/aluksne.lv\/wp-content\/uploads\/2016\/03\/10.png 1300w, https:\/\/aluksne.lv\/wp-content\/uploads\/2016\/03\/10-300x144.png 300w, https:\/\/aluksne.lv\/wp-content\/uploads\/2016\/03\/10-768x369.png 768w, https:\/\/aluksne.lv\/wp-content\/uploads\/2016\/03\/10-1024x492.png 1024w, https:\/\/aluksne.lv\/wp-content\/uploads\/2016\/03\/10-24x12.png 24w, https:\/\/aluksne.lv\/wp-content\/uploads\/2016\/03\/10-36x17.png 36w, https:\/\/aluksne.lv\/wp-content\/uploads\/2016\/03\/10-48x23.png 48w\" sizes=\"auto, (max-width: 379px) 100vw, 379px\" \/><\/a><\/p>\n<p>Latvijas Darba dev\u0113ju konfeder\u0101cija (LDDK) ir ietekm\u012bg\u0101k\u0101 darba dev\u0113jus p\u0101rst\u0101vo\u0161\u0101 organiz\u0101cija Latvij\u0101. LDDK ir soci\u0101li \u2013 ekonomisko sarunu partneris Saeimai, Ministru kabinetam un Latvijas Br\u012bvo arodbiedr\u012bbu savien\u012bbai.<\/p>\n<p><a href=\"http:\/\/www.lbas.lv\/\" target=\"_blank\" rel=\"attachment noopener wp-att-974\"><img loading=\"lazy\" decoding=\"async\" class=\" wp-image-974 aligncenter\" src=\"http:\/\/aluksne.lv\/jauna1\/wp-content\/uploads\/2016\/03\/10.jpg\" alt=\"10\" width=\"354\" height=\"236\" srcset=\"https:\/\/aluksne.lv\/wp-content\/uploads\/2016\/03\/10.jpg 476w, https:\/\/aluksne.lv\/wp-content\/uploads\/2016\/03\/10-300x200.jpg 300w, https:\/\/aluksne.lv\/wp-content\/uploads\/2016\/03\/10-24x16.jpg 24w, https:\/\/aluksne.lv\/wp-content\/uploads\/2016\/03\/10-36x24.jpg 36w, https:\/\/aluksne.lv\/wp-content\/uploads\/2016\/03\/10-48x32.jpg 48w\" sizes=\"auto, (max-width: 354px) 100vw, 354px\" \/><\/a><\/p>\n<p>Latvijas Br\u012bvo arodbiedr\u012bbu savien\u012bba (LBAS) ir liel\u0101k\u0101 nevalstisk\u0101 organiz\u0101cija Latvij\u0101, kura apvieno 20 dal\u012bborganiz\u0101cijas un kura \u012bsteno profesion\u0101lu arodbiedr\u012bbas biedru un darba \u0146\u0113m\u0113ju intere\u0161u aizst\u0101v\u012bbu nozaru un starpnozaru l\u012bmen\u012b.<\/p>\n<p><a href=\"http:\/\/esfondi.lv\" target=\"_blank\" rel=\"attachment noopener wp-att-976\"><img loading=\"lazy\" decoding=\"async\" class=\" wp-image-976 aligncenter\" src=\"http:\/\/aluksne.lv\/jauna1\/wp-content\/uploads\/2016\/03\/11.png\" alt=\"11\" width=\"484\" height=\"102\" srcset=\"https:\/\/aluksne.lv\/wp-content\/uploads\/2016\/03\/11.png 717w, https:\/\/aluksne.lv\/wp-content\/uploads\/2016\/03\/11-300x63.png 300w, https:\/\/aluksne.lv\/wp-content\/uploads\/2016\/03\/11-24x5.png 24w, https:\/\/aluksne.lv\/wp-content\/uploads\/2016\/03\/11-36x8.png 36w, https:\/\/aluksne.lv\/wp-content\/uploads\/2016\/03\/11-48x10.png 48w\" sizes=\"auto, (max-width: 484px) 100vw, 484px\" \/><\/a><\/p>\n<p>Liel\u0101kie finan\u0161u instrumenti, kuru ietvaros Latvija sa\u0146em finan\u0161u pal\u012bdz\u012bbu Koh\u0113zijas politikas ietvaros, ir ES strukt\u016brfondi: Eiropas Re\u0123ion\u0101l\u0101s att\u012bst\u012bbas fonds (ERAF), Eiropas Soci\u0101lais fonds (ESF), un Koh\u0113zijas fonds (KF), kuru vad\u012bbu Latvij\u0101 nodro\u0161ina Finan\u0161u ministrija.<\/p>\n<p><a href=\"http:\/\/www.vidzeme.lv\/lv\/vpr_jaunumi\" target=\"_blank\" rel=\"attachment noopener wp-att-977\"><img loading=\"lazy\" decoding=\"async\" class=\"wp-image-977 aligncenter\" src=\"http:\/\/aluksne.lv\/jauna1\/wp-content\/uploads\/2016\/03\/12.jpg\" alt=\"12\" width=\"342\" height=\"242\" srcset=\"https:\/\/aluksne.lv\/wp-content\/uploads\/2016\/03\/12.jpg 648w, https:\/\/aluksne.lv\/wp-content\/uploads\/2016\/03\/12-300x212.jpg 300w, https:\/\/aluksne.lv\/wp-content\/uploads\/2016\/03\/12-24x17.jpg 24w, https:\/\/aluksne.lv\/wp-content\/uploads\/2016\/03\/12-36x25.jpg 36w, https:\/\/aluksne.lv\/wp-content\/uploads\/2016\/03\/12-48x34.jpg 48w\" sizes=\"auto, (max-width: 342px) 100vw, 342px\" \/><\/a><\/p>\n<p>Vidzemes pl\u0101no\u0161anas re\u0123ions (VPR) ir viens no pieciem pl\u0101no\u0161anas re\u0123ioniem Latvij\u0101. VPR organiz\u0113 un \u012bsteno re\u0123iona teritorijas att\u012bst\u012bbas pl\u0101no\u0161anu, k\u0101 ar\u012b nodro\u0161ina re\u0123ion\u0101l\u0101 un viet\u0113j\u0101 l\u012bme\u0146a p\u0101rst\u0101vniec\u012bbu uz\u0146\u0113m\u0113jdarb\u012bbas, nodarbin\u0101t\u012bbas un soci\u0101l\u0101s politikas veido\u0161an\u0101.<\/p>\n<\/div>\n<\/div><\/div><\/div><div id=\"pgc-479-0-1\"  class=\"panel-grid-cell\" >\t\t<style type=\"text\/css\">\n\t\t\t#accordeconck1 { margin:0;padding:0; }\n#accordeconck1 .accordeonck_desc { display:block; }\n#accordeconck1 li.accordeonck { list-style: none;overflow: hidden; margin: 0;}\n#accordeconck1 ul[class^=\"content\"] { margin:0;padding:0;width:auto; }\n#accordeconck1 li.accordeonck > span { position: relative; display: block; }\n#accordeconck1 li.accordeonck.parent > span { padding-right: 20px;}\n#accordeconck1 li.parent > span span.toggler_icon { position: absolute; cursor: pointer; display: block; height: 100%; z-index: 10;right:0; background: url(https:\/\/aluksne.lv\/wp-content\/plugins\/accordeon-menu-ck\/images\/plus.png) center center no-repeat !important;width: 20px;}\n#accordeconck1 li.parent.open > span span.toggler_icon { right:0; background: url(https:\/\/aluksne.lv\/wp-content\/plugins\/accordeon-menu-ck\/images\/minus.png) center center no-repeat !important;}\n#accordeconck1 li.accordeonck.level2 > span { }\n#accordeconck1 li.level3 li.accordeonck > span { }\n#accordeconck1 a.accordeonck { display: block;text-decoration: none; }\n#accordeconck1 a.accordeonck:hover { text-decoration: none; }\n#accordeconck1 li.parent > span a { display: block;outline: none; }\n#accordeconck1 li.parent.open > span a {  }\n#accordeconck1 li.level2.parent > span span.toggler_icon { right:0;display: block;outline: none;background: url(https:\/\/aluksne.lv\/wp-content\/plugins\/accordeon-menu-ck\/images\/plus.png) center center no-repeat !important; }\n#accordeconck1 li.level2.parent.open > span span.toggler_icon { background: url(https:\/\/aluksne.lv\/wp-content\/plugins\/accordeon-menu-ck\/images\/minus.png) center center no-repeat !important; }\n#accordeconck1 li.level2 li.accordeonck.parent > span span.toggler_icon { right:0;display: block;outline: none;background: url(https:\/\/aluksne.lv\/wp-content\/plugins\/accordeon-menu-ck\/images\/plus.png) center center no-repeat !important; }\n#accordeconck1 li.level2 li.accordeonck.open.parent > span span.toggler_icon { background: url(https:\/\/aluksne.lv\/wp-content\/plugins\/accordeon-menu-ck\/images\/minus.png) center center no-repeat !important; }\n#accordeconck1  {\n\tbackground: #86C2DB;\n\tbackground-size: auto;\tbackground-image: -o-linear-gradient(center top,#86C2DB, #86C2DB 100%);\n\tbackground-image: -webkit-gradient(linear, left top, left bottom,from(#86C2DB), color-stop(100%, #86C2DB));\n\tbackground-image: -moz-linear-gradient(center top,#86C2DB, #86C2DB 100%);\n\tbackground-image: linear-gradient(to bottom,#86C2DB, #86C2DB 100%);\n\tborder-top: none;\n\tborder-bottom: none;\n\tborder-left: none;\n\tborder-right: none;\n\tpadding-top: 5px;\n\tpadding-right: 5px;\n\tpadding-bottom: 5px;\n\tpadding-left: 5px;\n\tfont-family: ;\n}\n\n#accordeconck1  a {\n\tfont-family: ;\n}\n\n#accordeconck1 li.level1 > span a {\n\tcolor: #FFFFFF;\n\tpadding-top: 5px;\n\tpadding-right: 5px;\n\tpadding-bottom: 5px;\n\tpadding-left: 5px;\n\tfont-size: 15px;\n}\n\n#accordeconck1 li.level1 > span a a {\n\tcolor: #FFFFFF;\n\tfont-size: 15px;\n}\n\n#accordeconck1 li.level1 > span .accordeonck_desc {\n\tfont-size: 10px;\n}\n\n#accordeconck1 li.level1 > span .accordeonck_desc a {\n\tfont-size: 10px;\n}\n\n#accordeconck1 li.level1:hover > span a {\n\tcolor: #000000;\n}\n\n#accordeconck1 li.level1:hover > span a a {\n\tcolor: #000000;\n}\n\n#accordeconck1 li.level1 > ul {\n\tbackground-size: auto;\tfont-family: ;\n}\n\n#accordeconck1 li.level1 > ul a {\n\tfont-family: ;\n}\n\n#accordeconck1 li.level2 > span a {\n\tcolor: #636363;\n\tpadding-top: 5px;\n\tpadding-bottom: 5px;\n\tpadding-left: 15px;\n}\n\n#accordeconck1 li.level2 > span a a {\n\tcolor: #636363;\n}\n\n#accordeconck1 li.level2:hover > span a {\n\tcolor: #000000;\n}\n\n#accordeconck1 li.level2:hover > span a a {\n\tcolor: #000000;\n}\n\n#accordeconck1 li.level2 ul[class^=\"content\"] {\n\tbackground-size: auto;\tfont-family: ;\n}\n\n#accordeconck1 li.level2 ul[class^=\"content\"] a {\n\tfont-family: ;\n}\n\n#accordeconck1 li.level2 li.accordeonck > span a {\n\tcolor: #636363;\n\tpadding-top: 2px;\n\tpadding-bottom: 2px;\n\tpadding-left: 20px;\n}\n\n#accordeconck1 li.level2 li.accordeonck > span a a {\n\tcolor: #636363;\n}\n\n#accordeconck1 li.level2 li.accordeonck:hover > span a {\n\tcolor: #000000;\n}\n\n#accordeconck1 li.level2 li.accordeonck:hover > span a a {\n\tcolor: #000000;\n}\t\t<\/style>\n\t\t<div id=\"panel-479-0-1-0\" class=\"so-panel widget widget_accordeon-menu-ck panel-first-child panel-last-child\" data-index=\"1\" ><ul id=\"accordeconck1\" class=\"menu\"><li id=\"menu-item-2314\" class=\"menu-item menu-item-type-post_type menu-item-object-page accordeonck menu-item-2314 level1\"><span class=\"accordeonck_outer \"><a href=\"https:\/\/aluksne.lv\/index.php\/uznemejdarbiba\/informacija-par-uznemejiem\/\" class=\"accordeonck\">Inform\u0101cija par uz\u0146\u0113m\u0113jiem<\/a><\/span><\/li>\n<li id=\"menu-item-2315\" class=\"menu-item menu-item-type-post_type menu-item-object-page accordeonck menu-item-2315 level1\"><span class=\"accordeonck_outer \"><a href=\"https:\/\/aluksne.lv\/index.php\/uznemejdarbiba\/ka-uzsakt-uznemejdarbibu\/\" class=\"accordeonck\">Uz\u0146\u0113m\u0113jdarb\u012bbas uzs\u0101k\u0161ana<\/a><\/span><\/li>\n<li id=\"menu-item-2319\" class=\"menu-item menu-item-type-post_type menu-item-object-page accordeonck menu-item-2319 level1\"><span class=\"accordeonck_outer \"><a href=\"https:\/\/aluksne.lv\/index.php\/uznemejdarbiba\/atbalsta-programmas\/\" class=\"accordeonck\">Atbalsta instit\u016bcijas uz\u0146\u0113m\u0113jiem<\/a><\/span><\/li>\n<li id=\"menu-item-2317\" class=\"menu-item menu-item-type-post_type menu-item-object-page accordeonck menu-item-2317 level1\"><span class=\"accordeonck_outer \"><a href=\"https:\/\/aluksne.lv\/index.php\/uznemejdarbiba\/uznemejdarbibas-atbalsta-centrs\/\" class=\"accordeonck\">Uz\u0146\u0113m\u0113jdarb\u012bbas atbalsta centrs<\/a><\/span><\/li>\n<li id=\"menu-item-2318\" class=\"menu-item menu-item-type-post_type menu-item-object-page accordeonck menu-item-2318 level1\"><span class=\"accordeonck_outer \"><a href=\"https:\/\/aluksne.lv\/index.php\/uznemejdarbiba\/investiciju-teritorijas\/\" class=\"accordeonck\">Invest\u012bciju teritorijas<\/a><\/span><\/li>\n<li id=\"menu-item-2316\" class=\"menu-item menu-item-type-post_type menu-item-object-page accordeonck menu-item-2316 level1\"><span class=\"accordeonck_outer \"><a href=\"https:\/\/aluksne.lv\/index.php\/uznemejdarbiba\/uznemejdarbibas-statistika\/\" class=\"accordeonck\">Uz\u0146\u0113m\u0113jdarb\u012bbas statistika<\/a><\/span><\/li>\n<\/ul>\t\t<script type=\"text\/javascript\"> <!--\n\t\t\n\t\t\tjQuery(document).ready(function(){\n\t\t\t\tjQuery('#accordeconck1').accordeonmenuck({eventtype : 'click',transition : 'linear',showactive : '1',showactivesubmenu : '0',duree : 500});\n\t\t\t}); \t\t\/\/--> <\/script>\n\t\t<\/div><\/div><\/div><\/div>","protected":false},"excerpt":{"rendered":"<p>Atbalsts uz\u0146\u0113m\u0113jiem Darb\u012bbas m\u0113r\u0137is ir veicin\u0101t teritorijas ilgtsp\u0113j\u012bgu att\u012bst\u012bbu un uzlabot iedz\u012bvot\u0101ju dz\u012bves kvalit\u0101ti. Darb\u012bbas virzieni: Strat\u0113\u0123ija teritorijas ilgtsp\u0113j\u012bgai darb\u012bbai Projekti teritorijas att\u012bst\u012bbai Viet\u0113j\u0101 sadarb\u012bbas platforma LEADER projektu pie\u0146em\u0161ana Starp teritori\u0101l\u0101 sadarb\u012bbu Starptautisk\u0101 sadarb\u012bba Pieredzes apmai\u0146a Informat\u012bvie un izgl\u012btojo\u0161ie pas\u0101kumi&#8230;<br \/><a class=\"read-more-button\" href=\"https:\/\/aluksne.lv\/index.php\/uznemejdarbiba\/atbalsta-programmas\/\">Las\u012bt visu<\/a><\/p>\n","protected":false},"author":1,"featured_media":0,"parent":14,"menu_order":0,"comment_status":"closed","ping_status":"closed","template":"","meta":{"_crdt_document":"","_monsterinsights_skip_tracking":false,"_monsterinsights_sitenote_active":false,"_monsterinsights_sitenote_note":"","_monsterinsights_sitenote_category":0,"footnotes":"","_links_to":"","_links_to_target":""},"class_list":["post-479","page","type-page","status-publish","hentry"],"_links":{"self":[{"href":"https:\/\/aluksne.lv\/index.php\/wp-json\/wp\/v2\/pages\/479","targetHints":{"allow":["GET"]}}],"collection":[{"href":"https:\/\/aluksne.lv\/index.php\/wp-json\/wp\/v2\/pages"}],"about":[{"href":"https:\/\/aluksne.lv\/index.php\/wp-json\/wp\/v2\/types\/page"}],"author":[{"embeddable":true,"href":"https:\/\/aluksne.lv\/index.php\/wp-json\/wp\/v2\/users\/1"}],"replies":[{"embeddable":true,"href":"https:\/\/aluksne.lv\/index.php\/wp-json\/wp\/v2\/comments?post=479"}],"version-history":[{"count":0,"href":"https:\/\/aluksne.lv\/index.php\/wp-json\/wp\/v2\/pages\/479\/revisions"}],"up":[{"embeddable":true,"href":"https:\/\/aluksne.lv\/index.php\/wp-json\/wp\/v2\/pages\/14"}],"wp:attachment":[{"href":"https:\/\/aluksne.lv\/index.php\/wp-json\/wp\/v2\/media?parent=479"}],"curies":[{"name":"wp","href":"https:\/\/api.w.org\/{rel}","templated":true}]}}