{"id":5433,"date":"2018-05-08T07:09:32","date_gmt":"2018-05-08T07:09:32","guid":{"rendered":"http:\/\/aluksne.lv\/?page_id=5433"},"modified":"2024-01-02T13:41:34","modified_gmt":"2024-01-02T11:41:34","slug":"lokalplanojumi","status":"publish","type":"page","link":"https:\/\/aluksne.lv\/index.php\/pasvaldiba\/dokumenti\/lokalplanojumi\/","title":{"rendered":"Lok\u0101lpl\u0101nojumi"},"content":{"rendered":"<div id=\"pl-5433\"  class=\"panel-layout\" ><div id=\"pg-5433-0\"  class=\"panel-grid panel-no-style\" ><div id=\"pgc-5433-0-0\"  class=\"panel-grid-cell\" ><div id=\"panel-5433-0-0-0\" class=\"so-panel widget widget_sow-editor panel-first-child panel-last-child\" data-index=\"0\" ><div\n\t\t\t\n\t\t\tclass=\"so-widget-sow-editor so-widget-sow-editor-base\"\n\t\t\t\n\t\t>\n<div class=\"siteorigin-widget-tinymce textwidget\">\n\t<table class=\"hoverTable\" style=\"width: 99.8538%; height: 235px;\">\n<tbody>\n<tr style=\"height: 50px;\">\n<td style=\"height: 50px;\" width=\"50%\"><a href=\"https:\/\/aluksne.lv\/index.php\/2023\/07\/05\/lokalplanojums-nekustamajam-ipasumam-jaundarzu-iela-6a-aluksne\/\"><strong>Lok\u0101lpl\u0101nojums nekustamajam \u012bpa\u0161umam Jaund\u0101rzu iel\u0101 6A, Al\u016bksn\u0113<\/strong><\/a><\/td>\n<td style=\"height: 50px;\" width=\"50%\"><a href=\"https:\/\/aluksne.lv\/index.php\/2022\/03\/03\/par-lokalplanojuma-kas-groza-aluksnes-novada-teritorijas-planojumu-2015-2027-gadam-izstrades-uzsaksanu-nekustamaja-ipasuma-silakalns-ziemera-pagasta-aluksnes-novada\/\"><b>Par lok\u0101lpl\u0101nojuma, kas groza Al\u016bksnes novada teritorijas pl\u0101nojumu 2015.-2027. gadam, izstr\u0101des uzs\u0101k\u0161anu nekustamaj\u0101 \u012bpa\u0161um\u0101 \u201cSilakalns\u201d, Ziemera pagast\u0101, Al\u016bksnes novad\u0101<\/b><\/a><\/td>\n<\/tr>\n<tr style=\"height: 45px;\">\n<td style=\"height: 45px;\" width=\"50%\"><a href=\"https:\/\/aluksne.lv\/index.php\/2022\/04\/06\/par-lokalplanojuma-kas-groza-aluksnes-novada-teritorijas-planojumu-2015-2027-gadam-izstrades-uzsaksanu\/\"><b>Par lok\u0101lpl\u0101nojuma, kas groza Al\u016bksnes novada teritorijas pl\u0101nojumu 2015.-2027. gadam, izstr\u0101des uzs\u0101k\u0161anu \u012bpa\u0161umos O\u0161u iel\u0101 3, 5, 3A, 3B, Peldu iel\u0101 5A, Al\u016bksn\u0113, Al\u016bksnes novad\u0101<\/b><\/a><\/td>\n<td style=\"height: 45px;\" width=\"50%\"><a href=\"https:\/\/aluksne.lv\/index.php\/2021\/12\/28\/par-lokalplanojuma-izstrades-uzsaksanu-nekustamaja-ipasuma-putni-ziemera-pagasta-aluksnes-novada\/\"><b>Lok\u0101lpl\u0101nojums nekustamajam \u012bpa\u0161umam \u201cPutni\u201d, Ziemera pagast\u0101, Al\u016bksnes novad\u0101<\/b><\/a><\/td>\n<\/tr>\n<tr style=\"height: 45px;\">\n<td style=\"height: 45px;\" width=\"50%\"><a href=\"http:\/\/aluksne.lv\/index.php\/pasvaldiba\/dokumenti\/lokalplanojumi\/lokalplanojums-nekustamajam-ipasumam-jankalna-iela-17a-aluksne\/\">Lok\u0101lpl\u0101nojums nekustamajam \u012bpa\u0161umam J\u0101\u0146kalna iel\u0101 17A, Al\u016bksn\u0113<\/a><\/td>\n<td style=\"height: 45px;\" width=\"50%\"><a href=\"http:\/\/aluksne.lv\/index.php\/pasvaldiba\/dokumenti\/lokalplanojumi\/lokalplanojums-poligonam-lacusils\/\">Lok\u0101lpl\u0101nojums poligonam \u201cL\u0101\u010dusils\u201d<\/a><\/td>\n<\/tr>\n<tr style=\"height: 45px;\">\n<td style=\"height: 45px;\" width=\"33%\"><a href=\"http:\/\/aluksne.lv\/index.php\/2020\/04\/02\/lokalplanojums-nekustamajam-ipasumam-pils-iela-3-aluksne\/\">Lok\u0101lpl\u0101nojums nekustamajam \u012bpa\u0161umam Pils iel\u0101 3, Al\u016bksn\u0113<\/a><\/td>\n<td style=\"height: 45px;\" width=\"33%\"><a href=\"https:\/\/aluksne.lv\/index.php\/2022\/08\/29\/lokalplanojums-nekustamam-ipasumam-alsviku-iela-2-aluksne-aluksnes-novada\/\">Lok\u0101lpl\u0101nojums nekustamam \u012bpa\u0161umam <strong>Alsvi\u0137u iel\u0101 2, Al\u016bksn\u0113<\/strong><\/a><\/td>\n<\/tr>\n<tr style=\"height: 50px;\">\n<td style=\"height: 50px;\"><a href=\"https:\/\/aluksne.lv\/index.php\/2022\/11\/07\/lokalplanojums-kas-groza-aluksnes-novada-teritorijas-planojumu-2015-2027-gadam-ipasumam-malienas-iela-4-aluksne-aluksnes-novada-1-redakcija\/\"><strong>Lok\u0101lpl\u0101nojums, kas groza Al\u016bksnes novada teritorijas pl\u0101nojumu 2015.-2027.gadam \u012bpa\u0161umam Malienas iel\u0101 4, Al\u016bksn\u0113, Al\u016bksnes novad\u0101, 1.redakcija<\/strong><\/a><\/td>\n<td style=\"height: 50px;\"><\/td>\n<\/tr>\n<\/tbody>\n<\/table>\n<p>&nbsp;<\/p>\n<p>&nbsp;<\/p>\n<\/div>\n<\/div><\/div><\/div><div id=\"pgc-5433-0-1\"  class=\"panel-grid-cell\" >\t\t<style type=\"text\/css\">\n\t\t\t#accordeconck1 { margin:0;padding:0; }\n#accordeconck1 .accordeonck_desc { display:block; }\n#accordeconck1 li.accordeonck { list-style: none;overflow: hidden; margin: 0;}\n#accordeconck1 ul[class^=\"content\"] { margin:0;padding:0;width:auto; }\n#accordeconck1 li.accordeonck > span { position: relative; display: block; }\n#accordeconck1 li.accordeonck.parent > span { padding-right: 20px;}\n#accordeconck1 li.parent > span span.toggler_icon { position: absolute; cursor: pointer; display: block; height: 100%; z-index: 10;right:0; background: url(https:\/\/aluksne.lv\/wp-content\/plugins\/accordeon-menu-ck\/images\/plus.png) center center no-repeat !important;width: 20px;}\n#accordeconck1 li.parent.open > span span.toggler_icon { right:0; background: url(https:\/\/aluksne.lv\/wp-content\/plugins\/accordeon-menu-ck\/images\/minus.png) center center no-repeat !important;}\n#accordeconck1 li.accordeonck.level2 > span { }\n#accordeconck1 li.level3 li.accordeonck > span { }\n#accordeconck1 a.accordeonck { display: block;text-decoration: none; }\n#accordeconck1 a.accordeonck:hover { text-decoration: none; }\n#accordeconck1 li.parent > span a { display: block;outline: none; }\n#accordeconck1 li.parent.open > span a {  }\n#accordeconck1 li.level2.parent > span span.toggler_icon { right:0;display: block;outline: none;background: url(https:\/\/aluksne.lv\/wp-content\/plugins\/accordeon-menu-ck\/images\/plus.png) center center no-repeat !important; }\n#accordeconck1 li.level2.parent.open > span span.toggler_icon { background: url(https:\/\/aluksne.lv\/wp-content\/plugins\/accordeon-menu-ck\/images\/minus.png) center center no-repeat !important; }\n#accordeconck1 li.level2 li.accordeonck.parent > span span.toggler_icon { right:0;display: block;outline: none;background: url(https:\/\/aluksne.lv\/wp-content\/plugins\/accordeon-menu-ck\/images\/plus.png) center center no-repeat !important; }\n#accordeconck1 li.level2 li.accordeonck.open.parent > span span.toggler_icon { background: url(https:\/\/aluksne.lv\/wp-content\/plugins\/accordeon-menu-ck\/images\/minus.png) center center no-repeat !important; }\n#accordeconck1  {\n\tbackground: #86C2DB;\n\tbackground-size: auto;\tbackground-image: -o-linear-gradient(center top,#86C2DB, #86C2DB 100%);\n\tbackground-image: -webkit-gradient(linear, left top, left bottom,from(#86C2DB), color-stop(100%, #86C2DB));\n\tbackground-image: -moz-linear-gradient(center top,#86C2DB, #86C2DB 100%);\n\tbackground-image: linear-gradient(to bottom,#86C2DB, #86C2DB 100%);\n\tborder-top: none;\n\tborder-bottom: none;\n\tborder-left: none;\n\tborder-right: none;\n\tpadding-top: 5px;\n\tpadding-right: 5px;\n\tpadding-bottom: 5px;\n\tpadding-left: 5px;\n\tfont-family: ;\n}\n\n#accordeconck1  a {\n\tfont-family: ;\n}\n\n#accordeconck1 li.level1 > span a {\n\tcolor: #FFFFFF;\n\tpadding-top: 5px;\n\tpadding-right: 5px;\n\tpadding-bottom: 5px;\n\tpadding-left: 5px;\n\tfont-size: 15px;\n}\n\n#accordeconck1 li.level1 > span a a {\n\tcolor: #FFFFFF;\n\tfont-size: 15px;\n}\n\n#accordeconck1 li.level1 > span .accordeonck_desc {\n\tfont-size: 10px;\n}\n\n#accordeconck1 li.level1 > span .accordeonck_desc a {\n\tfont-size: 10px;\n}\n\n#accordeconck1 li.level1:hover > span a {\n\tcolor: #000000;\n}\n\n#accordeconck1 li.level1:hover > span a a {\n\tcolor: #000000;\n}\n\n#accordeconck1 li.level1 > ul {\n\tbackground-size: auto;\tfont-family: ;\n}\n\n#accordeconck1 li.level1 > ul a {\n\tfont-family: ;\n}\n\n#accordeconck1 li.level2 > span a {\n\tcolor: #636363;\n\tpadding-top: 5px;\n\tpadding-bottom: 5px;\n\tpadding-left: 15px;\n}\n\n#accordeconck1 li.level2 > span a a {\n\tcolor: #636363;\n}\n\n#accordeconck1 li.level2:hover > span a {\n\tcolor: #000000;\n}\n\n#accordeconck1 li.level2:hover > span a a {\n\tcolor: #000000;\n}\n\n#accordeconck1 li.level2 ul[class^=\"content\"] {\n\tbackground-size: auto;\tfont-family: ;\n}\n\n#accordeconck1 li.level2 ul[class^=\"content\"] a {\n\tfont-family: ;\n}\n\n#accordeconck1 li.level2 li.accordeonck > span a {\n\tcolor: #636363;\n\tpadding-top: 2px;\n\tpadding-bottom: 2px;\n\tpadding-left: 20px;\n}\n\n#accordeconck1 li.level2 li.accordeonck > span a a {\n\tcolor: #636363;\n}\n\n#accordeconck1 li.level2 li.accordeonck:hover > span a {\n\tcolor: #000000;\n}\n\n#accordeconck1 li.level2 li.accordeonck:hover > span a a {\n\tcolor: #000000;\n}\t\t<\/style>\n\t\t<div id=\"panel-5433-0-1-0\" class=\"so-panel widget widget_accordeon-menu-ck panel-first-child panel-last-child\" data-index=\"1\" ><ul id=\"accordeconck1\" class=\"menu\"><li id=\"menu-item-848\" class=\"menu-item menu-item-type-post_type menu-item-object-page accordeonck menu-item-848 level1\"><span class=\"accordeonck_outer \"><a href=\"https:\/\/aluksne.lv\/index.php\/pasvaldiba\/civilas-aizsardzibas-plans\/\" class=\"accordeonck\">Civil\u0101 aizsardz\u012bba<\/a><\/span><\/li>\n<li id=\"menu-item-853\" class=\"menu-item menu-item-type-post_type menu-item-object-page accordeonck menu-item-853 level1\"><span class=\"accordeonck_outer \"><a href=\"https:\/\/aluksne.lv\/index.php\/pasvaldiba\/dokumenti\/ilgtspejigas-attistibas-strategija\/\" class=\"accordeonck\">Ilgtsp\u0113j\u012bgas att\u012bst\u012bbas strat\u0113\u0123ija<\/a><\/span><\/li>\n<li id=\"menu-item-858\" class=\"menu-item menu-item-type-post_type menu-item-object-page accordeonck menu-item-858 level1\"><span class=\"accordeonck_outer \"><a href=\"https:\/\/aluksne.lv\/index.php\/pasvaldiba\/dokumenti\/attistibas-programma\/\" class=\"accordeonck\">Att\u012bst\u012bbas programma<\/a><\/span><\/li>\n<li id=\"menu-item-3860\" class=\"menu-item menu-item-type-post_type menu-item-object-page accordeonck menu-item-3860 level1\"><span class=\"accordeonck_outer \"><a href=\"https:\/\/aluksne.lv\/index.php\/pasvaldiba\/dokumenti\/nekustama-ipasuma-nodoklis\/\" class=\"accordeonck\">Nekustam\u0101 \u012bpa\u0161uma nodoklis<\/a><\/span><\/li>\n<li id=\"menu-item-849\" class=\"menu-item menu-item-type-post_type menu-item-object-page accordeonck menu-item-849 level1\"><span class=\"accordeonck_outer \"><a href=\"https:\/\/aluksne.lv\/index.php\/pasvaldiba\/dokumenti\/delegesanas-ligumi\/\" class=\"accordeonck\">Dele\u0123\u0113\u0161anas l\u012bgumi<\/a><\/span><\/li>\n<li id=\"menu-item-851\" class=\"menu-item menu-item-type-post_type menu-item-object-page accordeonck menu-item-851 level1\"><span class=\"accordeonck_outer \"><a href=\"https:\/\/aluksne.lv\/index.php\/pasvaldiba\/dokumenti\/detalplanojumi\/\" class=\"accordeonck\">Det\u0101lpl\u0101nojumi<\/a><\/span><\/li>\n<li id=\"menu-item-5438\" class=\"menu-item menu-item-type-post_type menu-item-object-page accordeonck menu-item-5438 level1\"><span class=\"accordeonck_outer \"><a href=\"https:\/\/aluksne.lv\/index.php\/pasvaldiba\/dokumenti\/lokalplanojumi\/\" class=\"accordeonck\">Lok\u0101lpl\u0101nojumi<\/a><\/span><\/li>\n<li id=\"menu-item-852\" class=\"menu-item menu-item-type-post_type menu-item-object-page accordeonck menu-item-852 level1\"><span class=\"accordeonck_outer \"><a href=\"https:\/\/aluksne.lv\/index.php\/pasvaldiba\/dokumenti\/dokumenti-par-pasvaldibas-ielam-un-autoceliem\/\" class=\"accordeonck\">Dokumenti par pa\u0161vald\u012bbas iel\u0101m un autoce\u013ciem<\/a><\/span><\/li>\n<li id=\"menu-item-850\" class=\"menu-item menu-item-type-post_type menu-item-object-page accordeonck menu-item-850 level1\"><span class=\"accordeonck_outer \"><a href=\"https:\/\/aluksne.lv\/index.php\/pasvaldiba\/dokumenti\/derigo-izraktenu-ieguves-atlaujas\/\" class=\"accordeonck\">Der\u012bgo izrakte\u0146u ieguves at\u013caujas<\/a><\/span><\/li>\n<li id=\"menu-item-857\" class=\"menu-item menu-item-type-post_type menu-item-object-page accordeonck menu-item-857 level1\"><span class=\"accordeonck_outer \"><a href=\"https:\/\/aluksne.lv\/index.php\/pasvaldiba\/dokumenti\/teritorijas-planojumi\/\" class=\"accordeonck\">Teritorijas pl\u0101nojums<\/a><\/span><\/li>\n<li id=\"menu-item-854\" class=\"menu-item menu-item-type-post_type menu-item-object-page accordeonck menu-item-854 level1\"><span class=\"accordeonck_outer \"><a href=\"https:\/\/aluksne.lv\/index.php\/pasvaldiba\/dokumenti\/nolikumi\/\" class=\"accordeonck\">Nolikumi<\/a><\/span><\/li>\n<li id=\"menu-item-855\" class=\"menu-item menu-item-type-post_type menu-item-object-page accordeonck menu-item-855 level1\"><span class=\"accordeonck_outer \"><a href=\"https:\/\/aluksne.lv\/index.php\/pasvaldiba\/dokumenti\/saistosie-noteikumi\/\" class=\"accordeonck\">Saisto\u0161ie noteikumi<\/a><\/span><\/li>\n<li id=\"menu-item-847\" class=\"menu-item menu-item-type-post_type menu-item-object-page accordeonck menu-item-847 level1\"><span class=\"accordeonck_outer \"><a href=\"https:\/\/aluksne.lv\/index.php\/pasvaldiba\/dokumenti\/citi-dokumenti\/\" class=\"accordeonck\">Citi dokumenti<\/a><\/span><\/li>\n<\/ul>\t\t<script type=\"text\/javascript\"> <!--\n\t\t\n\t\t\tjQuery(document).ready(function(){\n\t\t\t\tjQuery('#accordeconck1').accordeonmenuck({eventtype : 'click',transition : 'linear',showactive : '1',showactivesubmenu : '0',duree : 500});\n\t\t\t}); \t\t\/\/--> <\/script>\n\t\t<\/div><\/div><\/div><\/div>","protected":false},"excerpt":{"rendered":"<p>Lok\u0101lpl\u0101nojums nekustamajam \u012bpa\u0161umam Jaund\u0101rzu iel\u0101 6A, Al\u016bksn\u0113 Par lok\u0101lpl\u0101nojuma, kas groza Al\u016bksnes novada teritorijas pl\u0101nojumu 2015.-2027. gadam, izstr\u0101des uzs\u0101k\u0161anu nekustamaj\u0101 \u012bpa\u0161um\u0101 \u201cSilakalns\u201d, Ziemera pagast\u0101, Al\u016bksnes novad\u0101 Par lok\u0101lpl\u0101nojuma, kas groza Al\u016bksnes novada teritorijas pl\u0101nojumu 2015.-2027. gadam, izstr\u0101des uzs\u0101k\u0161anu \u012bpa\u0161umos O\u0161u&#8230;<br \/><a class=\"read-more-button\" href=\"https:\/\/aluksne.lv\/index.php\/pasvaldiba\/dokumenti\/lokalplanojumi\/\">Las\u012bt visu<\/a><\/p>\n","protected":false},"author":1,"featured_media":0,"parent":352,"menu_order":0,"comment_status":"closed","ping_status":"closed","template":"","meta":{"_crdt_document":"","_monsterinsights_skip_tracking":false,"_monsterinsights_sitenote_active":false,"_monsterinsights_sitenote_note":"","_monsterinsights_sitenote_category":0,"footnotes":"","_links_to":"","_links_to_target":""},"class_list":["post-5433","page","type-page","status-publish","hentry"],"_links":{"self":[{"href":"https:\/\/aluksne.lv\/index.php\/wp-json\/wp\/v2\/pages\/5433","targetHints":{"allow":["GET"]}}],"collection":[{"href":"https:\/\/aluksne.lv\/index.php\/wp-json\/wp\/v2\/pages"}],"about":[{"href":"https:\/\/aluksne.lv\/index.php\/wp-json\/wp\/v2\/types\/page"}],"author":[{"embeddable":true,"href":"https:\/\/aluksne.lv\/index.php\/wp-json\/wp\/v2\/users\/1"}],"replies":[{"embeddable":true,"href":"https:\/\/aluksne.lv\/index.php\/wp-json\/wp\/v2\/comments?post=5433"}],"version-history":[{"count":0,"href":"https:\/\/aluksne.lv\/index.php\/wp-json\/wp\/v2\/pages\/5433\/revisions"}],"up":[{"embeddable":true,"href":"https:\/\/aluksne.lv\/index.php\/wp-json\/wp\/v2\/pages\/352"}],"wp:attachment":[{"href":"https:\/\/aluksne.lv\/index.php\/wp-json\/wp\/v2\/media?parent=5433"}],"curies":[{"name":"wp","href":"https:\/\/api.w.org\/{rel}","templated":true}]}}