{"id":60620,"date":"2026-02-17T09:25:12","date_gmt":"2026-02-17T07:25:12","guid":{"rendered":"https:\/\/aluksne.lv\/?page_id=60620"},"modified":"2026-02-18T16:47:49","modified_gmt":"2026-02-18T14:47:49","slug":"pakalpojumi","status":"publish","type":"page","link":"https:\/\/aluksne.lv\/index.php\/pasvaldiba\/buvvalde\/pakalpojumi\/","title":{"rendered":"Pakalpojumi"},"content":{"rendered":"<div id=\"pl-60620\"  class=\"panel-layout\" ><div id=\"pg-60620-0\"  class=\"panel-grid panel-no-style\" ><div id=\"pgc-60620-0-0\"  class=\"panel-grid-cell panel-grid-cell-empty\" ><\/div><\/div><div id=\"pg-60620-1\"  class=\"panel-grid panel-no-style\" ><div id=\"pgc-60620-1-0\"  class=\"panel-grid-cell\" ><div id=\"panel-60620-1-0-0\" class=\"so-panel widget widget_sow-editor panel-first-child panel-last-child\" data-index=\"0\" ><div\n\t\t\t\n\t\t\tclass=\"so-widget-sow-editor so-widget-sow-editor-base\"\n\t\t\t\n\t\t>\n<div class=\"siteorigin-widget-tinymce textwidget\">\n\t<div id=\"border\">\n<div id=\"wrapper\">\n<div id=\"widus1\">\n<div id=\"side-b\">\n<p>Pamatojoties uz B\u016bvniec\u012bbas likuma 21. pantu, ar 2020. gada 1. janv\u0101ri b\u016bvniec\u012bbas administrat\u012bvais process uzs\u0101kams elektroniski b\u016bvniec\u012bbas inform\u0101cijas sist\u0113m\u0101, l\u012bdz ar to b\u016bvniec\u012bbas ieceres aicin\u0101m iesniegt elektroniski B\u016bvniec\u012bbas inform\u0101cijas sist\u0113m\u0101 (BIS):<br \/>\n<a href=\"https:\/\/bis.gov.lv\/bisp\/lv\" target=\"_blank\" rel=\"noopener noreferrer\">https:\/\/bis.gov.lv\/bisp\/lv<\/a><br \/>\nvai caur <a href=\"https:\/\/latvija.lv\" target=\"_blank\" rel=\"noopener noreferrer\">latvija.lv<\/a><\/p>\n<p>Neskaidr\u012bbu gad\u012bjum\u0101, l\u016bdzam v\u0113rsties pie <a href=\"http:\/\/aluksne.lv\/index.php\/pasvaldiba\/buvvalde\/\">B\u016bvvaldes speci\u0101listiem.<\/a><\/p>\n<p><strong><a href=\"https:\/\/aluksne.lv\/index.php\/pasvaldiba\/pakalpojumi\/buvnieciba\/\">Inform\u0101cija par b\u016bvvaldes pakalpojumiem<\/a><\/strong><\/p>\n<\/div>\n<\/div>\n<div id=\"footer\" class=\"datums2\" align=\"center\"><\/div>\n<\/div>\n<\/div>\n<div id=\"corner\"><\/div>\n<\/div>\n<\/div><\/div><\/div><div id=\"pgc-60620-1-1\"  class=\"panel-grid-cell\" >\t\t<style type=\"text\/css\">\n\t\t\t#accordeconck1 { margin:0;padding:0; }\n#accordeconck1 .accordeonck_desc { display:block; }\n#accordeconck1 li.accordeonck { list-style: none;overflow: hidden; margin: 0;}\n#accordeconck1 ul[class^=\"content\"] { margin:0;padding:0;width:auto; }\n#accordeconck1 li.accordeonck > span { position: relative; display: block; }\n#accordeconck1 li.accordeonck.parent > span { padding-right: 20px;}\n#accordeconck1 li.parent > span span.toggler_icon { position: absolute; cursor: pointer; display: block; height: 100%; z-index: 10;right:0; background: url(https:\/\/aluksne.lv\/wp-content\/plugins\/accordeon-menu-ck\/images\/plus.png) center center no-repeat !important;width: 20px;}\n#accordeconck1 li.parent.open > span span.toggler_icon { right:0; background: url(https:\/\/aluksne.lv\/wp-content\/plugins\/accordeon-menu-ck\/images\/minus.png) center center no-repeat !important;}\n#accordeconck1 li.accordeonck.level2 > span { }\n#accordeconck1 li.level3 li.accordeonck > span { }\n#accordeconck1 a.accordeonck { display: block;text-decoration: none; }\n#accordeconck1 a.accordeonck:hover { text-decoration: none; }\n#accordeconck1 li.parent > span a { display: block;outline: none; }\n#accordeconck1 li.parent.open > span a {  }\n#accordeconck1 li.level2.parent > span span.toggler_icon { right:0;display: block;outline: none;background: url(https:\/\/aluksne.lv\/wp-content\/plugins\/accordeon-menu-ck\/images\/plus.png) center center no-repeat !important; }\n#accordeconck1 li.level2.parent.open > span span.toggler_icon { background: url(https:\/\/aluksne.lv\/wp-content\/plugins\/accordeon-menu-ck\/images\/minus.png) center center no-repeat !important; }\n#accordeconck1 li.level2 li.accordeonck.parent > span span.toggler_icon { right:0;display: block;outline: none;background: url(https:\/\/aluksne.lv\/wp-content\/plugins\/accordeon-menu-ck\/images\/plus.png) center center no-repeat !important; }\n#accordeconck1 li.level2 li.accordeonck.open.parent > span span.toggler_icon { background: url(https:\/\/aluksne.lv\/wp-content\/plugins\/accordeon-menu-ck\/images\/minus.png) center center no-repeat !important; }\n#accordeconck1  {\n\tbackground: #86C2DB;\n\tbackground-size: auto;\tbackground-image: -o-linear-gradient(center top,#86C2DB, #86C2DB 100%);\n\tbackground-image: -webkit-gradient(linear, left top, left bottom,from(#86C2DB), color-stop(100%, #86C2DB));\n\tbackground-image: -moz-linear-gradient(center top,#86C2DB, #86C2DB 100%);\n\tbackground-image: linear-gradient(to bottom,#86C2DB, #86C2DB 100%);\n\tborder-top: none;\n\tborder-bottom: none;\n\tborder-left: none;\n\tborder-right: none;\n\tpadding-top: 5px;\n\tpadding-right: 5px;\n\tpadding-bottom: 5px;\n\tpadding-left: 5px;\n\tfont-family: ;\n}\n\n#accordeconck1  a {\n\tfont-family: ;\n}\n\n#accordeconck1 li.level1 > span a {\n\tcolor: #FFFFFF;\n\tpadding-top: 5px;\n\tpadding-right: 5px;\n\tpadding-bottom: 5px;\n\tpadding-left: 5px;\n\tfont-size: 15px;\n}\n\n#accordeconck1 li.level1 > span a a {\n\tcolor: #FFFFFF;\n\tfont-size: 15px;\n}\n\n#accordeconck1 li.level1 > span .accordeonck_desc {\n\tfont-size: 10px;\n}\n\n#accordeconck1 li.level1 > span .accordeonck_desc a {\n\tfont-size: 10px;\n}\n\n#accordeconck1 li.level1:hover > span a {\n\tcolor: #000000;\n}\n\n#accordeconck1 li.level1:hover > span a a {\n\tcolor: #000000;\n}\n\n#accordeconck1 li.level1 > ul {\n\tbackground-size: auto;\tfont-family: ;\n}\n\n#accordeconck1 li.level1 > ul a {\n\tfont-family: ;\n}\n\n#accordeconck1 li.level2 > span a {\n\tcolor: #636363;\n\tpadding-top: 5px;\n\tpadding-bottom: 5px;\n\tpadding-left: 15px;\n}\n\n#accordeconck1 li.level2 > span a a {\n\tcolor: #636363;\n}\n\n#accordeconck1 li.level2:hover > span a {\n\tcolor: #000000;\n}\n\n#accordeconck1 li.level2:hover > span a a {\n\tcolor: #000000;\n}\n\n#accordeconck1 li.level2 ul[class^=\"content\"] {\n\tbackground-size: auto;\tfont-family: ;\n}\n\n#accordeconck1 li.level2 ul[class^=\"content\"] a {\n\tfont-family: ;\n}\n\n#accordeconck1 li.level2 li.accordeonck > span a {\n\tcolor: #636363;\n\tpadding-top: 2px;\n\tpadding-bottom: 2px;\n\tpadding-left: 20px;\n}\n\n#accordeconck1 li.level2 li.accordeonck > span a a {\n\tcolor: #636363;\n}\n\n#accordeconck1 li.level2 li.accordeonck:hover > span a {\n\tcolor: #000000;\n}\n\n#accordeconck1 li.level2 li.accordeonck:hover > span a a {\n\tcolor: #000000;\n}\t\t<\/style>\n\t\t<div id=\"panel-60620-1-1-0\" class=\"so-panel widget widget_accordeon-menu-ck panel-first-child panel-last-child\" data-index=\"1\" ><ul id=\"accordeconck1\" class=\"menu\"><li id=\"menu-item-60650\" class=\"menu-item menu-item-type-post_type menu-item-object-page accordeonck menu-item-60650 level1\"><span class=\"accordeonck_outer \"><a href=\"https:\/\/aluksne.lv\/index.php\/pasvaldiba\/buvvalde\/\" class=\"accordeonck\">B\u016bvvalde<\/a><\/span><\/li>\n<li id=\"menu-item-60651\" class=\"menu-item menu-item-type-post_type menu-item-object-page accordeonck menu-item-60651 level1\"><span class=\"accordeonck_outer \"><a href=\"https:\/\/aluksne.lv\/index.php\/pasvaldiba\/buvvalde\/pirms-buve-un-atjauno\/\" class=\"accordeonck\">Pirms b\u016bv\u0113 un atjauno<\/a><\/span><\/li>\n<li id=\"menu-item-60654\" class=\"menu-item menu-item-type-post_type menu-item-object-page accordeonck menu-item-60654 level1\"><span class=\"accordeonck_outer \"><a href=\"https:\/\/aluksne.lv\/index.php\/pasvaldiba\/buvvalde\/pakalpojumi\/\" class=\"accordeonck\">Pakalpojumi<\/a><\/span><\/li>\n<li id=\"menu-item-60655\" class=\"menu-item menu-item-type-post_type menu-item-object-page accordeonck menu-item-60655 level1\"><span class=\"accordeonck_outer \"><a href=\"https:\/\/aluksne.lv\/index.php\/pasvaldiba\/buvvalde\/dokumenti\/\" class=\"accordeonck\">Normat\u012bvie akti<\/a><\/span><\/li>\n<li id=\"menu-item-60656\" class=\"menu-item menu-item-type-post_type menu-item-object-page accordeonck menu-item-60656 level1\"><span class=\"accordeonck_outer \"><a href=\"https:\/\/aluksne.lv\/index.php\/pasvaldiba\/buvvalde\/iesniegumi\/\" class=\"accordeonck\">Iesniegumi<\/a><\/span><\/li>\n<\/ul>\t\t<script type=\"text\/javascript\"> <!--\n\t\t\n\t\t\tjQuery(document).ready(function(){\n\t\t\t\tjQuery('#accordeconck1').accordeonmenuck({eventtype : 'click',transition : 'linear',showactive : '1',showactivesubmenu : '0',duree : 500});\n\t\t\t}); \t\t\/\/--> <\/script>\n\t\t<\/div><\/div><\/div><\/div>","protected":false},"excerpt":{"rendered":"<p>Pamatojoties uz B\u016bvniec\u012bbas likuma 21. pantu, ar 2020. gada 1. janv\u0101ri b\u016bvniec\u012bbas administrat\u012bvais process uzs\u0101kams elektroniski b\u016bvniec\u012bbas inform\u0101cijas sist\u0113m\u0101, l\u012bdz ar to b\u016bvniec\u012bbas ieceres aicin\u0101m iesniegt elektroniski B\u016bvniec\u012bbas inform\u0101cijas sist\u0113m\u0101 (BIS): https:\/\/bis.gov.lv\/bisp\/lv vai caur latvija.lv Neskaidr\u012bbu gad\u012bjum\u0101, l\u016bdzam v\u0113rsties pie&#8230;<br \/><a class=\"read-more-button\" href=\"https:\/\/aluksne.lv\/index.php\/pasvaldiba\/buvvalde\/pakalpojumi\/\">Las\u012bt visu<\/a><\/p>\n","protected":false},"author":1,"featured_media":0,"parent":395,"menu_order":0,"comment_status":"closed","ping_status":"closed","template":"","meta":{"_crdt_document":"","_monsterinsights_skip_tracking":false,"_monsterinsights_sitenote_active":false,"_monsterinsights_sitenote_note":"","_monsterinsights_sitenote_category":0,"footnotes":"","_links_to":"","_links_to_target":""},"class_list":["post-60620","page","type-page","status-publish","hentry"],"_links":{"self":[{"href":"https:\/\/aluksne.lv\/index.php\/wp-json\/wp\/v2\/pages\/60620","targetHints":{"allow":["GET"]}}],"collection":[{"href":"https:\/\/aluksne.lv\/index.php\/wp-json\/wp\/v2\/pages"}],"about":[{"href":"https:\/\/aluksne.lv\/index.php\/wp-json\/wp\/v2\/types\/page"}],"author":[{"embeddable":true,"href":"https:\/\/aluksne.lv\/index.php\/wp-json\/wp\/v2\/users\/1"}],"replies":[{"embeddable":true,"href":"https:\/\/aluksne.lv\/index.php\/wp-json\/wp\/v2\/comments?post=60620"}],"version-history":[{"count":8,"href":"https:\/\/aluksne.lv\/index.php\/wp-json\/wp\/v2\/pages\/60620\/revisions"}],"predecessor-version":[{"id":60726,"href":"https:\/\/aluksne.lv\/index.php\/wp-json\/wp\/v2\/pages\/60620\/revisions\/60726"}],"up":[{"embeddable":true,"href":"https:\/\/aluksne.lv\/index.php\/wp-json\/wp\/v2\/pages\/395"}],"wp:attachment":[{"href":"https:\/\/aluksne.lv\/index.php\/wp-json\/wp\/v2\/media?parent=60620"}],"curies":[{"name":"wp","href":"https:\/\/api.w.org\/{rel}","templated":true}]}}