{"id":6099,"date":"2018-07-02T11:14:25","date_gmt":"2018-07-02T11:14:25","guid":{"rendered":"http:\/\/aluksne.lv\/?page_id=6099"},"modified":"2025-12-13T19:42:13","modified_gmt":"2025-12-13T17:42:13","slug":"aluksnes-turisma-informacijas-centrs","status":"publish","type":"page","link":"https:\/\/aluksne.lv\/index.php\/pasvaldiba\/socialas-un-citas-iestades\/aluksnes-turisma-informacijas-centrs\/","title":{"rendered":"Al\u016bksnes T\u016brisma inform\u0101cijas centrs"},"content":{"rendered":"<p>\nOj\u0101ra V\u0101cie\u0161a iela 1,<br \/>\nAl\u016bksne, Al\u016bksnes novads<\/p>\n<p><strong>Vad\u012bt\u0101ja: <\/strong>Dace BUMBIERE-AUGULE<br \/>\nT\u0101lrunis: 25779965<br \/>\ne-pasts: tic@aluksne.lv, dace.bumbiere.augule@aluksne.lv<\/p>\n<p><strong>Vad\u012bt\u0101jas vietnieks:<\/strong>\u00a0<br \/>\nT\u0101lrunis:\u00a0<br \/>\ne-pasts:\u00a0<\/p>\n<p><strong>T\u016brisma inform\u0101cijas speci\u0101liste:<\/strong> Vita RENCE<br \/>\nT\u0101lrunis: 25442335<br \/>\ne-pasts: vita.rence@aluksne.lv<\/p>\n<p><strong>T\u016brisma m\u0101rketinga un rekl\u0101mas speci\u0101liste: <\/strong>L\u012bva BULI\u0145A<br \/>\nT\u0101lrunis: 29130280<br \/>\ne-pasts: liva.bulina@aluksne.lv<\/p>\n<p><strong>T\u016brisma inform\u0101cijas speci\u0101liste e<\/strong><strong>kspoz\u012bcij\u0101 &#8220;Al\u016bksnes B\u0101n\u012b\u0161a stacija&#8221;:<\/strong> El\u012bna GRAVA<br \/>\nT\u0101lrunis: 25669604<br \/>\ne-pasts: stacija@aluksne.lv<\/p>\n<p><strong>Ekspoz\u012bcija &#8220;Marienburgas Astotais br\u0101lis&#8221;:<\/strong>\u00a0<br \/>\nT\u0101lrunis: 29149810<br \/>\ne-pasts: astotaisbralis@aluksne.lv\u00a0<\/p>\n<p><strong>eAdrese:<\/strong> _DEFAULT@40900020894<\/p>\n<p><a href=\"http:\/\/www.visitaluksne.lv\/\">www.visitaluksne.lv\/<\/a><\/p>\n","protected":false},"excerpt":{"rendered":"<p>Oj\u0101ra V\u0101cie\u0161a iela 1, Al\u016bksne, Al\u016bksnes novads Vad\u012bt\u0101ja: Dace BUMBIERE-AUGULE T\u0101lrunis: 25779965 e-pasts: tic@aluksne.lv, dace.bumbiere.augule@aluksne.lv Vad\u012bt\u0101jas vietnieks:\u00a0 T\u0101lrunis:\u00a0 e-pasts:\u00a0 T\u016brisma inform\u0101cijas speci\u0101liste: Vita RENCE T\u0101lrunis: 25442335 e-pasts: vita.rence@aluksne.lv T\u016brisma m\u0101rketinga un rekl\u0101mas speci\u0101liste: L\u012bva BULI\u0145A T\u0101lrunis: 29130280 e-pasts: liva.bulina@aluksne.lv T\u016brisma&#8230;<br \/><a class=\"read-more-button\" href=\"https:\/\/aluksne.lv\/index.php\/pasvaldiba\/socialas-un-citas-iestades\/aluksnes-turisma-informacijas-centrs\/\">Las\u012bt visu<\/a><\/p>\n","protected":false},"author":1,"featured_media":0,"parent":393,"menu_order":0,"comment_status":"closed","ping_status":"closed","template":"","meta":{"_crdt_document":"","_monsterinsights_skip_tracking":false,"_monsterinsights_sitenote_active":false,"_monsterinsights_sitenote_note":"","_monsterinsights_sitenote_category":0,"footnotes":"","_links_to":"","_links_to_target":""},"class_list":["post-6099","page","type-page","status-publish","hentry"],"_links":{"self":[{"href":"https:\/\/aluksne.lv\/index.php\/wp-json\/wp\/v2\/pages\/6099","targetHints":{"allow":["GET"]}}],"collection":[{"href":"https:\/\/aluksne.lv\/index.php\/wp-json\/wp\/v2\/pages"}],"about":[{"href":"https:\/\/aluksne.lv\/index.php\/wp-json\/wp\/v2\/types\/page"}],"author":[{"embeddable":true,"href":"https:\/\/aluksne.lv\/index.php\/wp-json\/wp\/v2\/users\/1"}],"replies":[{"embeddable":true,"href":"https:\/\/aluksne.lv\/index.php\/wp-json\/wp\/v2\/comments?post=6099"}],"version-history":[{"count":0,"href":"https:\/\/aluksne.lv\/index.php\/wp-json\/wp\/v2\/pages\/6099\/revisions"}],"up":[{"embeddable":true,"href":"https:\/\/aluksne.lv\/index.php\/wp-json\/wp\/v2\/pages\/393"}],"wp:attachment":[{"href":"https:\/\/aluksne.lv\/index.php\/wp-json\/wp\/v2\/media?parent=6099"}],"curies":[{"name":"wp","href":"https:\/\/api.w.org\/{rel}","templated":true}]}}