{"id":9080,"date":"2019-01-04T08:39:04","date_gmt":"2019-01-04T06:39:04","guid":{"rendered":"http:\/\/aluksne.lv\/?page_id=9080"},"modified":"2021-08-25T11:10:23","modified_gmt":"2021-08-25T08:10:23","slug":"informacija-par-dzestiem-nekustama-ipasuma-nodokla-paradiem-2018","status":"publish","type":"page","link":"https:\/\/aluksne.lv\/index.php\/pasvaldiba\/dokumenti\/nekustama-ipasuma-nodoklis\/informacija-par-dzestiem-nekustama-ipasuma-nodokla-paradiem-2018\/","title":{"rendered":"Inform\u0101cija par dz\u0113stiem nekustam\u0101 \u012bpa\u0161uma nodok\u013ca par\u0101diem 2018"},"content":{"rendered":"<p>&nbsp;<\/p>\n<h4 class=\"moz-quote-pre\"><a href=\"http:\/\/aluksne.lv\/wp-content\/uploads\/2019\/01\/doc00184520190103150219.pdf\">Al\u016bksnes novada pa\u0161vald\u012bbas amatpersonu, kas veic nodok\u013cu administr\u0101cijas funkcijas Al\u016bksnes novada pa\u0161vald\u012bb\u0101, 28.11.2018. l\u0113mums &#8220;Par nekustam\u0101 \u012bpa\u0161uma nodok\u013ca par\u0101da un nokav\u0113juma naudas dz\u0113\u0161anu&#8221;<\/a><\/h4>\n<p>&nbsp;<\/p>\n<h4><a href=\"http:\/\/aluksne.lv\/wp-content\/uploads\/2018\/12\/409.pdf\">Al\u016bksnes novada domes 22.11.2018. l\u0113mums Nr.409 &#8220;Par nekustam\u0101 \u012bpa\u0161uma nodok\u013ca par\u0101da un nokav\u0113juma naudas dz\u0113\u0161anu&#8221;<\/a><\/h4>\n<p>&nbsp;<\/p>\n<h4>Inform\u0101cija par Al\u016bksnes novada pa\u0161vald\u012bbas l\u0113mumiem par dz\u0113stiem nekustam\u0101 \u012bpa\u0161uma nodok\u013ca par\u0101diem<\/h4>\n<table>\n<tbody>\n<tr>\n<td width=\"60\">\n<p><strong>N.p.k.<\/strong><\/p>\n<\/td>\n<td width=\"135\">\n<p><strong>L\u0113muma datums, Nr.<\/strong><\/p>\n<\/td>\n<td width=\"104\">\n<p><strong>\u012apa\u0161uma adrese<\/strong><\/p>\n<\/td>\n<td width=\"66\">\n<p><strong>Nodok\u013ca objekts<\/strong><\/p>\n<\/td>\n<td width=\"92\">\n<p><strong>Pamatpar\u0101da summa EUR<\/strong><\/p>\n<\/td>\n<td width=\"86\">\n<p><strong>Nokav\u0113juma nauda EUR<\/strong><\/p>\n<\/td>\n<td width=\"66\">\n<p><strong>Kop\u0101 EUR<\/strong><\/p>\n<p><strong>\u00a0<\/strong><\/p>\n<\/td>\n<\/tr>\n<tr>\n<td width=\"60\">\n<p>1.<\/p>\n<\/td>\n<td width=\"135\">\n<p>01.03.2018.Nr.1<\/p>\n<\/td>\n<td width=\"104\">\n<p>Darba iela 16-4, Al\u016bksne, Al\u016bksnes nov.<\/p>\n<\/td>\n<td width=\"66\">\n<p>m\u0101joklis<\/p>\n<\/td>\n<td width=\"92\">\n<p>38,87<\/p>\n<\/td>\n<td width=\"86\">\n<p>24,08<\/p>\n<\/td>\n<td width=\"66\">\n<p>62,95<\/p>\n<\/td>\n<\/tr>\n<tr>\n<td width=\"60\">\n<p>2.<\/p>\n<\/td>\n<td width=\"135\">\n<p>06.03.2018.Nr.2<\/p>\n<\/td>\n<td width=\"104\">\n<p>\u201cPuntu\u017ei\u201d, Alsvi\u0137u pag., Al\u016bksnes nov.<\/p>\n<\/td>\n<td width=\"66\">\n<p>zeme<\/p>\n<p>&nbsp;<\/p>\n<p>m\u0101joklis<\/p>\n<\/td>\n<td width=\"92\">\n<p>200,39<\/p>\n<p>&nbsp;<\/p>\n<p>5,85<\/p>\n<\/td>\n<td width=\"86\">\n<p>88,51<\/p>\n<\/td>\n<td width=\"66\">\n<p>294,75<\/p>\n<\/td>\n<\/tr>\n<tr>\n<td width=\"60\">\n<p>3.<\/p>\n<\/td>\n<td width=\"135\">\n<p>17.04.2018.<\/p>\n<p>Nr.ANP\/1-32\/18\/228<\/p>\n<\/td>\n<td width=\"104\">\n<p>\u201cTom\u0101ti\u201d, M\u0101lupes pag., Al\u016bksnes nov.<\/p>\n<\/td>\n<td width=\"66\">\n<p>zeme<\/p>\n<\/td>\n<td width=\"92\">\n<p>14,37<\/p>\n<\/td>\n<td width=\"86\">\n<p>4,79<\/p>\n<\/td>\n<td width=\"66\">\n<p>19,16<\/p>\n<\/td>\n<\/tr>\n<tr>\n<td width=\"60\">\n<p>4.<\/p>\n<\/td>\n<td width=\"135\">\n<p>10.07.2018. Nr.ANP\/1-32\/18\/736<\/p>\n<\/td>\n<td width=\"104\">\n<p>Tirgot\u0101ju iela 8-5, Al\u016bksne, Al\u016bksnes nov.<\/p>\n<\/td>\n<td width=\"66\">\n<p>Zeme<\/p>\n<p>&nbsp;<\/p>\n<p>m\u0101joklis<\/p>\n<\/td>\n<td width=\"92\">\n<p>2,45<\/p>\n<p>&nbsp;<\/p>\n<p>9,28<\/p>\n<\/td>\n<td width=\"86\">\n<p>1,05<\/p>\n<p>&nbsp;<\/p>\n<p>3,57<\/p>\n<\/td>\n<td width=\"66\">\n<p>16,35<\/p>\n<\/td>\n<\/tr>\n<tr>\n<td width=\"60\">\n<p>5.<\/p>\n<\/td>\n<td width=\"135\">\n<p>11.07.2018. Nr.ANP\/1-32\/18\/651<\/p>\n<\/td>\n<td width=\"104\">\n<p>\u201cPedece 1\u201d, M\u0101rkalnes pag, Al\u016bksnes nov.<\/p>\n<\/td>\n<td width=\"66\">\n<p>Zeme<\/p>\n<p>&nbsp;<\/p>\n<p>m\u0101joklis<\/p>\n<\/td>\n<td width=\"92\">\n<p>242,87<\/p>\n<p>&nbsp;<\/p>\n<p>19,56<\/p>\n<\/td>\n<td width=\"86\">\n<p>113,57<\/p>\n<p>&nbsp;<\/p>\n<p>8,74<\/p>\n<\/td>\n<td width=\"66\">\n<p>384,74<\/p>\n<\/td>\n<\/tr>\n<tr>\n<td width=\"60\">\n<p>6.<\/p>\n<\/td>\n<td width=\"135\">\n<p>11.07.2018. Nr.ANP\/1-32\/18\/651<\/p>\n<\/td>\n<td width=\"104\">\n<p>\u201cStella\u201d, Pededzes pag, Al\u016bksnes nov.<\/p>\n<\/td>\n<td width=\"66\">\n<p>Zeme<\/p>\n<p>&nbsp;<\/p>\n<p>m\u0101joklis<\/p>\n<\/td>\n<td width=\"92\">\n<p>85,65<\/p>\n<p>&nbsp;<\/p>\n<p>3,71<\/p>\n<\/td>\n<td width=\"86\">\n<p>50,34<\/p>\n<p>&nbsp;<\/p>\n<p>1,70<\/p>\n<\/td>\n<td width=\"66\">\n<p>141,40<\/p>\n<\/td>\n<\/tr>\n<tr>\n<td width=\"60\">\n<p>7.<\/p>\n<\/td>\n<td width=\"135\">\n<p>12.07.2018. Nr.ANP\/1-32\/18\/898<\/p>\n<\/td>\n<td width=\"104\">\n<p>\u201cPalejas\u201d, Alsvi\u0137u pag, Al\u016bksnes nov.<\/p>\n<\/td>\n<td width=\"66\">\n<p>Zeme<\/p>\n<p>&nbsp;<\/p>\n<p>m\u0101joklis<\/p>\n<\/td>\n<td width=\"92\">\n<p>244,56<\/p>\n<p>&nbsp;<\/p>\n<p>2,11<\/p>\n<\/td>\n<td width=\"86\">\n<p>113,70<\/p>\n<p>&nbsp;<\/p>\n<p>1,03<\/p>\n<\/td>\n<td width=\"66\">\n<p>315,92<\/p>\n<\/td>\n<\/tr>\n<tr>\n<td width=\"60\">\n<p>8.<\/p>\n<\/td>\n<td width=\"135\">\n<p>13.08.2018. Nr.ANP\/1-32\/18\/938<\/p>\n<\/td>\n<td width=\"104\">\n<p>B\u0113rzu iela 7-48, Al\u016bksne, Al\u016bksnes nov.<\/p>\n<\/td>\n<td width=\"66\">\n<p>m\u0101joklis<\/p>\n<\/td>\n<td width=\"92\">\n<p>14,00<\/p>\n<\/td>\n<td width=\"86\">\n<p>1,83<\/p>\n<\/td>\n<td width=\"66\">\n<p>15,83<\/p>\n<\/td>\n<\/tr>\n<tr>\n<td width=\"60\">\n<p>9.<\/p>\n<\/td>\n<td width=\"135\">\n<p>20.08.2018. Nr.ANP\/1-32\/18\/944<\/p>\n<\/td>\n<td width=\"104\">\n<p>Pils iela 38-10, Al\u016bksne, Al\u016bksnes nov.<\/p>\n<\/td>\n<td width=\"66\">\n<p>m\u0101joklis<\/p>\n<\/td>\n<td width=\"92\">\n<p>23,82<\/p>\n<\/td>\n<td width=\"86\">\n<p>13,59<\/p>\n<\/td>\n<td width=\"66\">\n<p>37,41<\/p>\n<\/td>\n<\/tr>\n<tr>\n<td width=\"60\">\n<p>10.<\/p>\n<\/td>\n<td width=\"135\">\n<p>23.08.2018. Nr.ANP\/1-32\/18\/946<\/p>\n<\/td>\n<td width=\"104\">\n<p>\u201c\u0160alkas\u201d, Jaunal\u016bksnes pag, Al\u016bksnes nov.<\/p>\n<\/td>\n<td width=\"66\">\n<p>Zeme<\/p>\n<p>&nbsp;<\/p>\n<p>&nbsp;<\/p>\n<\/td>\n<td width=\"92\">\n<p>259,22<\/p>\n<\/td>\n<td width=\"86\">\n<p>190,43<\/p>\n<\/td>\n<td width=\"66\">\n<p>449,65<\/p>\n<\/td>\n<\/tr>\n<tr>\n<td width=\"60\">\n<p>11.<\/p>\n<\/td>\n<td width=\"135\">\n<p>23.08.2018. Nr.ANP\/1-32\/18\/947<\/p>\n<\/td>\n<td width=\"104\">\n<p>\u201cAusekl\u012b\u0161i\u201d, Alsvi\u0137u pag, Al\u016bksnes nov.<\/p>\n<\/td>\n<td width=\"66\">\n<p>Zeme<\/p>\n<p>&nbsp;<\/p>\n<\/td>\n<td width=\"92\">\n<p>20,10<\/p>\n<\/td>\n<td width=\"86\">\n<p>8,10<\/p>\n<\/td>\n<td width=\"66\">\n<p>28,20<\/p>\n<\/td>\n<\/tr>\n<tr>\n<td width=\"60\">\n<p>12.<\/p>\n<\/td>\n<td width=\"135\">\n<p>23.08.2018. Nr.ANP\/1-32\/18\/948<\/p>\n<\/td>\n<td width=\"104\">\n<p>\u201cJausmas\u201d, Alsvi\u0137u pag, Al\u016bksnes nov.<\/p>\n<\/td>\n<td width=\"66\">\n<p>Zeme<\/p>\n<p>&nbsp;<\/p>\n<\/td>\n<td width=\"92\">\n<p>3,32<\/p>\n<\/td>\n<td width=\"86\">\n<p>3,32<\/p>\n<\/td>\n<td width=\"66\">\n<p>6,64<\/p>\n<\/td>\n<\/tr>\n<tr>\n<td width=\"60\">\n<p>13.<\/p>\n<\/td>\n<td width=\"135\">\n<p>23.08.2018. Nr.ANP\/1-32\/18\/949<\/p>\n<\/td>\n<td width=\"104\">\n<p>\u201cIndzeri-Ozoli\u0146i\u201d, Alsvi\u0137u pag, Al\u016bksnes nov.<\/p>\n<\/td>\n<td width=\"66\">\n<p>Zeme<\/p>\n<p>&nbsp;<\/p>\n<\/td>\n<td width=\"92\">\n<p>67,11<\/p>\n<\/td>\n<td width=\"86\">\n<p>27,04<\/p>\n<\/td>\n<td width=\"66\">\n<p>94,15<\/p>\n<\/td>\n<\/tr>\n<tr>\n<td width=\"60\">\n<p>14.<\/p>\n<\/td>\n<td width=\"135\">\n<p>24.08.2018. Nr.ANP\/1-32\/18\/950<\/p>\n<\/td>\n<td width=\"104\">\n<p>Miera iela 12D, Al\u016bksne, Al\u016bksnes nov.<\/p>\n<\/td>\n<td width=\"66\">\n<p>Zeme<\/p>\n<p>&nbsp;<\/p>\n<p>m\u0101joklis<\/p>\n<p>&nbsp;<\/p>\n<\/td>\n<td width=\"92\">\n<p>36,91<\/p>\n<p>&nbsp;<\/p>\n<p>71,56<\/p>\n<\/td>\n<td width=\"86\">\n<p>16,76<\/p>\n<p>&nbsp;<\/p>\n<p>32,50<\/p>\n<\/td>\n<td width=\"66\">\n<p>157,73<\/p>\n<\/td>\n<\/tr>\n<tr>\n<td width=\"60\">\n<p>15.<\/p>\n<\/td>\n<td width=\"135\">\n<p>29.08.2018. Nr.ANP\/1-32\/18\/951<\/p>\n<\/td>\n<td width=\"104\">\n<p>\u201cDzirkstel\u012btes\u201d, Jaunlaicenes pag, Al\u016bksnes nov.<\/p>\n<\/td>\n<td width=\"66\">\n<p>Zeme<\/p>\n<p>&nbsp;<\/p>\n<p>m\u0101joklis<\/p>\n<p>&nbsp;<\/p>\n<\/td>\n<td width=\"92\">\n<p>231,44<\/p>\n<p>&nbsp;<\/p>\n<p>7,45<\/p>\n<\/td>\n<td width=\"86\">\n<p>171,88<\/p>\n<p>&nbsp;<\/p>\n<p>5,41<\/p>\n<\/td>\n<td width=\"66\">\n<p>415,48<\/p>\n<\/td>\n<\/tr>\n<tr>\n<td width=\"60\">\n<p>16.<\/p>\n<\/td>\n<td width=\"135\">\n<p>10.09.2018. Nr.ANP\/1-32\/18\/963<\/p>\n<\/td>\n<td width=\"104\">\n<p>Liel\u0101 Ezera iela 2C, Al\u016bksne, Al\u016bksnes nov.<\/p>\n<\/td>\n<td width=\"66\">\n<p>\u0113ka<\/p>\n<p>&nbsp;<\/p>\n<\/td>\n<td width=\"92\">\n<p>119,19<\/p>\n<\/td>\n<td width=\"86\">\n<p>114,54<\/p>\n<\/td>\n<td width=\"66\">\n<p>233,73<\/p>\n<\/td>\n<\/tr>\n<tr>\n<td width=\"60\">\n<p>17.<\/p>\n<\/td>\n<td width=\"135\">\n<p>12.09.2018. Nr.ANP\/1-32\/18\/969<\/p>\n<\/td>\n<td width=\"104\">\n<p>\u201cIek\u0161ezers 3\u201d, Al\u016bksne, Al\u016bksnes nov.<\/p>\n<\/td>\n<td width=\"66\">\n<p>Zeme<\/p>\n<p>&nbsp;<\/p>\n<\/td>\n<td width=\"92\">\n<p>6,26<\/p>\n<\/td>\n<td width=\"86\">\n<p>6,26<\/p>\n<\/td>\n<td width=\"66\">\n<p>12,52<\/p>\n<\/td>\n<\/tr>\n<tr>\n<td width=\"60\">\n<p>18.<\/p>\n<\/td>\n<td width=\"135\">\n<p>18.09.2018.Nr.ANP\/1-32\/18\/978<\/p>\n<\/td>\n<td width=\"104\">\n<p>\u201cZabegi\u201d, Pededzes pag., Al\u016bksnes nov.<\/p>\n<\/td>\n<td width=\"66\">\n<p>Zeme<\/p>\n<p>&nbsp;<\/p>\n<\/td>\n<td width=\"92\">\n<p>132,90<\/p>\n<\/td>\n<td width=\"86\">\n<p>132,90<\/p>\n<\/td>\n<td width=\"66\">\n<p>265,80<\/p>\n<\/td>\n<\/tr>\n<tr>\n<td width=\"60\">\n<p>19.<\/p>\n<\/td>\n<td width=\"135\">\n<p>07.12.2018.Nr.ANP\/1-32\/18\/1009<\/p>\n<\/td>\n<td width=\"104\">\n<p>\u201cVaidava 4\u201d, M\u0101rkalnes pag., Al\u016bksnes nov.<\/p>\n<\/td>\n<td width=\"66\">\n<p>Zeme<\/p>\n<p>&nbsp;<\/p>\n<p>m\u0101joklis<\/p>\n<\/td>\n<td width=\"92\">\n<p>36,98<\/p>\n<p>&nbsp;<\/p>\n<p>5,17<\/p>\n<\/td>\n<td width=\"86\">\n<p>22,95<\/p>\n<p>&nbsp;<\/p>\n<p>3,36<\/p>\n<\/td>\n<td width=\"66\">\n<p>59,93<\/p>\n<p>&nbsp;<\/p>\n<p>8,53<\/p>\n<\/td>\n<\/tr>\n<tr>\n<td width=\"60\">\n<p>20.<\/p>\n<\/td>\n<td width=\"135\">\n<p>07.12.2018.Nr.ANP\/1-32\/18\/1010<\/p>\n<\/td>\n<td width=\"104\">\n<p>\u201cZ\u0101\u0123eri\u201d, Ilzenes pag., Al\u016bksnes nov.<\/p>\n<\/td>\n<td width=\"66\">\n<p>Zeme<\/p>\n<p>&nbsp;<\/p>\n<p>m\u0101joklis<\/p>\n<\/td>\n<td width=\"92\">\n<p>30,73<\/p>\n<p>&nbsp;<\/p>\n<p>21,32<\/p>\n<\/td>\n<td width=\"86\">\n<p>21,06<\/p>\n<p>&nbsp;<\/p>\n<p>16,22<\/p>\n<\/td>\n<td width=\"66\">\n<p>51,79<\/p>\n<p>&nbsp;<\/p>\n<p>37,54<\/p>\n<\/td>\n<\/tr>\n<tr>\n<td width=\"60\">\n<p>21.<\/p>\n<\/td>\n<td width=\"135\">\n<p>11.12.2018.Nr.ANP\/1-32\/18\/1014<\/p>\n<\/td>\n<td width=\"104\">\n<p>\u201cSniedzes\u201d, Alsvi\u0137u pag., Al\u016bksnes nov.<\/p>\n<\/td>\n<td width=\"66\">\n<p>Zeme<\/p>\n<p>&nbsp;<\/p>\n<p>m\u0101joklis<\/p>\n<\/td>\n<td width=\"92\">\n<p>20,96<\/p>\n<p>&nbsp;<\/p>\n<p>5,98<\/p>\n<\/td>\n<td width=\"86\">\n<p>16,90<\/p>\n<p>&nbsp;<\/p>\n<p>5,13<\/p>\n<\/td>\n<td width=\"66\">\n<p>37,86<\/p>\n<p>&nbsp;<\/p>\n<p>11,11<\/p>\n<\/td>\n<\/tr>\n<\/tbody>\n<\/table>\n","protected":false},"excerpt":{"rendered":"<p>&nbsp; Al\u016bksnes novada pa\u0161vald\u012bbas amatpersonu, kas veic nodok\u013cu administr\u0101cijas funkcijas Al\u016bksnes novada pa\u0161vald\u012bb\u0101, 28.11.2018. l\u0113mums &#8220;Par nekustam\u0101 \u012bpa\u0161uma nodok\u013ca par\u0101da un nokav\u0113juma naudas dz\u0113\u0161anu&#8221; &nbsp; Al\u016bksnes novada domes 22.11.2018. l\u0113mums Nr.409 &#8220;Par nekustam\u0101 \u012bpa\u0161uma nodok\u013ca par\u0101da un nokav\u0113juma naudas dz\u0113\u0161anu&#8221;&#8230;<br \/><a class=\"read-more-button\" href=\"https:\/\/aluksne.lv\/index.php\/pasvaldiba\/dokumenti\/nekustama-ipasuma-nodoklis\/informacija-par-dzestiem-nekustama-ipasuma-nodokla-paradiem-2018\/\">Las\u012bt visu<\/a><\/p>\n","protected":false},"author":1,"featured_media":0,"parent":3855,"menu_order":0,"comment_status":"closed","ping_status":"closed","template":"","meta":{"_crdt_document":"","_monsterinsights_skip_tracking":false,"_monsterinsights_sitenote_active":false,"_monsterinsights_sitenote_note":"","_monsterinsights_sitenote_category":0,"footnotes":"","_links_to":"","_links_to_target":""},"class_list":["post-9080","page","type-page","status-publish","hentry"],"_links":{"self":[{"href":"https:\/\/aluksne.lv\/index.php\/wp-json\/wp\/v2\/pages\/9080","targetHints":{"allow":["GET"]}}],"collection":[{"href":"https:\/\/aluksne.lv\/index.php\/wp-json\/wp\/v2\/pages"}],"about":[{"href":"https:\/\/aluksne.lv\/index.php\/wp-json\/wp\/v2\/types\/page"}],"author":[{"embeddable":true,"href":"https:\/\/aluksne.lv\/index.php\/wp-json\/wp\/v2\/users\/1"}],"replies":[{"embeddable":true,"href":"https:\/\/aluksne.lv\/index.php\/wp-json\/wp\/v2\/comments?post=9080"}],"version-history":[{"count":0,"href":"https:\/\/aluksne.lv\/index.php\/wp-json\/wp\/v2\/pages\/9080\/revisions"}],"up":[{"embeddable":true,"href":"https:\/\/aluksne.lv\/index.php\/wp-json\/wp\/v2\/pages\/3855"}],"wp:attachment":[{"href":"https:\/\/aluksne.lv\/index.php\/wp-json\/wp\/v2\/media?parent=9080"}],"curies":[{"name":"wp","href":"https:\/\/api.w.org\/{rel}","templated":true}]}}